000
CXUS52 KMLB 010628
CF6SFB
PRELIMINARY LOCAL CLIMATOLOGICAL DATA (WS FORM: F-6)
STATION: SANFORD
MONTH: MAY
YEAR: 2022
LATITUDE: 28 46 N
LONGITUDE: 81 15 W
TEMPERATURE IN F: :PCPN: SNOW: WIND :SUNSHINE: SKY :PK WND
================================================================================
1 2 3 4 5 6A 6B 7 8 9 10 11 12 13 14 15 16 17 18
12Z AVG MX 2MIN
DY MAX MIN AVG DEP HDD CDD WTR SNW DPTH SPD SPD DIR MIN PSBL S-S WX SPD DR
================================================================================
1 86 66 76 1 0 11 0.00 0.0 0 6.0 17 80 M M 2 21 70
2 87 66 77 2 0 12 0.00 0.0 0 6.1 18 110 M M 1 23 100
3 88 69 79 3 0 14 0.00 0.0 0 5.4 17 90 M M 1 21 100
4 91 68 80 4 0 15 T 0.0 0 5.0 16 60 M M 1 20 50
5 93 70 82 6 0 17 0.00 0.0 0 5.8 17 90 M M 2 20 100
6 94 74 84 8 0 19 0.00 0.0 0 10.9 24 250 M M 1 29 260
7 91 71 81 5 0 16 0.03 0.0 0 14.3 26 270 M M 3 3 35 230
8 92 69 81 5 0 16 0.00 0.0 0 9.1 18 280 M M 3 25 250
9 82 64 73 -4 0 8 0.00 0.0 0 10.8 20 40 M M 5 24 40
10 81 62 72 -5 0 7 0.00 0.0 0 9.1 22 30 M M 2 27 20
11 82 62 72 -5 0 7 0.00 0.0 0 11.2 23 20 M M 1 30 30
12 82 64 73 -4 0 8 0.10 0.0 0 8.2 22 30 M M 2 28 30
13 87 63 75 -2 0 10 0.23 0.0 0 4.8 16 100 M M 3 3 20 100
14 90 65 78 1 0 13 0.00 0.0 0 4.2 20 80 M M 1 23 120
15 89 68 79 1 0 14 0.20 0.0 0 5.4 22 80 M M 4 13 29 150
16 90 66 78 0 0 13 0.00 0.0 0 6.7 15 270 M M 1 1 21 240
17 91 70 81 3 0 16 0.54 0.0 0 5.1 24 260 M M 3 138 28 260
18 92 71 82 4 0 17 T 0.0 0 3.8 17 80 M M 1 13 20 80
19 92 72 82 4 0 17 0.00 0.0 0 4.8 16 130 M M 2 19 130
20 86 71 79 1 0 14 1.02 0.0 0 8.6 31 180 M M 4 13 43 160
21 91 69 80 1 0 15 1.44 0.0 0 8.1 31 130 M M 5 138 42 130
22 92 70 81 2 0 16 0.00 0.0 0 9.3 18 140 M M 1 23 130
23 91 74 83 4 0 18 0.00 0.0 0 8.1 16 120 M M 2 20 150
24 92 72 82 3 0 17 0.00 0.0 0 8.6 20 120 M M 1 24 120
25 90 72 81 2 0 16 0.00 0.0 0 9.4 20 110 M M 1 24 110
26 91 72 82 2 0 17 0.00 0.0 0 9.3 20 120 M M 2 23 140
27 90 73 82 2 0 17 0.01 0.0 0 8.8 20 270 M M 4 26 270
28 91 74 83 3 0 18 T 0.0 0 6.3 14 110 M M 3 17 110
29 93 71 82 2 0 17 0.00 0.0 0 6.6 23 140 M M 2 3 27 150
30 91 70 81 1 0 16 0.00 0.0 0 6.3 18 100 M M 0 23 100
31 90 71 81 1 0 16 0.00 0.0 0 7.5 20 70 M M 1 25 80
================================================================================
SM 2768 2139 0 447 3.57 0.0 233.6 M 65
================================================================================
AV 89.3 69.0 7.5 FASTST M M 2 MAX(MPH)
MISC ----> # 31 180 43 160
================================================================================
NOTES:
# LAST OF SEVERAL OCCURRENCES
COLUMN 17 PEAK WIND IN M.P.H.
PRELIMINARY LOCAL CLIMATOLOGICAL DATA (WS FORM: F-6) , PAGE 2
STATION: SANFORD
MONTH: MAY
YEAR: 2022
LATITUDE: 28 46 N
LONGITUDE: 81 15 W
[TEMPERATURE DATA] [PRECIPITATION DATA] SYMBOLS USED IN COLUMN 16
AVERAGE MONTHLY: 79.1 TOTAL FOR MONTH: 3.57 1 = FOG OR MIST
DPTR FM NORMAL: 1.4 DPTR FM NORMAL: 0.26 2 = FOG REDUCING VISIBILITY
HIGHEST: 94 ON 6 GRTST 24HR 1.44 ON 20-21 TO 1/4 MILE OR LESS
LOWEST: 62 ON 11,10 3 = THUNDER
SNOW, ICE PELLETS, HAIL 4 = ICE PELLETS
TOTAL MONTH: 0.0 INCH 5 = HAIL
GRTST 24HR 0.0 6 = FREEZING RAIN OR DRIZZLE
GRTST DEPTH: 0 7 = DUSTSTORM OR SANDSTORM:
VSBY 1/2 MILE OR LESS
8 = SMOKE OR HAZE
[NO. OF DAYS WITH] [WEATHER - DAYS WITH] 9 = BLOWING SNOW
X = TORNADO
MAX 32 OR BELOW: 0 0.01 INCH OR MORE: 8
MAX 90 OR ABOVE: 21 0.10 INCH OR MORE: 6
MIN 32 OR BELOW: 0 0.50 INCH OR MORE: 3
MIN 0 OR BELOW: 0 1.00 INCH OR MORE: 2
[HDD (BASE 65) ]
TOTAL THIS MO. 0 CLEAR (SCALE 0-3) 25
DPTR FM NORMAL 0 PTCLDY (SCALE 4-7) 6
TOTAL FM JUL 1 336 CLOUDY (SCALE 8-10) 0
DPTR FM NORMAL -221
[CDD (BASE 65) ]
TOTAL THIS MO. 447
DPTR FM NORMAL 51 [PRESSURE DATA]
TOTAL FM JAN 1 1005 HIGHEST SLP M ON M
DPTR FM NORMAL 147 LOWEST SLP 29.70 ON 7
[REMARKS]
#FINAL-05-22#
USED SFNF1 FOR THE MIN TEMP ON 5/22 DUE TO ASOS ISSUES