000
CXUS56 KMTR 010900
CF6SFO
PRELIMINARY LOCAL CLIMATOLOGICAL DATA (WS FORM: F-6)
STATION: SAN FRANCISCO AIRPORT
MONTH: JUNE
YEAR: 2023
LATITUDE: 37 37 N
LONGITUDE: 122 23 W
TEMPERATURE IN F: :PCPN: SNOW: WIND :SUNSHINE: SKY :PK WND
================================================================================
1 2 3 4 5 6A 6B 7 8 9 10 11 12 13 14 15 16 17 18
12Z AVG MX 2MIN
DY MAX MIN AVG DEP HDD CDD WTR SNW DPTH SPD SPD DIR MIN PSBL S-S WX SPD DR
================================================================================
1 68 54 61 0 4 0 0.00 M M 11.0 24 240 M M 4 8 33 260
2 68 52 60 -2 5 0 0.00 M M 11.1 24 270 M M 2 8 30 270
3 71 52 62 0 3 0 0.00 M M 10.2 23 300 M M 4 8 28 290
4 69 53 61 -1 4 0 0.00 M M 12.9 23 300 M M 2 18 30 310
5 70 54 62 0 3 0 0.00 M M 9.6 28 200 M M 7 33 200
6 69 60 65 3 0 0 0.01 M M 14.3 24 200 M M 8 32 210
7 70 58 64 2 1 0 0.00 M M 11.6 22 220 M M 5 27 220
8 70 57 64 2 1 0 0.00 M M 11.6 23 290 M M 4 30 280
9 66 56 61 -1 4 0 0.00 M M 12.1 23 270 M M 9 31 300
10 70 55 63 1 2 0 0.00 M M 10.9 22 280 M M 9 26 280
11 70 55 63 1 2 0 0.00 M M 8.2 20 250 M M 6 24 250
12 70 57 64 2 1 0 T M M 9.9 21 210 M M 6 25 200
13 70 57 64 2 1 0 0.00 M M 10.1 22 280 M M 5 27 270
14 71 57 64 2 1 0 0.00 M M 9.6 25 290 M M 6 30 290
15 75 56 66 3 0 1 0.00 M M 10.0 21 300 M M 4 27 280
16 73 57 65 2 0 0 0.00 M M 10.6 23 300 M M 3 8 29 300
17 72 58 65 2 0 0 0.00 M M 11.4 26 300 M M 7 32 290
18 69 57 63 0 2 0 0.00 M M 20.0 35 270 M M 3 45 280
19 66 55 61 -2 4 0 0.00 M M 24.6 33 280 M M 3 43 280
20 69 53 61 -2 4 0 0.00 M M 15.9 32 270 M M 2 1 41 270
21 68 53 61 -2 4 0 0.00 M M 13.4 29 280 M M 3 18 38 270
22 69 54 62 -1 3 0 0.00 M M 10.0 23 220 M M 6 32 240
23 68 58 63 0 2 0 0.00 M M 11.6 23 260 M M 7 28 270
24 67 57 62 -1 3 0 0.00 M M 13.9 25 270 M M 7 35 270
25 65 55 60 -3 5 0 T M M 12.9 21 270 M M 9 8 27 270
26 65 55 60 -3 5 0 0.00 M M 14.1 26 270 M M 9 18 36 280
27 65 54 60 -3 5 0 0.00 M M 13.4 23 280 M M 8 18 30 280
28 65 54 60 -3 5 0 0.00 M M 13.4 25 280 M M 8 18 32 290
29 71 54 63 0 2 0 0.00 M M 11.6 24 310 M M 4 18 30 310
30 71 54 63 0 2 0 0.00 M M 13.4 28 300 M M 2 1 34 300
================================================================================
SM 2070 1661 78 1 0.01 M 373.3 M 162
================================================================================
AV 69.0 55.4 12.4 FASTST M M 5 MAX(MPH)
MISC ----> 35 270 45 280
================================================================================
NOTES:
# LAST OF SEVERAL OCCURRENCES
COLUMN 17 PEAK WIND IN M.P.H.
PRELIMINARY LOCAL CLIMATOLOGICAL DATA (WS FORM: F-6) , PAGE 2
STATION: SAN FRANCISCO AIRPORT
MONTH: JUNE
YEAR: 2023
LATITUDE: 37 37 N
LONGITUDE: 122 23 W
[TEMPERATURE DATA] [PRECIPITATION DATA] SYMBOLS USED IN COLUMN 16
AVERAGE MONTHLY: 62.2 TOTAL FOR MONTH: 0.01 1 = FOG OR MIST
DPTR FM NORMAL: -0.3 DPTR FM NORMAL: -0.13 2 = FOG REDUCING VISIBILITY
HIGHEST: 75 ON 15 GRTST 24HR 0.01 ON 6- 6 TO 1/4 MILE OR LESS
LOWEST: 52 ON 3, 2 3 = THUNDER
SNOW, ICE PELLETS, HAIL 4 = ICE PELLETS
TOTAL MONTH: M 5 = HAIL
GRTST 24HR M ON M 6 = FREEZING RAIN OR DRIZZLE
GRTST DEPTH: M ON M 7 = DUSTSTORM OR SANDSTORM:
VSBY 1/2 MILE OR LESS
8 = SMOKE OR HAZE
[NO. OF DAYS WITH] [WEATHER - DAYS WITH] 9 = BLOWING SNOW
X = TORNADO
MAX 32 OR BELOW: 0 0.01 INCH OR MORE: 1
MAX 90 OR ABOVE: 0 0.10 INCH OR MORE: 0
MIN 32 OR BELOW: 0 0.50 INCH OR MORE: 0
MIN 0 OR BELOW: 0 1.00 INCH OR MORE: 0
[HDD (BASE 65) ]
TOTAL THIS MO. 78 CLEAR (SCALE 0-3) 6
DPTR FM NORMAL -19 PTCLDY (SCALE 4-7) 18
TOTAL FM JUL 1 2599 CLOUDY (SCALE 8-10) 6
DPTR FM NORMAL 122
[CDD (BASE 65) ]
TOTAL THIS MO. 1
DPTR FM NORMAL -22 [PRESSURE DATA]
TOTAL FM JAN 1 6 HIGHEST SLP M ON M
DPTR FM NORMAL -37 LOWEST SLP 29.78 ON 4
[REMARKS]
#FINAL-06-23#