614
CXUS54 KHGX 011510
CF6SGR
PRELIMINARY LOCAL CLIMATOLOGICAL DATA (WS FORM: F-6)
STATION: SUGAR LAND/HULL FLD
MONTH: FEBRUARY
YEAR: 2021
LATITUDE: 29 37 N
LONGITUDE: 95 39 W
TEMPERATURE IN F: :PCPN: SNOW: WIND :SUNSHINE: SKY :PK WND
================================================================================
1 2 3 4 5 6A 6B 7 8 9 10 11 12 13 14 15 16 17 18
12Z AVG MX 2MIN
DY MAX MIN AVG DEP HDD CDD WTR SNW DPTH SPD SPD DIR MIN PSBL S-S WX SPD DR
================================================================================
1 66 43 55 1 10 0 0.00 0.0 0 8.0 17 20 M M 0 22 10
2 69 41 55 1 10 0 0.00 0.0 0 5.6 16 150 M M 0 20 140
3 73 49 61 7 4 0 0.00 0.0 0 9.1 18 140 M M 3 24 170
4 80 59 70 16 0 5 T 0.0 0 11.4 25 210 M M 6 35 210
5 61 49 55 1 10 0 0.16 0.0 0 10.3 23 40 M M 10 1 29 30
6 68 51 60 6 5 0 0.00 0.0 0 6.4 16 20 M M 7 18 23 340
7 68 43 56 2 9 0 0.00 0.0 0 9.1 17 10 M M 0 22 140
8 73 52 63 8 2 0 0.00 0.0 0 9.1 20 140 M M 5 1 24 140
9 76 65 71 16 0 6 0.00 0.0 0 4.8 12 120 M M 10 128 14 110
10 66 47 57 2 8 0 0.04 0.0 0 8.6 16 360 M M 10 18 20 350
11 47 38 43 -12 22 0 0.94 0.0 0 13.9 24 360 M M 10 13 30 360
12 40 35 38 -17 27 0 0.01 0.0 0 14.9 23 360 M M 10 18 31 360
13 41 35 38 -18 27 0 0.02 0.0 0 12.6 20 360 M M 10 18 24 10
14 37 29 33 -23 32 0 0.08 0.0 0 13.0 21 350 M M 9 1 28 350
15 24 16 20 -36 45 0 T M M 14.4 25 340 M M 3 3 35 330
16 43 14 29 -27 36 0 M M M 7.2 14 360 M M 1 M M
17 39 33 36 -20 29 0 0.24 0.0 0 12.7 22 10 M M 9 1 28 30
18 41 31 36 -21 29 0 0.00 0.0 M 14.2 24 360 M M 8 29 10
19 51 26 39 -18 26 0 0.00 0.0 M 6.2 13 330 M M 0 17 340
20 63 29 46 -11 19 0 0.00 0.0 M 6.3 18 140 M M 0 1 28 160
21 73 47 60 3 5 0 0.00 0.0 M 6.5 22 180 M M 6 1 28 180
22 77 49 63 6 2 0 T 0.0 0 6.4 14 10 M M 2 1 18 10
23 81 42 62 4 3 0 0.00 0.0 0 7.8 21 170 M M 0 12 24 160
24 82 55 69 11 0 4 0.00 0.0 0 8.1 17 220 M M 8 24 220
25 74 67 71 13 0 6 0.03 0.0 0 8.6 16 140 M M 10 18 22 140
26 83 58 71 13 0 6 T 0.0 0 9.4 21 170 M M 9 1 26 170
27 82 71 77 19 0 12 T 0.0 0 12.6 23 160 M M 10 1 26 180
28 84 72 78 19 0 13 T 0.0 0 9.9 20 190 M M 10 1 25 200
================================================================================
SM 1762 1246 360 52 1.52 0.0 267.1 M 166
================================================================================
AV 62.9 44.5 9.5 FASTST M M 6 MAX(MPH)
MISC ----> # 25 210 # 35 210
================================================================================
NOTES:
# LAST OF SEVERAL OCCURRENCES
COLUMN 17 PEAK WIND IN M.P.H.
PRELIMINARY LOCAL CLIMATOLOGICAL DATA (WS FORM: F-6) , PAGE 2
STATION: SUGAR LAND/HULL FLD
MONTH: FEBRUARY
YEAR: 2021
LATITUDE: 29 37 N
LONGITUDE: 95 39 W
[TEMPERATURE DATA] [PRECIPITATION DATA] SYMBOLS USED IN COLUMN 16
AVERAGE MONTHLY: 53.7 TOTAL FOR MONTH: 1.52 1 = FOG OR MIST
DPTR FM NORMAL: -2.3 DPTR FM NORMAL: -1.70 2 = FOG REDUCING VISIBILITY
HIGHEST: 84 ON 28 GRTST 24HR 0.94 ON 11-11 TO 1/4 MILE OR LESS
LOWEST: 14 ON 16 3 = THUNDER
SNOW, ICE PELLETS, HAIL 4 = ICE PELLETS
TOTAL MONTH: 0.0 INCH 5 = HAIL
GRTST 24HR 0.0 6 = FREEZING RAIN OR DRIZZLE
GRTST DEPTH: 0 7 = DUSTSTORM OR SANDSTORM:
VSBY 1/2 MILE OR LESS
8 = SMOKE OR HAZE
[NO. OF DAYS WITH] [WEATHER - DAYS WITH] 9 = BLOWING SNOW
X = TORNADO
MAX 32 OR BELOW: 1 0.01 INCH OR MORE: 8
MAX 90 OR ABOVE: 0 0.10 INCH OR MORE: 3
MIN 32 OR BELOW: 6 0.50 INCH OR MORE: 1
MIN 0 OR BELOW: 0 1.00 INCH OR MORE: 0
[HDD (BASE 65) ]
TOTAL THIS MO. 360 CLEAR (SCALE 0-3) 9
DPTR FM NORMAL 88 PTCLDY (SCALE 4-7) 5
TOTAL FM JUL 1 1038 CLOUDY (SCALE 8-10) 14
DPTR FM NORMAL -185
[CDD (BASE 65) ]
TOTAL THIS MO. 52
DPTR FM NORMAL 33 [PRESSURE DATA]
TOTAL FM JAN 1 73 HIGHEST SLP 30.57 ON 19
DPTR FM NORMAL 40 LOWEST SLP 29.77 ON 4
[REMARKS]
#FINAL-02-21#