000
CXUS54 KLZK 011510
CF6SGT
PRELIMINARY LOCAL CLIMATOLOGICAL DATA (WS FORM: F-6)
STATION: STUTTGART AIRPORT
MONTH: NOVEMBER
YEAR: 2020
LATITUDE: 34 35 N
LONGITUDE: 91 34 W
TEMPERATURE IN F: :PCPN: SNOW: WIND :SUNSHINE: SKY :PK WND
================================================================================
1 2 3 4 5 6A 6B 7 8 9 10 11 12 13 14 15 16 17 18
12Z AVG MX 2MIN
DY MAX MIN AVG DEP HDD CDD WTR SNW DPTH SPD SPD DIR MIN PSBL S-S WX SPD DR
================================================================================
1 68 44 56 -2 9 0 0.00 M M 10.5 20 350 M M 0 24 360
2 58 36 47 -10 18 0 0.00 M M 5.9 10 100 M M 0 8 M M
3 70 40 55 -2 10 0 0.00 M M 8.0 12 230 M M 0 M M
4 74 45 60 3 5 0 0.00 M M 7.1 12 190 M M 0 M M
5 74 50 62 6 3 0 T M M 6.5 10 200 M M 0 18 M M
6 74 46 60 4 5 0 0.00 M M 4.4 8 100 M M 0 18 M M
7 79 52 66 11 0 1 0.00 M M 6.7 10 130 M M 3 8 M M
8 82 62 72 17 0 7 0.00 M M 8.3 13 120 M M 5 1 M M
9 79 62 71 16 0 6 0.00 M M 9.2 15 160 M M 5 8 22 140
10 83 63 73 19 0 8 0.00 M M 9.5 14 220 M M 5 M M
11 64 46 55 1 10 0 0.00 M M 11.3 15 350 M M 4 M M
12 67 40 54 0 11 0 T M M 6.0 10 350 M M 1 8 M M
13 63 49 56 3 9 0 T M M 8.0 16 30 M M 5 8 M M
14 77 45 61 8 4 0 0.00 M M 13.1 28 190 M M 3 128 36 180
15 72 44 58 6 7 0 0.22 M M 13.7 30 200 M M 2 1 38 210
16 66 38 52 0 13 0 0.00 M M 4.2 9 240 M M 0 8 M M
17 65 41 53 1 12 0 0.00 M M 8.7 15 30 M M 0 M M
18 68 41 55 4 10 0 0.00 M M 7.9 10 160 M M 0 8 M M
19 71 45 58 7 7 0 0.00 M M 12.1 21 180 M M 0 27 180
20 73 52 63 13 2 0 0.00 M M 6.6 13 170 M M 3 1 M M
21 73 53 63 13 2 0 M M M 5.0 8 180 M M 7 8 M M
22 62 42 52 2 13 0 0.08 M M 8.3 22 350 M M 9 1 30 350
23 56 36 46 -3 19 0 0.06 M M 5.3 9 60 M M 1 M M
24 67 39 53 4 12 0 0.02 M M 10.6 22 170 M M 3 18 33 170
25 67 43 55 6 10 0 0.01 M M 15.3 31 180 M M 5 1 38 180
26 62 37 50 2 15 0 T M M 3.7 8 90 M M 0 128 M M
27 59 44 52 4 13 0 0.01 M M 5.0 15 20 M M 6 128 M M
28 55 41 48 1 17 0 M M M 10.5 16 50 M M 0 M M
29 47 40 44 -3 21 0 0.01 M M 9.6 21 350 M M 8 1 M M
30 45 31 38 -9 27 0 M M M 14.7 24 340 M M 2 33 330
================================================================================
SM 2020 1347 284 22 0.41 M 255.7 M 77
================================================================================
AV 67.3 44.9 8.5 FASTST M M 3 MAX(MPH)
MISC ----> 31 180 38 210
================================================================================
NOTES:
# LAST OF SEVERAL OCCURRENCES
COLUMN 17 PEAK WIND IN M.P.H.
PRELIMINARY LOCAL CLIMATOLOGICAL DATA (WS FORM: F-6) , PAGE 2
STATION: STUTTGART AIRPORT
MONTH: NOVEMBER
YEAR: 2020
LATITUDE: 34 35 N
LONGITUDE: 91 34 W
[TEMPERATURE DATA] [PRECIPITATION DATA] SYMBOLS USED IN COLUMN 16
AVERAGE MONTHLY: 56.1 TOTAL FOR MONTH: 0.41 1 = FOG OR MIST
DPTR FM NORMAL: 3.9 DPTR FM NORMAL: -4.39 2 = FOG REDUCING VISIBILITY
HIGHEST: 83 ON 10 GRTST 24HR 0.22 ON 15-15 TO 1/4 MILE OR LESS
LOWEST: 31 ON 30 3 = THUNDER
SNOW, ICE PELLETS, HAIL 4 = ICE PELLETS
TOTAL MONTH: M 5 = HAIL
GRTST 24HR M ON M 6 = FREEZING RAIN OR DRIZZLE
GRTST DEPTH: M ON M 7 = DUSTSTORM OR SANDSTORM:
VSBY 1/2 MILE OR LESS
8 = SMOKE OR HAZE
[NO. OF DAYS WITH] [WEATHER - DAYS WITH] 9 = BLOWING SNOW
X = TORNADO
MAX 32 OR BELOW: 0 0.01 INCH OR MORE: 7
MAX 90 OR ABOVE: 0 0.10 INCH OR MORE: 1
MIN 32 OR BELOW: 1 0.50 INCH OR MORE: 0
MIN 0 OR BELOW: 0 1.00 INCH OR MORE: 0
[HDD (BASE 65) ]
TOTAL THIS MO. 284 CLEAR (SCALE 0-3) 20
DPTR FM NORMAL -109 PTCLDY (SCALE 4-7) 8
TOTAL FM JUL 1 468 CLOUDY (SCALE 8-10) 2
DPTR FM NORMAL -86
[CDD (BASE 65) ]
TOTAL THIS MO. 22
DPTR FM NORMAL 15 [PRESSURE DATA]
TOTAL FM JAN 1 1969 HIGHEST SLP 30.59 ON 2
DPTR FM NORMAL -69 LOWEST SLP 29.73 ON 15
[REMARKS]
#FINAL-11-20#