000
CXUS55 KBYZ 011100
CF6SHR
PRELIMINARY LOCAL CLIMATOLOGICAL DATA (WS FORM: F-6)
STATION: SHERIDAN WY
MONTH: FEBRUARY
YEAR: 2021
LATITUDE: 44 46 N
LONGITUDE: 106 58 W
TEMPERATURE IN F: :PCPN: SNOW: WIND :SUNSHINE: SKY :PK WND
================================================================================
1 2 3 4 5 6A 6B 7 8 9 10 11 12 13 14 15 16 17 18
12Z AVG MX 2MIN
DY MAX MIN AVG DEP HDD CDD WTR SNW DPTH SPD SPD DIR MIN PSBL S-S WX SPD DR
================================================================================
1 58 16 37 13 28 0 0.00 M M 3.0 9 310 M M 0 13 130
2 60 25 43 18 22 0 0.00 M M 3.5 20 220 M M 1 23 240
3 55 16 36 11 29 0 0.18 M M 11.5 35 300 M M 6 12 40 310
4 34 15 25 0 40 0 0.01 M M 13.6 35 310 M M 9 1 40 310
5 32 17 25 0 40 0 0.28 M M 8.7 28 310 M M 10 18 33 320
6 17 2 10 -15 55 0 0.21 M M 7.0 32 320 M M 10 18 38 310
7 7 -13 -3 -28 68 0 0.10 M M 10.5 23 300 M M 9 18 29 310
8 2 -15 -6 -31 71 0 0.03 M M 6.9 21 300 M M 8 8 23 310
9 1 -16 -7 -32 72 0 T M M 3.4 13 300 M M 7 18 14 300
10 5 -11 -3 -28 68 0 0.08 M M 4.8 13 290 M M 7 8 14 290
11 -5 -15 -10 -36 75 0 0.14 M M 9.6 17 310 M M 10 8 29 210
12 -1 -13 -7 -33 72 0 0.08 M M 1.8 12 300 M M 10 8 13 300
13 -3 -27 -15 -41 80 0 0.00 M M 2.1 9 50 M M 4 18 10 50
14 -3 -27 -15 -41 80 0 0.00 M M 3.9 8 300 M M 4 8 9 300
15 12 -7 3 -23 62 0 0.00 M M 1.5 6 220 M M 7 7 290
16 27 4 16 -10 49 0 0.14 M M 3.5 17 310 M M 10 18 21 310
17 31 14 23 -4 42 0 0.07 M M 7.8 22 340 M M 9 18 27 330
18 26 -2 12 -15 53 0 T M M 2.2 7 180 M M 4 128 8 180
19 39 -3 18 -9 47 0 0.00 M M 4.5 26 250 M M 4 32 250
20 39 14 27 -1 38 0 0.00 M M 5.9 20 310 M M 4 24 310
21 43 12 28 0 37 0 0.00 M M 6.8 26 250 M M 3 40 270
22 53 35 44 16 21 0 0.00 M M 12.4 41 280 M M 2 56 270
23 51 21 36 8 29 0 0.05 M M 18.3 36 320 M M 5 1 47 290
24 33 13 23 -6 42 0 0.00 M M 8.7 23 340 M M 3 26 340
25 46 7 27 -2 38 0 0.00 M M 6.9 24 300 M M 3 31 300
26 39 19 29 0 36 0 0.00 M M 13.0 28 270 M M 2 33 240
27 28 9 19 -11 46 0 0.23 M M 9.7 22 320 M M 7 12 26 300
28 34 1 18 -12 47 0 0.00 M M 3.0 10 150 M M 2 13 150
================================================================================
SM 760 91 1387 0 1.60 M 194.5 M 160
================================================================================
AV 27.1 3.3 6.9 FASTST M M 6 MAX(MPH)
MISC ----> 41 280 56 270
================================================================================
NOTES:
# LAST OF SEVERAL OCCURRENCES
COLUMN 17 PEAK WIND IN M.P.H.
PRELIMINARY LOCAL CLIMATOLOGICAL DATA (WS FORM: F-6) , PAGE 2
STATION: SHERIDAN WY
MONTH: FEBRUARY
YEAR: 2021
LATITUDE: 44 46 N
LONGITUDE: 106 58 W
[TEMPERATURE DATA] [PRECIPITATION DATA] SYMBOLS USED IN COLUMN 16
AVERAGE MONTHLY: 15.2 TOTAL FOR MONTH: 1.60 1 = FOG OR MIST
DPTR FM NORMAL: -11.4 DPTR FM NORMAL: 1.06 2 = FOG REDUCING VISIBILITY
HIGHEST: 60 ON 2 GRTST 24HR 0.31 ON 5- 6 TO 1/4 MILE OR LESS
LOWEST: -27 ON 14,13 3 = THUNDER
SNOW, ICE PELLETS, HAIL 4 = ICE PELLETS
TOTAL MONTH: M 5 = HAIL
GRTST 24HR M ON M 6 = FREEZING RAIN OR DRIZZLE
GRTST DEPTH: M ON M 7 = DUSTSTORM OR SANDSTORM:
VSBY 1/2 MILE OR LESS
8 = SMOKE OR HAZE
[NO. OF DAYS WITH] [WEATHER - DAYS WITH] 9 = BLOWING SNOW
X = TORNADO
MAX 32 OR BELOW: 15 0.01 INCH OR MORE: 13
MAX 90 OR ABOVE: 0 0.10 INCH OR MORE: 7
MIN 32 OR BELOW: 27 0.50 INCH OR MORE: 0
MIN 0 OR BELOW: 11 1.00 INCH OR MORE: 0
[HDD (BASE 65) ]
TOTAL THIS MO. 1387 CLEAR (SCALE 0-3) 7
DPTR FM NORMAL 312 PTCLDY (SCALE 4-7) 12
TOTAL FM JUL 1 5216 CLOUDY (SCALE 8-10) 9
DPTR FM NORMAL -318
[CDD (BASE 65) ]
TOTAL THIS MO. 0
DPTR FM NORMAL 0 [PRESSURE DATA]
TOTAL FM JAN 1 0 HIGHEST SLP 30.70 ON 11
DPTR FM NORMAL 0 LOWEST SLP 29.53 ON 3
[REMARKS]
#FINAL-02-21#