000
CXUS56 KFGZ 010910
CF6SJN
PRELIMINARY LOCAL CLIMATOLOGICAL DATA (WS FORM: F-6)
STATION: SAINT JOHNS AZ AIRPORT
MONTH: FEBRUARY
YEAR: 2021
LATITUDE: 34 31 N
LONGITUDE: 109 23 W
TEMPERATURE IN F: :PCPN: SNOW: WIND :SUNSHINE: SKY :PK WND
================================================================================
1 2 3 4 5 6A 6B 7 8 9 10 11 12 13 14 15 16 17 18
12Z AVG MX 2MIN
DY MAX MIN AVG DEP HDD CDD WTR SNW DPTH SPD SPD DIR MIN PSBL S-S WX SPD DR
================================================================================
1 54 26 40 2 25 0 T M M 2.3 9 300 M M 2 10 290
2 66 34 50 12 15 0 0.00 M M 4.9 15 310 M M 4 17 300
3 61 44 53 15 12 0 T M M 13.4 30 230 M M 5 39 230
4 52 28 40 2 25 0 0.00 M M 8.5 21 310 M M 1 26 320
5 53 20 37 -1 28 0 0.00 M M 6.9 20 290 M M 0 26 270
6 55 18 37 -2 28 0 0.00 M M 3.5 12 260 M M 0 14 260
7 61 20 41 2 24 0 0.00 M M 6.6 20 300 M M 0 24 300
8 64 25 45 6 20 0 0.00 M M 6.8 25 250 M M 0 32 250
9 63 27 45 6 20 0 0.00 M M 8.0 28 270 M M 0 32 270
10 61 35 48 9 17 0 0.00 M M 7.2 23 280 M M 6 28 280
11 60 21 41 2 24 0 0.00 M M 5.9 13 330 M M 1 20 300
12 58 31 45 6 20 0 T M M 8.8 28 270 M M 5 34 260
13 60 27 44 4 21 0 0.35 M M 11.7 40 250 M M 4 12 54 240
14 39 32 36 -4 29 0 0.02 M M 9.6 16 250 M M 10 1 21 250
15 45 30 38 -2 27 0 0.02 M M 12.4 28 230 M M 9 1 34 230
16 42 29 36 -4 29 0 0.09 M M 14.4 30 280 M M 8 1 37 240
17 41 19 30 -10 35 0 0.00 M M 7.8 22 290 M M 4 26 280
18 39 17 28 -12 37 0 0.00 M M 5.0 14 180 M M 2 17 190
19 56 14 35 -5 30 0 0.00 M M 3.0 13 200 M M 0 14 200
20 62 20 41 0 24 0 0.00 M M 16.3 38 220 M M 0 52 210
21 47 25 36 -5 29 0 0.00 M M 9.3 17 310 M M 1 25 300
22 56 14 35 -6 30 0 0.00 M M 3.7 10 170 M M 0 12 360
23 65 20 43 2 22 0 0.00 M M 6.4 20 290 M M 0 25 280
24 62 29 46 5 19 0 0.00 M M 12.7 29 240 M M 0 40 250
25 52 31 42 1 23 0 0.00 M M 9.3 22 290 M M 0 28 290
26 57 20 39 -3 26 0 0.00 M M 5.4 15 220 M M 0 20 230
27 58 25 42 0 23 0 0.00 M M 14.0 30 240 M M 0 40 260
28 42 15 29 -13 36 0 0.00 M M 9.1 25 350 M M 2 31 350
================================================================================
SM 1531 696 698 0 0.48 M 232.9 M 64
================================================================================
AV 54.7 24.9 8.3 FASTST M M 2 MAX(MPH)
MISC ----> 40 250 54 240
================================================================================
NOTES:
# LAST OF SEVERAL OCCURRENCES
COLUMN 17 PEAK WIND IN M.P.H.
PRELIMINARY LOCAL CLIMATOLOGICAL DATA (WS FORM: F-6) , PAGE 2
STATION: SAINT JOHNS AZ AIRPORT
MONTH: FEBRUARY
YEAR: 2021
LATITUDE: 34 31 N
LONGITUDE: 109 23 W
[TEMPERATURE DATA] [PRECIPITATION DATA] SYMBOLS USED IN COLUMN 16
AVERAGE MONTHLY: 39.8 TOTAL FOR MONTH: 0.48 1 = FOG OR MIST
DPTR FM NORMAL: 0.0 DPTR FM NORMAL: -0.05 2 = FOG REDUCING VISIBILITY
HIGHEST: 66 ON 2 GRTST 24HR 0.37 ON 13-14 TO 1/4 MILE OR LESS
LOWEST: 14 ON 22,19 3 = THUNDER
SNOW, ICE PELLETS, HAIL 4 = ICE PELLETS
TOTAL MONTH: M 5 = HAIL
GRTST 24HR M ON M 6 = FREEZING RAIN OR DRIZZLE
GRTST DEPTH: M ON M 7 = DUSTSTORM OR SANDSTORM:
VSBY 1/2 MILE OR LESS
8 = SMOKE OR HAZE
[NO. OF DAYS WITH] [WEATHER - DAYS WITH] 9 = BLOWING SNOW
X = TORNADO
MAX 32 OR BELOW: 0 0.01 INCH OR MORE: 4
MAX 90 OR ABOVE: 0 0.10 INCH OR MORE: 1
MIN 32 OR BELOW: 25 0.50 INCH OR MORE: 0
MIN 0 OR BELOW: 0 1.00 INCH OR MORE: 0
[HDD (BASE 65) ]
TOTAL THIS MO. 698 CLEAR (SCALE 0-3) 19
DPTR FM NORMAL -8 PTCLDY (SCALE 4-7) 6
TOTAL FM JUL 1 3537 CLOUDY (SCALE 8-10) 3
DPTR FM NORMAL -58
[CDD (BASE 65) ]
TOTAL THIS MO. 0
DPTR FM NORMAL 0 [PRESSURE DATA]
TOTAL FM JAN 1 0 HIGHEST SLP M ON M
DPTR FM NORMAL 0 LOWEST SLP 29.40 ON 14
[REMARKS]
#FINAL-02-21#