000
CXUS54 KSJT 011438
CLMSJT
CLIMATE REPORT
NATIONAL WEATHER SERVICE SAN ANGELO TX
938 AM CDT WED NOV 01 2023
...................................
...THE SAN ANGELO CLIMATE SUMMARY FOR THE MONTH OF OCTOBER 2023...
CLIMATE NORMAL PERIOD: 1991 TO 2020
CLIMATE RECORD PERIOD: 1907 TO 2023
WEATHER OBSERVED NORMAL DEPART LAST YEAR`S
VALUE DATE(S) VALUE FROM VALUE DATE(S)
NORMAL
................................................................
TEMPERATURE (F)
RECORD
HIGH 102 10/13/1926
LOW 19 10/30/1917
HIGHEST 95 10/20 92 10/15
LOWEST 29 10/31 37 10/26
AVG. MAXIMUM 81.2 80.5 0.7 81.5
AVG. MINIMUM 55.2 53.8 1.4 52.9
MEAN 68.2 67.1 1.1 67.2
DAYS MAX >= 90 4 4.2 -0.2 4
DAYS MAX <= 32 0 0.0 0.0 0
DAYS MIN <= 32 1 0.5 0.5 0
DAYS MIN <= 0 0 0.0 0.0 0
PRECIPITATION (INCHES)
RECORD
MAXIMUM 11.37 2018
MINIMUM 0.00 1875
TOTALS 3.25 2.42 0.83 2.31
DAILY AVG. 0.10 0.08 0.02 0.07
DAYS >= .01 5 5.8 -0.8 7
DAYS >= .10 4 3.6 0.4 4
DAYS >= .50 2 1.7 0.3 2
DAYS >= 1.00 1 0.6 0.4 1
GREATEST
24 HR. TOTAL 2.18 10/25 TO 10/25 1.35 10/16 TO 10/17
SNOWFALL (INCHES)
RECORDS
TOTAL 0.3 2020
TOTALS 0.0 MM MM 0.0
SINCE 7/1 T MM MM MM
SNOWDEPTH AVG. 0 0
DAYS >= 1.0 0 MM MM 0
GREATEST
SNOW DEPTH 0 0 MM
DEGREE DAYS
HEATING TOTAL 82 76 6 57
SINCE 7/1 82 84 -2 MM
COOLING TOTAL 190 142 48 133
SINCE 1/1 3393 2763 630 MM
................................................................
WIND (MPH)
AVERAGE WIND SPEED 8.3
HIGHEST WIND SPEED/DIRECTION 25/190 DATE 10/04
25/200 10/12
25/010 10/29
HIGHEST GUST SPEED/DIRECTION 38/190 DATE 10/12
SKY COVER
AVERAGE SKY COVER 0.28
AVERAGE RH (PERCENT) 60
WEATHER CONDITIONS. NUMBER OF DAYS WITH
THUNDERSTORM 4 MIXED PRECIP 0
HEAVY RAIN 3 RAIN 3
LIGHT RAIN 5 FREEZING RAIN 0
LT FREEZING RAIN 0 HAIL 0
HEAVY SNOW 0 SNOW 0
LIGHT SNOW 0 SLEET 0
FOG 7 FOG W/VIS <= 1/4 MILE 0
HAZE 1
- INDICATES NEGATIVE NUMBERS.
R INDICATES RECORD WAS SET OR TIED.
MM INDICATES DATA IS MISSING.
T INDICATES TRACE AMOUNT.
$$