000
CXUS56 KSLC 010810
CF6SLC
PRELIMINARY LOCAL CLIMATOLOGICAL DATA (WS FORM: F-6)
STATION: SALT LAKE CITY UT
MONTH: MARCH
YEAR: 2023
LATITUDE: 40 46 N
LONGITUDE: 111 58 W
TEMPERATURE IN F: :PCPN: SNOW: WIND :SUNSHINE: SKY :PK WND
================================================================================
1 2 3 4 5 6A 6B 7 8 9 10 11 12 13 14 15 16 17 18
12Z AVG MX 2MIN
DY MAX MIN AVG DEP HDD CDD WTR SNW DPTH SPD SPD DIR MIN PSBL S-S WX SPD DR
================================================================================
1 40 31 36 -6 29 0 0.02 0.2 T 11.5 25 170 M M 9 18 34 160
2 39 27 33 -9 32 0 0.00 0.0 0 5.6 17 340 M M 5 22 350
3 41 31 36 -6 29 0 T T 0 8.2 20 290 M M 7 25 290
4 45 29 37 -6 28 0 0.01 0.1 0 14.8 31 170 M M 5 1 40 180
5 44 31 38 -5 27 0 0.13 1.1 1 11.0 25 190 M M 7 1 33 330
6 39 29 34 -9 31 0 0.08 1.8 3 7.4 20 340 M M 9 1 25 330
7 41 28 35 -9 30 0 0.00 0.0 0 4.6 10 330 M M 5 14 310
8 42 28 35 -9 30 0 0.10 2.0 0 6.7 21 310 M M 8 12 26 300
9 50 28 39 -5 26 0 0.02 0.5 2 7.4 29 200 M M 5 1 50 230
10 57 38 48 3 17 0 0.26 0.0 0 23.7 45 260 M M 8 138 60 260
11 48 31 40 -5 25 0 0.00 0.0 0 4.3 14 340 M M 4 18 350
12 50 35 43 -2 22 0 0.04 T 0 4.4 10 20 M M 7 14 13 290
13 58 37 48 3 17 0 T 0.0 0 7.2 18 320 M M 6 25 190
14 61 42 52 6 13 0 T 0.0 0 18.7 33 190 M M 5 46 200
15 53 30 42 -4 23 0 0.26 0.0 0 13.7 31 180 M M 8 13 47 170
16 46 30 38 -8 27 0 0.00 0.0 0 9.0 23 340 M M 0 35 340
17 47 27 37 -9 28 0 0.00 0.0 0 4.5 15 290 M M 0 19 310
18 52 29 41 -6 24 0 0.00 0.0 0 7.1 17 210 M M 0 22 200
19 56 36 46 -1 19 0 T 0.0 0 15.6 26 180 M M 3 35 170
20 52 35 44 -3 21 0 0.24 0.2 0 9.7 36 300 M M 7 135 47 300
21 50 34 42 -5 23 0 0.05 0.0 0 6.4 15 200 M M 6 21 200
22 46 35 41 -6 24 0 0.17 0.0 0 11.3 32 170 M M 9 15 43 200
23 45 38 42 -6 23 0 0.04 0.0 0 9.4 17 160 M M 7 145 22 180
24 39 30 35 -13 30 0 0.27 3.2 0 14.1 32 290 M M 9 19 44 290
25 38 27 33 -15 32 0 T T 1 12.4 25 260 M M 6 8 33 260
26 35 25 30 -18 35 0 0.20 2.8 0 7.6 23 320 M M 8 128 28 310
27 40 27 34 -14 31 0 0.06 1.4 1 6.5 16 260 M M 6 128 22 260
28 57 31 44 -4 21 0 0.00 0.0 0 15.5 26 190 M M 3 8 35 190
29 63 34 49 1 16 0 0.44 0.8 0 17.6 38 180 M M 8 1 52 170
30 42 34 38 -11 27 0 0.15 0.7 1 6.1 17 230 M M 9 18 19 240
31 47 34 41 -8 24 0 0.07 0.3 1 7.5 17 250 M M 8 1 24 250
================================================================================
SM 1463 981 784 0 2.61 15.1 309.5 M 187
================================================================================
AV 47.2 31.6 10.0 FASTST M M 6 MAX(MPH)
MISC ----> 45 260 60 260
================================================================================
NOTES:
# LAST OF SEVERAL OCCURRENCES
COLUMN 17 PEAK WIND IN M.P.H.
PRELIMINARY LOCAL CLIMATOLOGICAL DATA (WS FORM: F-6) , PAGE 2
STATION: SALT LAKE CITY UT
MONTH: MARCH
YEAR: 2023
LATITUDE: 40 46 N
LONGITUDE: 111 58 W
[TEMPERATURE DATA] [PRECIPITATION DATA] SYMBOLS USED IN COLUMN 16
AVERAGE MONTHLY: 39.4 TOTAL FOR MONTH: 2.61 1 = FOG OR MIST
DPTR FM NORMAL: -6.4 DPTR FM NORMAL: 0.86 2 = FOG REDUCING VISIBILITY
HIGHEST: 63 ON 29 GRTST 24HR 0.83 ON 29-30 TO 1/4 MILE OR LESS
LOWEST: 25 ON 26 3 = THUNDER
SNOW, ICE PELLETS, HAIL 4 = ICE PELLETS
TOTAL MONTH: 16.1 INCHES 5 = HAIL
GRTST 24HR 3.2 ON 24-24 6 = FREEZING RAIN OR DRIZZLE
GRTST DEPTH: 3 ON 6 7 = DUSTSTORM OR SANDSTORM:
VSBY 1/2 MILE OR LESS
8 = SMOKE OR HAZE
[NO. OF DAYS WITH] [WEATHER - DAYS WITH] 9 = BLOWING SNOW
X = TORNADO
MAX 32 OR BELOW: 0 0.01 INCH OR MORE: 19
MAX 90 OR ABOVE: 0 0.10 INCH OR MORE: 10
MIN 32 OR BELOW: 19 0.50 INCH OR MORE: 0
MIN 0 OR BELOW: 0 1.00 INCH OR MORE: 0
[HDD (BASE 65) ]
TOTAL THIS MO. 784 CLEAR (SCALE 0-3) 4
DPTR FM NORMAL 188 PTCLDY (SCALE 4-7) 21
TOTAL FM JUL 1 4687 CLOUDY (SCALE 8-10) 6
DPTR FM NORMAL 142
[CDD (BASE 65) ]
TOTAL THIS MO. 0
DPTR FM NORMAL 0 [PRESSURE DATA]
TOTAL FM JAN 1 0 HIGHEST SLP M ON M
DPTR FM NORMAL 0 LOWEST SLP 25.74 ON 31
[REMARKS]
#FINAL-03-23#