000
CXUS56 KPQR 011200
CF6SLE
PRELIMINARY LOCAL CLIMATOLOGICAL DATA (WS FORM: F-6)
STATION: SALEM OR
MONTH: FEBRUARY
YEAR: 2020
LATITUDE: 44 55 N
LONGITUDE: 123 0 W
TEMPERATURE IN F: :PCPN: SNOW: WIND :SUNSHINE: SKY :PK WND
================================================================================
1 2 3 4 5 6A 6B 7 8 9 10 11 12 13 14 15 16 17 18
12Z AVG MX 2MIN
DY MAX MIN AVG DEP HDD CDD WTR SNW DPTH SPD SPD DIR MIN PSBL S-S WX SPD DR
================================================================================
1 56 40 48 6 17 0 0.24 M M 12.6 26 190 M M 6 1 38 210
2 47 30 39 -3 26 0 T M M 3.4 12 180 M M 4 14 180
3 43 28 36 -6 29 0 0.03 M M 5.0 13 140 M M 6 1 14 140
4 41 25 33 -9 32 0 T M M 9.1 22 170 M M 6 1 28 170
5 51 40 46 4 19 0 0.06 M M 13.5 23 180 M M 9 1 30 180
6 57 48 53 11 12 0 0.00 M M 10.3 18 220 M M 9 23 190
7 53 43 48 6 17 0 0.10 M M 12.4 24 190 M M 9 18 29 200
8 49 34 42 0 23 0 0.16 M M 7.1 21 300 M M 6 1 27 260
9 46 31 39 -4 26 0 0.00 M M 1.2 8 30 M M 5 1 10 20
10 47 27 37 -6 28 0 0.00 M M 3.0 10 40 M M 4 128 15 20
11 47 29 38 -5 27 0 0.00 M M 4.5 15 190 M M 8 12 18 190
12 50 30 40 -3 25 0 0.00 M M 2.2 8 30 M M 5 12 10 30
13 44 31 38 -5 27 0 0.06 M M 6.9 16 180 M M 8 1 21 180
14 50 34 42 -1 23 0 0.00 M M 6.6 12 210 M M 7 15 180
15 46 42 44 1 21 0 0.56 M M 10.8 20 180 M M 10 1 26 180
16 50 37 44 1 21 0 0.08 M M 4.2 16 320 M M 7 18 310
17 51 31 41 -2 24 0 0.01 M M 3.3 12 40 M M 5 14 30
18 52 28 40 -3 25 0 0.00 M M 6.4 16 360 M M 3 1 19 10
19 59 26 43 0 22 0 0.00 M M 4.3 14 350 M M 0 16 350
20 56 28 42 -2 23 0 0.00 M M 2.4 9 30 M M 0 13 10
21 59 27 43 -1 22 0 0.00 M M 0.6 6 360 M M 0 8 350
22 58 29 44 0 21 0 0.00 M M 2.5 8 140 M M 0 1 11 60
23 52 40 46 2 19 0 0.14 M M 12.5 29 190 M M 8 1 36 180
24 49 31 40 -4 25 0 0.00 M M 4.3 10 190 M M 7 12 200
25 54 28 41 -3 24 0 T M M 1.6 8 340 M M 4 12 11 310
26 57 37 47 3 18 0 T M M 3.7 13 20 M M 6 18 16 30
27 61 30 46 2 19 0 0.00 M M 2.8 10 20 M M 0 1 12 20
28 54 31 43 -1 22 0 0.05 M M 8.2 21 190 M M 3 18 28 240
29 47 28 38 -7 27 0 0.29 M M 7.3 18 250 M M 7 12 24 250
================================================================================
SM 1486 943 664 0 1.78 M 172.7 M 152
================================================================================
AV 51.2 32.5 6.0 FASTST M M 5 MAX(MPH)
MISC ----> # 29 190 # 38 210
================================================================================
NOTES:
# LAST OF SEVERAL OCCURRENCES
COLUMN 17 PEAK WIND IN M.P.H.
PRELIMINARY LOCAL CLIMATOLOGICAL DATA (WS FORM: F-6) , PAGE 2
STATION: SALEM OR
MONTH: FEBRUARY
YEAR: 2020
LATITUDE: 44 55 N
LONGITUDE: 123 0 W
[TEMPERATURE DATA] [PRECIPITATION DATA] SYMBOLS USED IN COLUMN 16
AVERAGE MONTHLY: 41.9 TOTAL FOR MONTH: 1.78 1 = FOG OR MIST
DPTR FM NORMAL: -1.2 DPTR FM NORMAL: -2.78 2 = FOG REDUCING VISIBILITY
HIGHEST: 61 ON 27 GRTST 24HR 0.56 ON 15-15 TO 1/4 MILE OR LESS
LOWEST: 25 ON 4 3 = THUNDER
SNOW, ICE PELLETS, HAIL 4 = ICE PELLETS
TOTAL MONTH: M 5 = HAIL
GRTST 24HR M ON M 6 = FREEZING RAIN OR DRIZZLE
GRTST DEPTH: M ON M 7 = DUSTSTORM OR SANDSTORM:
VSBY 1/2 MILE OR LESS
8 = SMOKE OR HAZE
[NO. OF DAYS WITH] [WEATHER - DAYS WITH] 9 = BLOWING SNOW
X = TORNADO
MAX 32 OR BELOW: 0 0.01 INCH OR MORE: 12
MAX 90 OR ABOVE: 0 0.10 INCH OR MORE: 6
MIN 32 OR BELOW: 19 0.50 INCH OR MORE: 1
MIN 0 OR BELOW: 0 1.00 INCH OR MORE: 0
[HDD (BASE 65) ]
TOTAL THIS MO. 664 CLEAR (SCALE 0-3) 5
DPTR FM NORMAL 51 PTCLDY (SCALE 4-7) 20
TOTAL FM JUL 1 3194 CLOUDY (SCALE 8-10) 4
DPTR FM NORMAL -66
[CDD (BASE 65) ]
TOTAL THIS MO. 0
DPTR FM NORMAL 0 [PRESSURE DATA]
TOTAL FM JAN 1 0 HIGHEST SLP 30.64 ON 24
DPTR FM NORMAL 0 LOWEST SLP 30.01 ON 7
[REMARKS]
#FINAL-02-20#