000
CXUS56 KLOX 011655
CF6SMO
PRELIMINARY LOCAL CLIMATOLOGICAL DATA (WS FORM: F-6)
STATION: SANTA MONICA AIRPORT CA
MONTH: JANUARY
YEAR: 2020
LATITUDE: 34 0 N
LONGITUDE: 118 27 W
TEMPERATURE IN F: :PCPN: SNOW: WIND :SUNSHINE: SKY :PK WND
================================================================================
1 2 3 4 5 6A 6B 7 8 9 10 11 12 13 14 15 16 17 18
12Z AVG MX 2MIN
DY MAX MIN AVG DEP HDD CDD WTR SNW DPTH SPD SPD DIR MIN PSBL S-S WX SPD DR
================================================================================
1 65 47 56 0 9 0 0.00 0.0 0 3.9 10 260 M M 0 1 14 260
2 62 49 56 0 9 0 0.00 0.0 0 3.5 9 80 M M 1 1 14 90
3 71 49 60 4 5 0 0.00 0.0 0 3.3 9 220 M M 0 11 220
4 64 46 55 -1 10 0 0.00 0.0 0 2.1 8 230 M M 0 1 10 240
5 64 45 55 -2 10 0 0.00 0.0 0 5.6 15 20 M M 1 24 20
6 76 47 62 5 3 0 0.00 0.0 0 4.2 9 360 M M 0 15 350
7 78 52 65 8 0 0 0.00 0.0 0 5.0 10 240 M M 1 14 350
8 61 50 56 -1 9 0 0.00 0.0 0 3.9 10 210 M M 2 1 14 220
9 60 50 55 -2 10 0 T 0.0 0 4.5 14 220 M M 5 20 350
10 66 45 56 -1 9 0 0.00 0.0 0 4.6 12 220 M M 0 14 220
11 61 44 53 -4 12 0 0.00 0.0 0 3.1 9 260 M M 2 18 13 240
12 59 46 53 -4 12 0 0.00 0.0 0 3.5 12 220 M M 1 16 220
13 60 46 53 -4 12 0 0.00 0.0 0 3.4 10 240 M M 2 1 14 240
14 59 44 52 -5 13 0 0.00 0.0 0 3.3 10 220 M M 0 1 14 220
15 60 44 52 -5 13 0 0.00 0.0 0 3.3 10 230 M M 0 18 13 260
16 58 46 52 -5 13 0 0.38 M 0 4.3 14 240 M M 9 18 18 240
17 62 45 54 -3 11 0 0.09 M 0 3.5 10 220 M M 2 1 14 220
18 70 45 58 1 7 0 0.00 0.0 0 4.4 9 30 M M 0 14 10
19 78 51 65 8 0 0 0.00 0.0 0 3.5 12 260 M M 0 16 260
20 61 53 57 0 8 0 T 0.0 0 2.4 10 210 M M 5 13 230
21 60 50 55 -2 10 0 0.02 0.0 0 3.1 12 250 M M 4 18 250
22 61 47 54 -3 11 0 0.00 0.0 0 3.0 10 230 M M 0 14 220
23 67 48 58 1 7 0 0.00 0.0 0 3.5 12 220 M M 0 1 15 240
24 69 49 59 2 6 0 0.00 0.0 0 3.4 9 200 M M 0 12 11 210
25 61 50 56 -1 9 0 0.00 0.0 0 2.4 10 210 M M 6 128 13 210
26 60 52 56 -1 9 0 0.00 0.0 0 2.7 10 260 M M 7 18 15 270
27 70 49 60 3 5 0 0.00 0.0 0 6.4 15 340 M M 0 18 26 350
28 71 53 62 5 3 0 0.00 0.0 0 5.5 16 10 M M 0 27 10
29 76 55 66 9 0 1 0.00 0.0 0 7.5 18 350 M M 0 33 350
30 69 50 60 3 5 0 0.00 0.0 0 3.5 9 220 M M 0 13 220
31 79 49 64 7 1 0 0.00 0.0 0 4.2 10 250 M M 0 13 230
================================================================================
SM 2038 1496 241 1 0.49 0.0 120.5 M 48
================================================================================
AV 65.7 48.3 3.9 FASTST M M 2 MAX(MPH)
MISC ----> # 18 350 # 33 350
================================================================================
NOTES:
# LAST OF SEVERAL OCCURRENCES
COLUMN 17 PEAK WIND IN M.P.H.
PRELIMINARY LOCAL CLIMATOLOGICAL DATA (WS FORM: F-6) , PAGE 2
STATION: SANTA MONICA AIRPORT CA
MONTH: JANUARY
YEAR: 2020
LATITUDE: 34 0 N
LONGITUDE: 118 27 W
[TEMPERATURE DATA] [PRECIPITATION DATA] SYMBOLS USED IN COLUMN 16
AVERAGE MONTHLY: 57.0 TOTAL FOR MONTH: 0.49 1 = FOG OR MIST
DPTR FM NORMAL: 0.3 DPTR FM NORMAL: -2.87 2 = FOG REDUCING VISIBILITY
HIGHEST: 79 ON 31 GRTST 24HR 0.38 ON 16-16 TO 1/4 MILE OR LESS
LOWEST: 44 ON 15,14 3 = THUNDER
SNOW, ICE PELLETS, HAIL 4 = ICE PELLETS
TOTAL MONTH: 0.0 INCH 5 = HAIL
GRTST 24HR 0.0 6 = FREEZING RAIN OR DRIZZLE
GRTST DEPTH: 0 7 = DUSTSTORM OR SANDSTORM:
VSBY 1/2 MILE OR LESS
8 = SMOKE OR HAZE
[NO. OF DAYS WITH] [WEATHER - DAYS WITH] 9 = BLOWING SNOW
X = TORNADO
MAX 32 OR BELOW: 0 0.01 INCH OR MORE: 3
MAX 90 OR ABOVE: 0 0.10 INCH OR MORE: 1
MIN 32 OR BELOW: 0 0.50 INCH OR MORE: 0
MIN 0 OR BELOW: 0 1.00 INCH OR MORE: 0
[HDD (BASE 65) ]
TOTAL THIS MO. 241 CLEAR (SCALE 0-3) 25
DPTR FM NORMAL -23 PTCLDY (SCALE 4-7) 5
TOTAL FM JUL 1 671 CLOUDY (SCALE 8-10) 1
DPTR FM NORMAL -101
[CDD (BASE 65) ]
TOTAL THIS MO. 1
DPTR FM NORMAL -8 [PRESSURE DATA]
TOTAL FM JAN 1 1 HIGHEST SLP 30.37 ON 4
DPTR FM NORMAL 1 LOWEST SLP 29.88 ON 9
[REMARKS]
#FINAL-01-20#