000
CXUS56 KLOX 011155
CF6SMX
PRELIMINARY LOCAL CLIMATOLOGICAL DATA (WS FORM: F-6)
STATION: SANTA MARIA AIRPORT CA
MONTH: MARCH
YEAR: 2023
LATITUDE: 34 54 N
LONGITUDE: 120 27 W
TEMPERATURE IN F: :PCPN: SNOW: WIND :SUNSHINE: SKY :PK WND
================================================================================
1 2 3 4 5 6A 6B 7 8 9 10 11 12 13 14 15 16 17 18
12Z AVG MX 2MIN
DY MAX MIN AVG DEP HDD CDD WTR SNW DPTH SPD SPD DIR MIN PSBL S-S WX SPD DR
================================================================================
1 52 37 45 -9 20 0 1.24 M M 12.2 28 310 M M 6 18 34 300
2 59 32 46 -8 19 0 0.00 M M 8.1 21 290 M M 0 27 290
3 58 35 47 -7 18 0 0.00 M M 7.5 26 290 M M 0 1 31 290
4 56 40 48 -7 17 0 T M M 6.5 15 250 M M 8 1 18 250
5 56 46 51 -4 14 0 0.06 M M 7.6 17 250 M M 8 1 22 230
6 56 39 48 -7 17 0 T M M 4.2 16 290 M M 5 20 280
7 56 33 45 -10 20 0 0.00 M M 6.6 22 290 M M 1 28 290
8 56 34 45 -10 20 0 0.00 M M 5.0 17 300 M M 3 21 290
9 63 38 51 -4 14 0 0.18 M M 7.1 23 140 M M 6 1 31 150
10 58 53 56 1 9 0 0.72 M M 11.8 29 160 M M 10 1 39 150
11 65 56 61 6 4 0 0.00 M M 5.7 16 220 M M 9 1 21 220
12 64 52 58 3 7 0 0.00 M M 4.1 13 260 M M 8 1 15 240
13 67 51 59 4 6 0 T M M 2.8 14 310 M M 8 1 17 310
14 59 54 57 2 8 0 1.63 M M 12.1 24 170 M M 10 1 32 240
15 57 49 53 -2 12 0 0.08 M M 11.2 20 280 M M 9 1 24 290
16 60 47 54 -1 11 0 0.00 M M 3.8 17 290 M M 8 1 20 300
17 63 47 55 0 10 0 0.00 M M M M M M M 4 M M
18 71 43 57 1 8 0 0.00 M M 3.0 18 170 M M 3 23 180
19 65 51 58 2 7 0 0.13 M M 11.0 29 130 M M 9 1 40 120
20 56 50 53 -3 12 0 0.07 M M 6.0 13 170 M M 9 1 17 160
21 56 47 52 -4 13 0 0.60 M M 12.3 31 130 M M 9 18 41 120
22 57 47 52 -4 13 0 0.26 M M 7.4 17 240 M M 9 1 22 240
23 57 44 51 -5 14 0 0.16 M M 12.4 28 300 M M 6 1 34 290
24 59 38 49 -7 16 0 0.00 M M 10.6 25 300 M M 1 31 300
25 60 40 50 -6 15 0 0.00 M M 11.5 26 290 M M 1 34 280
26 57 37 47 -9 18 0 0.00 M M 10.1 25 290 M M 0 31 290
27 64 35 50 -6 15 0 0.00 M M 5.4 16 230 M M 1 20 220
28 62 36 49 -7 16 0 0.59 M M 8.2 21 160 M M 5 18 25 150
29 56 44 50 -6 15 0 0.22 M M 6.8 20 230 M M 8 1 25 240
30 57 40 49 -7 16 0 0.11 M M 7.6 23 300 M M 4 1 29 300
31 60 37 49 -7 16 0 T M M 6.2 17 300 M M 1 22 280
================================================================================
SM 1842 1332 420 0 6.05 M 234.8 M 169
================================================================================
AV 59.4 43.0 7.8 FASTST M M 5 MAX(MPH)
MISC ----> 31 130 41 120
================================================================================
NOTES:
# LAST OF SEVERAL OCCURRENCES
COLUMN 17 PEAK WIND IN M.P.H.
PRELIMINARY LOCAL CLIMATOLOGICAL DATA (WS FORM: F-6) , PAGE 2
STATION: SANTA MARIA AIRPORT CA
MONTH: MARCH
YEAR: 2023
LATITUDE: 34 54 N
LONGITUDE: 120 27 W
[TEMPERATURE DATA] [PRECIPITATION DATA] SYMBOLS USED IN COLUMN 16
AVERAGE MONTHLY: 51.2 TOTAL FOR MONTH: 6.05 1 = FOG OR MIST
DPTR FM NORMAL: -4.1 DPTR FM NORMAL: 3.49 2 = FOG REDUCING VISIBILITY
HIGHEST: 71 ON 18 GRTST 24HR 1.71 ON 14-15 TO 1/4 MILE OR LESS
LOWEST: 32 ON 2 3 = THUNDER
SNOW, ICE PELLETS, HAIL 4 = ICE PELLETS
TOTAL MONTH: M 5 = HAIL
GRTST 24HR M ON M 6 = FREEZING RAIN OR DRIZZLE
GRTST DEPTH: M ON M 7 = DUSTSTORM OR SANDSTORM:
VSBY 1/2 MILE OR LESS
8 = SMOKE OR HAZE
[NO. OF DAYS WITH] [WEATHER - DAYS WITH] 9 = BLOWING SNOW
X = TORNADO
MAX 32 OR BELOW: 0 0.01 INCH OR MORE: 14
MAX 90 OR ABOVE: 0 0.10 INCH OR MORE: 11
MIN 32 OR BELOW: 1 0.50 INCH OR MORE: 5
MIN 0 OR BELOW: 0 1.00 INCH OR MORE: 2
[HDD (BASE 65) ]
TOTAL THIS MO. 420 CLEAR (SCALE 0-3) 10
DPTR FM NORMAL 117 PTCLDY (SCALE 4-7) 9
TOTAL FM JUL 1 2354 CLOUDY (SCALE 8-10) 12
DPTR FM NORMAL 434
[CDD (BASE 65) ]
TOTAL THIS MO. 0
DPTR FM NORMAL -2 [PRESSURE DATA]
TOTAL FM JAN 1 0 HIGHEST SLP 30.38 ON 24
DPTR FM NORMAL -3 LOWEST SLP 29.44 ON 21
[REMARKS]
#FINAL-03-23#