000
CXUS56 KSGX 011045
CF6SNA
PRELIMINARY LOCAL CLIMATOLOGICAL DATA (WS FORM: F-6)
STATION: JOHN WAYNE AIRPORT CA
MONTH: SEPTEMBER
YEAR: 2022
LATITUDE: 33 40 N
LONGITUDE: 117 53 W
TEMPERATURE IN F: :PCPN: SNOW: WIND :SUNSHINE: SKY :PK WND
================================================================================
1 2 3 4 5 6A 6B 7 8 9 10 11 12 13 14 15 16 17 18
12Z AVG MX 2MIN
DY MAX MIN AVG DEP HDD CDD WTR SNW DPTH SPD SPD DIR MIN PSBL S-S WX SPD DR
================================================================================
1 88 72 80 6 0 15 0.00 M M 6.2 16 210 M M 2 20 210
2 92 75 84 10 0 19 0.00 M M 4.8 15 200 M M 1 19 180
3 97 77 87 13 0 22 T M M 3.9 13 220 M M 2 3 18 220
4 106 79 93 19 0 28 0.00 M M 6.0 21 200 M M 5 24 200
5 94 76 85 11 0 20 0.00 M M 5.8 17 200 M M 2 20 200
6 91 76 84 10 0 19 0.00 M M 5.7 14 200 M M 3 19 220
7 99 76 88 14 0 23 0.00 M M 4.3 17 200 M M 5 20 200
8 102 76 89 15 0 24 0.00 M M 5.1 13 130 M M 5 16 130
9 102 73 88 15 0 23 0.18 M M 6.4 17 190 M M 8 1 28 90
10 84 73 79 6 0 14 T M M 4.9 16 200 M M 10 18 190
11 89 77 83 10 0 18 0.08 M M 4.3 14 220 M M 7 17 210
12 88 76 82 9 0 17 0.00 M M 4.5 13 230 M M 5 18 230
13 83 73 78 5 0 13 0.00 M M 7.4 17 210 M M 3 21 210
14 79 71 75 2 0 10 0.00 M M 8.0 16 210 M M 4 22 200
15 79 70 75 2 0 10 0.00 M M 6.5 15 190 M M 3 19 200
16 80 68 74 1 0 9 0.00 M M 4.9 15 210 M M 2 19 210
17 78 69 74 2 0 9 0.00 M M 6.6 15 190 M M 5 20 180
18 78 69 74 2 0 9 0.00 M M 6.1 14 190 M M 5 19 200
19 80 67 74 2 0 9 0.00 M M 3.5 13 220 M M 3 8 18 240
20 83 70 77 5 0 12 0.00 M M 4.1 13 240 M M 3 18 230
21 82 66 74 2 0 9 0.00 M M 3.3 13 240 M M 1 18 280
22 85 64 75 3 0 10 0.00 M M 3.2 12 220 M M 0 15 230
23 88 65 77 5 0 12 0.00 M M 4.3 12 210 M M 1 15 210
24 89 70 80 9 0 15 0.00 M M 2.9 12 220 M M 1 15 210
25 87 70 79 8 0 14 0.00 M M 3.5 10 220 M M 2 14 210
26 88 70 79 8 0 14 0.00 M M 4.3 10 220 M M 1 14 210
27 88 70 79 8 0 14 0.00 M M 5.0 12 210 M M 1 8 16 170
28 86 69 78 7 0 13 0.00 M M M 10 210 M M 2 128 M M
29 80 70 75 5 0 10 0.00 M M 4.5 12 200 M M 7 18 16 170
30 76 69 73 3 0 8 0.00 M M 6.7 15 210 M M 7 21 200
================================================================================
SM 2621 2146 0 442 0.26 M 146.7 M 106
================================================================================
AV 87.4 71.5 5.1 FASTST M M 4 MAX(MPH)
MISC ----> 21 200 28 90
================================================================================
NOTES:
# LAST OF SEVERAL OCCURRENCES
COLUMN 17 PEAK WIND IN M.P.H.
PRELIMINARY LOCAL CLIMATOLOGICAL DATA (WS FORM: F-6) , PAGE 2
STATION: JOHN WAYNE AIRPORT CA
MONTH: SEPTEMBER
YEAR: 2022
LATITUDE: 33 40 N
LONGITUDE: 117 53 W
[TEMPERATURE DATA] [PRECIPITATION DATA] SYMBOLS USED IN COLUMN 16
AVERAGE MONTHLY: 79.5 TOTAL FOR MONTH: 0.26 1 = FOG OR MIST
DPTR FM NORMAL: 6.9 DPTR FM NORMAL: 0.16 2 = FOG REDUCING VISIBILITY
HIGHEST: 106 ON 4 GRTST 24HR 0.18 ON 9- 9 TO 1/4 MILE OR LESS
LOWEST: 64 ON 22 3 = THUNDER
SNOW, ICE PELLETS, HAIL 4 = ICE PELLETS
TOTAL MONTH: M 5 = HAIL
GRTST 24HR M ON M 6 = FREEZING RAIN OR DRIZZLE
GRTST DEPTH: M ON M 7 = DUSTSTORM OR SANDSTORM:
VSBY 1/2 MILE OR LESS
8 = SMOKE OR HAZE
[NO. OF DAYS WITH] [WEATHER - DAYS WITH] 9 = BLOWING SNOW
X = TORNADO
MAX 32 OR BELOW: 0 0.01 INCH OR MORE: 2
MAX 90 OR ABOVE: 8 0.10 INCH OR MORE: 1
MIN 32 OR BELOW: 0 0.50 INCH OR MORE: 0
MIN 0 OR BELOW: 0 1.00 INCH OR MORE: 0
[HDD (BASE 65) ]
TOTAL THIS MO. 0 CLEAR (SCALE 0-3) 16
DPTR FM NORMAL -1 PTCLDY (SCALE 4-7) 13
TOTAL FM JUL 1 0 CLOUDY (SCALE 8-10) 1
DPTR FM NORMAL 0
[CDD (BASE 65) ]
TOTAL THIS MO. 442
DPTR FM NORMAL 218 [PRESSURE DATA]
TOTAL FM JAN 1 1506 HIGHEST SLP 30.01 ON 24
DPTR FM NORMAL 576 LOWEST SLP 29.51 ON 9
[REMARKS]
#FINAL-09-22#