000
CXAK56 PAFC 011027
CF6SNP
PRELIMINARY LOCAL CLIMATOLOGICAL DATA (WS FORM: F-6)
STATION: SAINT PAUL ISLAND
MONTH: SEPTEMBER
YEAR: 2021
LATITUDE: 57 9 N
LONGITUDE: 170 13 W
TEMPERATURE IN F: :PCPN: SNOW: WIND :SUNSHINE: SKY :PK WND
================================================================================
1 2 3 4 5 6A 6B 7 8 9 10 11 12 13 14 15 16 17 18
12Z AVG MX 2MIN
DY MAX MIN AVG DEP HDD CDD WTR SNW DPTH SPD SPD DIR MIN PSBL S-S WX SPD DR
================================================================================
1 55 50 53 4 12 0 0.04 M M 9.5 14 50 M M 10 12 17 40
2 55 50 53 4 12 0 0.07 M M 9.9 14 340 M M 10 12 18 350
3 55 49 52 4 13 0 0.09 M M 13.3 21 330 M M 10 1 26 340
4 53 42 48 0 17 0 0.11 M M 7.4 18 330 M M 9 1 23 360
5 54 37 46 -2 19 0 0.00 M M 11.2 21 250 M M 6 1 25 230
6 53 49 51 3 14 0 0.07 M M 13.6 20 240 M M 10 1 25 230
7 54 48 51 3 14 0 0.02 M M 10.8 17 210 M M 10 1 22 210
8 57 48 53 5 12 0 0.01 M M 7.1 16 260 M M 7 18 18 250
9 54 45 50 2 15 0 0.11 M M 13.4 30 280 M M 7 18 36 280
10 53 39 46 -1 19 0 0.46 M M 13.3 30 170 M M 8 1 38 170
11 52 44 48 1 17 0 0.44 M M 16.4 30 210 M M 10 1 40 200
12 51 43 47 0 18 0 0.01 M M 17.1 30 310 M M 3 37 310
13 52 41 47 0 18 0 0.04 M M 18.2 30 290 M M 4 1 38 270
14 51 40 46 0 19 0 0.06 M M 12.3 23 110 M M 6 1 31 110
15 49 47 48 2 17 0 0.62 M M 22.2 29 90 M M 10 1 37 110
16 52 42 47 1 18 0 0.27 M M 19.2 29 40 M M 8 18 35 40
17 52 41 47 1 18 0 0.00 M M 11.8 23 280 M M 6 30 270
18 47 44 46 0 19 0 0.00 M M 17.7 24 90 M M 10 30 90
19 49 42 46 1 19 0 0.01 M M 13.3 20 310 M M 9 1 26 360
20 48 39 44 -1 21 0 T M M 7.2 17 360 M M 7 18 21 360
21 49 35 42 -3 23 0 0.00 M M 7.6 12 130 M M 8 8 16 170
22 48 31 40 -5 25 0 T M M 15.9 26 10 M M 6 1 32 10
23 45 35 40 -4 25 0 T M M 7.1 20 360 M M 8 8 23 360
24 48 39 44 0 21 0 0.33 M M 12.1 21 190 M M 7 18 24 180
25 48 39 44 0 21 0 0.15 M M 15.3 26 310 M M 6 1 32 310
26 46 35 41 -3 24 0 0.02 M M 11.6 25 90 M M 5 1 33 110
27 49 41 45 2 20 0 0.31 M M 22.9 32 60 M M 8 18 41 70
28 50 36 43 0 22 0 T M M 10.3 26 260 M M 7 32 260
29 49 33 41 -2 24 0 0.68 M M 21.4 41 310 M M 9 18 52 310
30 44 32 38 -5 27 0 0.10 M M 18.8 37 10 M M 6 1 45 360
================================================================================
SM 1522 1236 563 0 4.02 M 407.9 M 230
================================================================================
AV 50.7 41.2 13.6 FASTST M M 8 MAX(MPH)
MISC ----> 41 310 52 310
================================================================================
NOTES:
# LAST OF SEVERAL OCCURRENCES
COLUMN 17 PEAK WIND IN M.P.H.
PRELIMINARY LOCAL CLIMATOLOGICAL DATA (WS FORM: F-6) , PAGE 2
STATION: SAINT PAUL ISLAND
MONTH: SEPTEMBER
YEAR: 2021
LATITUDE: 57 9 N
LONGITUDE: 170 13 W
[TEMPERATURE DATA] [PRECIPITATION DATA] SYMBOLS USED IN COLUMN 16
AVERAGE MONTHLY: 46.0 TOTAL FOR MONTH: 4.02 1 = FOG OR MIST
DPTR FM NORMAL: 0.0 DPTR FM NORMAL: 1.02 2 = FOG REDUCING VISIBILITY
HIGHEST: 57 ON 8 GRTST 24HR 0.74 ON 15-16 TO 1/4 MILE OR LESS
LOWEST: 31 ON 22 3 = THUNDER
SNOW, ICE PELLETS, HAIL 4 = ICE PELLETS
TOTAL MONTH: M 5 = HAIL
GRTST 24HR M ON M 6 = FREEZING RAIN OR DRIZZLE
GRTST DEPTH: M ON M 7 = DUSTSTORM OR SANDSTORM:
VSBY 1/2 MILE OR LESS
8 = SMOKE OR HAZE
[NO. OF DAYS WITH] [WEATHER - DAYS WITH] 9 = BLOWING SNOW
X = TORNADO
MAX 32 OR BELOW: 0 0.01 INCH OR MORE: 22
MAX 90 OR ABOVE: 0 0.10 INCH OR MORE: 11
MIN 32 OR BELOW: 2 0.50 INCH OR MORE: 2
MIN 0 OR BELOW: 0 1.00 INCH OR MORE: 0
[HDD (BASE 65) ]
TOTAL THIS MO. 563 CLEAR (SCALE 0-3) 1
DPTR FM NORMAL -7 PTCLDY (SCALE 4-7) 15
TOTAL FM JUL 1 1531 CLOUDY (SCALE 8-10) 14
DPTR FM NORMAL -49
[CDD (BASE 65) ]
TOTAL THIS MO. 0
DPTR FM NORMAL 0 [PRESSURE DATA]
TOTAL FM JAN 1 0 HIGHEST SLP M ON M
DPTR FM NORMAL 0 LOWEST SLP 29.13 ON 29
[REMARKS]
#FINAL-09-21#