000
CXUS56 KMTR 011857
CF6SNS
PRELIMINARY LOCAL CLIMATOLOGICAL DATA (WS FORM: F-6)
STATION: SALINAS AIRPORT
MONTH: DECEMBER
YEAR: 2020
LATITUDE: 36 40 N
LONGITUDE: 121 36 W
TEMPERATURE IN F: :PCPN: SNOW: WIND :SUNSHINE: SKY :PK WND
================================================================================
1 2 3 4 5 6A 6B 7 8 9 10 11 12 13 14 15 16 17 18
12Z AVG MX 2MIN
DY MAX MIN AVG DEP HDD CDD WTR SNW DPTH SPD SPD DIR MIN PSBL S-S WX SPD DR
================================================================================
1 71 36 54 2 11 0 0.00 M M 3.8 10 310 M M 0 13 150
2 69 39 54 2 11 0 0.00 M M 6.3 16 130 M M 0 19 120
3 67 39 53 1 12 0 0.00 M M 4.9 14 300 M M 1 1 16 300
4 75 41 58 6 7 0 0.00 M M 7.7 21 130 M M 1 12 M M
5 69 39 54 2 11 0 0.00 M M 7.2 24 300 M M 1 18 31 300
6 65 38 52 0 13 0 0.00 M M 5.5 16 290 M M 2 128 21 310
7 77 37 57 5 8 0 0.00 M M 2.7 15 360 M M 0 1 19 360
8 77 39 58 7 7 0 0.00 M M 5.8 15 140 M M 0 18 150
9 71 39 55 4 10 0 0.00 M M 5.7 20 140 M M 0 18 23 140
10 62 38 50 -1 15 0 0.00 M M 6.2 15 310 M M 1 18 18 290
11 59 47 53 2 12 0 0.16 M M 4.7 16 300 M M 8 1 20 280
12 58 48 53 2 12 0 T M M 5.5 15 140 M M 9 12 17 140
13 59 50 55 4 10 0 0.13 M M 9.8 17 130 M M 10 128 21 300
14 59 40 50 -1 15 0 0.00 M M 3.5 13 300 M M 0 1 17 300
15 62 38 50 -1 15 0 0.00 M M 4.3 13 290 M M 1 15 290
16 66 39 53 2 12 0 0.00 M M 5.4 16 140 M M 0 19 140
17 58 44 51 0 14 0 0.17 M M 9.3 23 300 M M 6 1 30 290
18 64 35 50 -1 15 0 0.00 M M 3.9 13 290 M M 1 1 14 290
19 65 37 51 1 14 0 0.00 M M 6.7 18 140 M M 0 24 140
20 70 35 53 3 12 0 0.00 M M 4.4 14 130 M M 0 16 140
21 71 42 57 7 8 0 0.00 M M 8.8 23 130 M M 0 28 140
22 68 38 53 3 12 0 0.00 M M 4.6 16 40 M M 2 19 40
23 62 36 49 -1 16 0 0.00 M M 5.9 15 150 M M 0 M M
24 69 43 56 6 9 0 0.00 M M 8.9 21 120 M M 2 24 120
25 71 44 58 8 7 0 T M M 10.4 22 140 M M 6 1 27 130
26 61 46 54 4 11 0 0.02 M M 3.5 12 300 M M 3 1 13 300
27 62 42 52 2 13 0 0.01 M M 8.0 20 130 M M 1 23 140
28 59 44 52 2 13 0 0.01 M M 6.9 20 140 M M 6 22 140
29 63 35 49 -1 16 0 0.00 M M 2.7 16 320 M M 0 1 20 320
30 60 35 48 -2 17 0 0.01 M M 6.7 21 140 M M 2 1 26 140
31 61 43 52 2 13 0 0.06 M M 5.8 18 270 M M 3 1 21 260
================================================================================
SM 2030 1246 371 0 0.57 M 185.5 M 66
================================================================================
AV 65.5 40.2 6.0 FASTST M M 2 MAX(MPH)
MISC ----> 24 300 31 300
================================================================================
NOTES:
# LAST OF SEVERAL OCCURRENCES
COLUMN 17 PEAK WIND IN M.P.H.
PRELIMINARY LOCAL CLIMATOLOGICAL DATA (WS FORM: F-6) , PAGE 2
STATION: SALINAS AIRPORT
MONTH: DECEMBER
YEAR: 2020
LATITUDE: 36 40 N
LONGITUDE: 121 36 W
[TEMPERATURE DATA] [PRECIPITATION DATA] SYMBOLS USED IN COLUMN 16
AVERAGE MONTHLY: 52.8 TOTAL FOR MONTH: 0.57 1 = FOG OR MIST
DPTR FM NORMAL: 1.9 DPTR FM NORMAL: -1.36 2 = FOG REDUCING VISIBILITY
HIGHEST: 77 ON 8, 7 GRTST 24HR 0.17 ON 17-17 TO 1/4 MILE OR LESS
LOWEST: 35 ON 30,29 3 = THUNDER
SNOW, ICE PELLETS, HAIL 4 = ICE PELLETS
TOTAL MONTH: M 5 = HAIL
GRTST 24HR M ON M 6 = FREEZING RAIN OR DRIZZLE
GRTST DEPTH: M ON M 7 = DUSTSTORM OR SANDSTORM:
VSBY 1/2 MILE OR LESS
8 = SMOKE OR HAZE
[NO. OF DAYS WITH] [WEATHER - DAYS WITH] 9 = BLOWING SNOW
X = TORNADO
MAX 32 OR BELOW: 0 0.01 INCH OR MORE: 8
MAX 90 OR ABOVE: 0 0.10 INCH OR MORE: 3
MIN 32 OR BELOW: 0 0.50 INCH OR MORE: 0
MIN 0 OR BELOW: 0 1.00 INCH OR MORE: 0
[HDD (BASE 65) ]
TOTAL THIS MO. 371 CLEAR (SCALE 0-3) 24
DPTR FM NORMAL -64 PTCLDY (SCALE 4-7) 5
TOTAL FM JUL 1 738 CLOUDY (SCALE 8-10) 2
DPTR FM NORMAL -318
[CDD (BASE 65) ]
TOTAL THIS MO. 0
DPTR FM NORMAL 0 [PRESSURE DATA]
TOTAL FM JAN 1 358 HIGHEST SLP 30.43 ON 30
DPTR FM NORMAL 228 LOWEST SLP 29.69 ON 28
[REMARKS]
#FINAL-12-20#