000
CXUS55 KCYS 041647
CF6SNY
PRELIMINARY LOCAL CLIMATOLOGICAL DATA (WS FORM: F-6)
STATION: SIDNEY NEBRASKA AIRPORT
MONTH: JULY
YEAR: 2023
LATITUDE: 41 5 N
LONGITUDE: 102 59 W
TEMPERATURE IN F: :PCPN: SNOW: WIND :SUNSHINE: SKY :PK WND
================================================================================
1 2 3 4 5 6A 6B 7 8 9 10 11 12 13 14 15 16 17 18
12Z AVG MX 2MIN
DY MAX MIN AVG DEP HDD CDD WTR SNW DPTH SPD SPD DIR MIN PSBL S-S WX SPD DR
================================================================================
1 80 52 66 -5 0 1 0.00 M M 8.1 16 30 M M 1 21 10
2 85 53 69 -2 0 4 0.00 M M 7.0 16 330 M M 0 22 350
3 90 53 72 0 0 7 0.00 M M 7.7 18 240 M M 0 25 250
4 74 55 65 -7 0 0 0.41 M M 11.4 24 340 M M 3 1 33 340
5 56 52 54 -18 11 0 0.04 M M 9.3 15 50 M M 10 13 21 70
6 71 53 62 -10 3 0 0.00 M M 11.1 23 160 M M 7 1 31 160
7 78 54 66 -7 0 1 0.00 M M 10.0 20 350 M M 2 13 27 350
8 68 53 61 -12 4 0 0.28 M M 10.4 24 110 M M 6 13 39 40
9 80 47 64 -9 1 0 0.00 M M 6.6 13 190 M M 1 1 19 210
10 93 57 75 2 0 10 0.00 M M 7.7 16 120 M M 0 13 22 130
11 95 61 78 5 0 13 0.00 M M 10.7 25 310 M M 0 35 300
12 89 60 75 1 0 10 0.00 M M 8.4 24 360 M M 1 1 29 360
13 88 63 76 2 0 11 0.04 M M 12.4 32 200 M M 0 3 46 210
14 84 60 72 -2 0 7 0.01 M M 11.9 25 20 M M 2 3 33 20
15 86 59 73 -1 0 8 0.01 M M 7.6 18 260 M M 2 38 25 260
16 88 58 73 -1 0 8 0.00 M M 7.6 20 220 M M 0 18 29 210
17 94 59 77 3 0 12 T M M 9.8 28 140 M M 0 13 37 140
18 94 64 79 5 0 14 T M M 7.4 17 360 M M 1 123 26 190
19 85 60 73 -1 0 8 T M M 9.2 20 340 M M 2 28 340
20 68 56 62 -13 3 0 0.89 M M 9.5 20 60 M M 9 123 25 70
21 82 51 67 -8 0 2 0.00 M M 7.4 14 200 M M 2 128 21 220
22 91 54 73 -2 0 8 0.00 M M 6.4 15 110 M M 0 21 110
23 99 54 77 2 0 12 0.00 M M 6.9 17 120 M M 0 3 24 120
24 99 63 81 6 0 16 T M M 9.2 32 270 M M 0 8 57 270
25 101 60 81 6 0 16 0.00 M M 9.5 23 320 M M 0 3 34 320
26 97 61 79 4 0 14 0.00 M M 9.7 24 290 M M 1 34 300
27 100 59 80 5 0 15 0.00 M M 7.8 28 330 M M 0 37 320
28 92 57 75 0 0 10 T M M 8.7 28 270 M M 1 3 37 270
29 89 54 72 -3 0 7 0.00 M M 11.3 23 150 M M 1 1 34 130
30 97 65 81 6 0 16 0.00 M M 10.6 21 140 M M 1 18 31 140
31 90 64 77 3 0 12 T M M 10.6 28 50 M M 1 8 36 30
================================================================================
SM 2683 1771 22 242 1.68 M 281.9 M 54
================================================================================
AV 86.5 57.1 9.1 FASTST M M 2 MAX(MPH)
MISC ----> # 32 200 57 270
================================================================================
NOTES:
# LAST OF SEVERAL OCCURRENCES
COLUMN 17 PEAK WIND IN M.P.H.
PRELIMINARY LOCAL CLIMATOLOGICAL DATA (WS FORM: F-6) , PAGE 2
STATION: SIDNEY NEBRASKA AIRPORT
MONTH: JULY
YEAR: 2023
LATITUDE: 41 5 N
LONGITUDE: 102 59 W
[TEMPERATURE DATA] [PRECIPITATION DATA] SYMBOLS USED IN COLUMN 16
AVERAGE MONTHLY: 71.8 TOTAL FOR MONTH: 1.68 1 = FOG OR MIST
DPTR FM NORMAL: -1.9 DPTR FM NORMAL: -0.47 2 = FOG REDUCING VISIBILITY
HIGHEST: 101 ON 25 GRTST 24HR 0.89 ON 20-20 TO 1/4 MILE OR LESS
LOWEST: 47 ON 9 3 = THUNDER
SNOW, ICE PELLETS, HAIL 4 = ICE PELLETS
TOTAL MONTH: M 5 = HAIL
GRTST 24HR M ON M 6 = FREEZING RAIN OR DRIZZLE
GRTST DEPTH: M ON M 7 = DUSTSTORM OR SANDSTORM:
VSBY 1/2 MILE OR LESS
8 = SMOKE OR HAZE
[NO. OF DAYS WITH] [WEATHER - DAYS WITH] 9 = BLOWING SNOW
X = TORNADO
MAX 32 OR BELOW: 0 0.01 INCH OR MORE: 7
MAX 90 OR ABOVE: 14 0.10 INCH OR MORE: 3
MIN 32 OR BELOW: 0 0.50 INCH OR MORE: 1
MIN 0 OR BELOW: 0 1.00 INCH OR MORE: 0
[HDD (BASE 65) ]
TOTAL THIS MO. 22 CLEAR (SCALE 0-3) 27
DPTR FM NORMAL 16 PTCLDY (SCALE 4-7) 2
TOTAL FM JUL 1 22 CLOUDY (SCALE 8-10) 2
DPTR FM NORMAL 22
[CDD (BASE 65) ]
TOTAL THIS MO. 242
DPTR FM NORMAL -33 [PRESSURE DATA]
TOTAL FM JAN 1 293 HIGHEST SLP 30.28 ON 20
DPTR FM NORMAL -111 LOWEST SLP 29.71 ON 12
[REMARKS]
#FINAL-07-23#
JULY 5... RECORD LOW MAXIMUM TEMPERATURE: 56F (PREVIOUS: 62F)
THIS ALSO BREAKS THE JULY MONTHLY RECORD LOW MAXIMUM. THE PREVIOUS
RECORD WAS 57F SET ON 20 JULY 1973 AND TIED ON 21 JULY 1990.