000
CXUS55 KCYS 011809
CLMSNY
CLIMATE REPORT
NATIONAL WEATHER SERVICE CHEYENNE WY
1209 PM MDT WED NOV 01 2023
...................................
...THE SIDNEY NEBRASKA AIRPORT CLIMATE SUMMARY FOR THE MONTH OF OCTOBER 2023...
CLIMATE NORMAL PERIOD 1991 TO 2020
CLIMATE RECORD PERIOD 1948 TO 2023
WEATHER OBSERVED NORMAL DEPART LAST YEAR`S
VALUE DATE(S) VALUE FROM VALUE DATE(S)
NORMAL
................................................................
TEMPERATURE (F)
RECORD
HIGH 93 10/06/2007
LOW -9 10/27/2020
HIGHEST 87 10/17 MM MM 82
LOWEST 1 10/30 MM MM 17
AVG. MAXIMUM 64.5 63.9 0.6 67.6
AVG. MINIMUM 30.7 32.3 -1.6 32.0
MEAN 47.6 48.1 -0.5 49.8
DAYS MAX >= 90 0 0.3 -0.3 0
DAYS MAX <= 32 2 0.8 1.2 0
DAYS MIN <= 32 13 13.7 -0.7 15
DAYS MIN <= 0 0 0.1 -0.1 0
PRECIPITATION (INCHES)
RECORD
MAXIMUM 4.08 1969
TOTALS 1.03 1.01 0.02 0.11
DAYS >= .01 8 6.0 2.0 2
DAYS >= .10 5 2.4 2.6 0
DAYS >= .50 0 0.3 -0.3 0
DAYS >= 1.00 0 0.0 0.0 0
GREATEST
24 HR. TOTAL 0.34 10/12 TO 10/13 0.06 10/01 TO 10/01
DEGREE DAYS
HEATING TOTAL 538 526 12 463
SINCE 7/1 638
COOLING TOTAL 9 3 6 0
SINCE 1/1 610
................................................................
WIND (MPH)
AVERAGE WIND SPEED 10.2
HIGHEST WIND SPEED/DIRECTION 38/340 DATE 10/13
HIGHEST GUST SPEED/DIRECTION 61/360 DATE 10/13
SKY COVER
POSSIBLE SUNSHINE (PERCENT) MM
AVERAGE SKY COVER 0.23
NUMBER OF DAYS FAIR 22
NUMBER OF DAYS PC 5
NUMBER OF DAYS CLOUDY 4
AVERAGE RH (PERCENT) 61
WEATHER CONDITIONS. NUMBER OF DAYS WITH
THUNDERSTORM 2 MIXED PRECIP 0
HEAVY RAIN 1 RAIN 2
LIGHT RAIN 8 FREEZING RAIN 0
LT FREEZING RAIN 1 HAIL 0
HEAVY SNOW 0 SNOW 1
LIGHT SNOW 3 SLEET 0
FOG 11 FOG W/VIS <= 1/4 MILE 3
HAZE 5
- INDICATES NEGATIVE NUMBERS.
R INDICATES RECORD WAS SET OR TIED.
MM INDICATES DATA IS MISSING.
T INDICATES TRACE AMOUNT.
$$