000
CXUS52 KTBW 011630
CLMSRQ
CLIMATE REPORT
NATIONAL WEATHER SERVICE TAMPA BAY FL
1230 PM EDT SUN OCT 01 2023
...................................
...THE SARASOTA BRADENTON CLIMATE SUMMARY FOR THE MONTH OF SEPTEMBER 2023...
CLIMATE NORMAL PERIOD: 1991 TO 2020
CLIMATE RECORD PERIOD: 1911 TO 2023
WEATHER OBSERVED NORMAL DEPART LAST YEAR`S
VALUE DATE(S) VALUE FROM VALUE DATE(S)
NORMAL
................................................................
TEMPERATURE (F)
ALL-TIME SEPTEMBER RECORD
HIGH 98 09/07/1970
09/11/1925
LOW 59 09/27/1991
09/19/1981
09/24/1916
SEPTEMBER 2023
HIGHEST 95 09/12 MM MM 92 09/04
09/16
LOWEST 70 09/23 MM MM 65 09/30
AVG. MAXIMUM 90.8 90.2 0.6 87.4
AVG. MINIMUM 74.8 74.1 0.7 73.4
MEAN 82.8 82.2 0.6 80.4
DAYS MAX >= 90 21 16.3 4.7 12
DAYS MAX <= 32 0 0.0 0.0 0
DAYS MIN <= 32 0 0.0 0.0 0
DAYS MIN <= 0 0 0.0 0.0 0
PRECIPITATION (INCHES)
ALL-TIME SEPTEMBER RECORD
MAXIMUM 21.16 1962
MINIMUM 1.07 2005
SEPTEMBER 2023
TOTALS 1.88 6.00 -4.12 14.54
DAILY AVG. 0.06 0.20 -0.14 0.48
DAYS >= .01 4 13.7 -9.7 19
DAYS >= .10 3 8.3 -5.3 14
DAYS >= .50 2 3.8 -1.8 7
DAYS >= 1.00 0 1.9 -1.9 2
GREATEST
24 HR. TOTAL 0.91 09/20 TO 09/20
DEGREE DAYS
HEATING TOTAL 0 0 0 0
SINCE 7/1 0 0 0 MM
COOLING TOTAL 542 514 28 469
SINCE 1/1 3634 3057 577 MM
................................................................
WIND (MPH)
AVERAGE WIND SPEED 7.1
HIGHEST WIND SPEED/DIRECTION 24/180 DATE 09/20
HIGHEST GUST SPEED/DIRECTION 40/180 DATE 09/20
SKY COVER (DOES NOT INCLUDE ANY CLOUDS ABOVE 12000 FEET)
POSSIBLE SUNSHINE (PERCENT) MM
AVERAGE SKY COVER 0.17
NUMBER OF DAYS FAIR 27
NUMBER OF DAYS PC 3
NUMBER OF DAYS CLOUDY 0
AVERAGE RH (PERCENT) 73
WEATHER CONDITIONS. NUMBER OF DAYS WITH
THUNDERSTORM 12 MIXED PRECIP 0
HEAVY RAIN 3 RAIN 4
LIGHT RAIN 10 FREEZING RAIN 0
LT FREEZING RAIN 0 HAIL 0
HEAVY SNOW 0 SNOW 0
LIGHT SNOW 0 SLEET 0
FOG 4 FOG W/VIS <= 1/4 MILE 0
HAZE 2
- INDICATES NEGATIVE NUMBERS.
R INDICATES RECORD WAS SET OR TIED.
MM INDICATES DATA IS MISSING.
T INDICATES TRACE AMOUNT.
$$