000
CXUS54 KEWX 011110
CF6SSF
PRELIMINARY LOCAL CLIMATOLOGICAL DATA (WS FORM: F-6)
STATION: SAN ANTONIO STINSON FIELD
MONTH: FEBRUARY
YEAR: 2022
LATITUDE: 29 19 N
LONGITUDE: 98 29 W
TEMPERATURE IN F: :PCPN: SNOW: WIND :SUNSHINE: SKY :PK WND
================================================================================
1 2 3 4 5 6A 6B 7 8 9 10 11 12 13 14 15 16 17 18
12Z AVG MX 2MIN
DY MAX MIN AVG DEP HDD CDD WTR SNW DPTH SPD SPD DIR MIN PSBL S-S WX SPD DR
================================================================================
1 78 57 68 13 0 3 T M M 3.0 10 100 M M 5 18 14 80
2 67 43 55 -1 10 0 0.05 M M 8.6 21 10 M M 8 138 29 360
3 43 28 36 -20 29 0 0.87 M M 12.6 21 350 M M 8 13 30 350
4 48 26 37 -19 28 0 0.00 M M 11.0 21 360 M M 4 31 340
5 55 23 39 -17 26 0 0.00 M M 2.4 9 140 M M 0 12 240
6 66 28 47 -9 18 0 0.00 M M 2.4 10 120 M M 0 17 150
7 68 41 55 -1 10 0 0.00 M M 8.1 17 10 M M 0 26 20
8 70 31 51 -6 14 0 0.00 M M 3.8 15 260 M M 0 8 23 280
9 76 34 55 -2 10 0 T M M 3.7 13 240 M M 0 8 18 270
10 77 42 60 3 5 0 0.00 M M 2.2 10 100 M M 0 8 16 90
11 81 41 61 4 4 0 0.00 M M 5.3 15 190 M M 0 23 230
12 64 44 54 -4 11 0 0.00 M M 10.4 29 30 M M 4 18 46 40
13 68 28 48 -10 17 0 0.00 M M 4.6 14 250 M M 0 19 250
14 74 33 54 -4 11 0 0.00 M M 5.8 16 170 M M 0 23 160
15 80 41 61 3 4 0 0.00 M M 9.4 24 140 M M 0 32 160
16 86 60 73 15 0 8 T M M 13.5 26 140 M M 7 37 140
17 81 43 62 4 3 0 0.00 M M 12.6 25 360 M M 3 8 39 360
18 65 38 52 -7 13 0 0.00 M M 8.1 20 360 M M 0 30 360
19 70 37 54 -5 11 0 0.00 M M 4.1 14 120 M M 0 18 120
20 79 44 62 3 3 0 0.00 M M 4.8 17 180 M M 0 23 190
21 90 65 78 19 0 13 0.02 M M 10.1 24 140 M M 5 18 34 150
22 88 61 75 15 0 10 0.00 M M 7.6 22 40 M M 2 18 30 50
23 61 34 48 -12 17 0 0.01 M M 15.0 23 20 M M 10 18 34 10
24 45 34 40 -20 25 0 0.01 M M 9.4 16 10 M M 10 18 24 30
25 44 37 41 -19 24 0 T M M 10.4 17 30 M M 9 26 30
26 46 39 43 -17 22 0 T M M 8.0 15 20 M M 10 8 21 20
27 66 40 53 -8 12 0 T M M 6.9 16 360 M M 4 18 22 20
28 72 32 52 -9 13 0 0.00 M M 2.5 8 140 M M 0 13 10
================================================================================
SM 1908 1104 340 34 0.96 M 206.3 M 89
================================================================================
AV 68.1 39.4 7.4 FASTST M M 3 MAX(MPH)
MISC ----> 29 30 46 40
================================================================================
NOTES:
# LAST OF SEVERAL OCCURRENCES
COLUMN 17 PEAK WIND IN M.P.H.
PRELIMINARY LOCAL CLIMATOLOGICAL DATA (WS FORM: F-6) , PAGE 2
STATION: SAN ANTONIO STINSON FIELD
MONTH: FEBRUARY
YEAR: 2022
LATITUDE: 29 19 N
LONGITUDE: 98 29 W
[TEMPERATURE DATA] [PRECIPITATION DATA] SYMBOLS USED IN COLUMN 16
AVERAGE MONTHLY: 53.8 TOTAL FOR MONTH: 0.96 1 = FOG OR MIST
DPTR FM NORMAL: -4.2 DPTR FM NORMAL: -0.60 2 = FOG REDUCING VISIBILITY
HIGHEST: 90 ON 21 GRTST 24HR 0.91 ON 2- 3 TO 1/4 MILE OR LESS
LOWEST: 23 ON 5 3 = THUNDER
SNOW, ICE PELLETS, HAIL 4 = ICE PELLETS
TOTAL MONTH: M 5 = HAIL
GRTST 24HR M ON M 6 = FREEZING RAIN OR DRIZZLE
GRTST DEPTH: M ON M 7 = DUSTSTORM OR SANDSTORM:
VSBY 1/2 MILE OR LESS
8 = SMOKE OR HAZE
[NO. OF DAYS WITH] [WEATHER - DAYS WITH] 9 = BLOWING SNOW
X = TORNADO
MAX 32 OR BELOW: 0 0.01 INCH OR MORE: 5
MAX 90 OR ABOVE: 1 0.10 INCH OR MORE: 1
MIN 32 OR BELOW: 7 0.50 INCH OR MORE: 1
MIN 0 OR BELOW: 0 1.00 INCH OR MORE: 0
[HDD (BASE 65) ]
TOTAL THIS MO. 340 CLEAR (SCALE 0-3) 16
DPTR FM NORMAL 109 PTCLDY (SCALE 4-7) 8
TOTAL FM JUL 1 837 CLOUDY (SCALE 8-10) 4
DPTR FM NORMAL -265
[CDD (BASE 65) ]
TOTAL THIS MO. 34
DPTR FM NORMAL -1 [PRESSURE DATA]
TOTAL FM JAN 1 40 HIGHEST SLP 30.68 ON 4
DPTR FM NORMAL -7 LOWEST SLP 29.68 ON 17
[REMARKS]
#FINAL-02-22#