000
CDUS43 KMPX 040732
CLISTC


CLIMATE REPORT
NATIONAL WEATHER SERVICE CHANHASSEN MN
231 AM CDT FRI SEP 4 2015


...................................

...THE ST CLOUD MN CLIMATE SUMMARY FOR SEPTEMBER 3 2015...

CLIMATE NORMAL PERIOD 1981 TO 2010
CLIMATE RECORD PERIOD 1893 TO 2015


WEATHER ITEM   OBSERVED TIME   RECORD YEAR NORMAL DEPARTURE LAST
                VALUE   (LST)  VALUE       VALUE  FROM      YEAR
                                                  NORMAL
..................................................................
TEMPERATURE (F)
 YESTERDAY
  MAXIMUM         85    412 PM  96    1929  75     10       70
  MINIMUM         65    611 AM  27    1974  52     13       58
  AVERAGE         75                        64     11       64

PRECIPITATION (IN)
  YESTERDAY        0.00          2.94 2014   0.13  -0.13     2.94
  MONTH TO DATE    0.10                      0.41  -0.31     3.23
  SINCE SEP 1      0.10                      0.41  -0.31     3.23
  SINCE JAN 1     23.71                     19.99   3.72    32.60

SNOWFALL (IN)
  YESTERDAY        0.0           T    1989   0.0    0.0      0.0
  MONTH TO DATE    0.0                       0.0    0.0      0.0
  SINCE SEP 1      0.0                       0.0    0.0      0.0
  SINCE JUL 1      0.0                       0.0    0.0      0.0
  SNOW DEPTH       0

DEGREE DAYS
 HEATING
  YESTERDAY        0                         4     -4        1
  MONTH TO DATE    0                        10    -10        1
  SINCE SEP 1      0                        10    -10        1
  SINCE JUL 1     52                        68    -16       10

 COOLING
  YESTERDAY       10                         2      8        0
  MONTH TO DATE   28                         6     22        7
  SINCE SEP 1     28                         6     22        7
  SINCE JAN 1    414                       435    -21      561
..................................................................


WIND (MPH)
  HIGHEST WIND SPEED    16   HIGHEST WIND DIRECTION    SE (130)
  HIGHEST GUST SPEED    20   HIGHEST GUST DIRECTION    SE (130)
  AVERAGE WIND SPEED     8.2


SKY COVER
  POSSIBLE SUNSHINE  MM
  AVERAGE SKY COVER 0.4


WEATHER CONDITIONS
 THE FOLLOWING WEATHER WAS RECORDED YESTERDAY.
  FOG


RELATIVE HUMIDITY (PERCENT)
 HIGHEST   100           300 AM
 LOWEST     65           300 PM
 AVERAGE    83

..........................................................


THE ST CLOUD MN CLIMATE NORMALS FOR TODAY
                         NORMAL    RECORD    YEAR
 MAXIMUM TEMPERATURE (F)   75        98      1922
 MINIMUM TEMPERATURE (F)   52        32      1974


SUNRISE AND SUNSET
SEPTEMBER  4 2015.....SUNRISE   641 AM CDT   SUNSET   749 PM CDT
SEPTEMBER  5 2015.....SUNRISE   642 AM CDT   SUNSET   747 PM CDT


-  INDICATES NEGATIVE NUMBERS.
R  INDICATES RECORD WAS SET OR TIED.
MM INDICATES DATA IS MISSING.
T  INDICATES TRACE AMOUNT.




$$
