000
CDUS43 KMPX 070628
CLISTC


CLIMATE REPORT
NATIONAL WEATHER SERVICE CHANHASSEN MN
126 AM CDT TUE JUL 7 2015


...................................

...THE ST CLOUD MN CLIMATE SUMMARY FOR JULY 6 2015...

CLIMATE NORMAL PERIOD 1981 TO 2010
CLIMATE RECORD PERIOD 1893 TO 2015


WEATHER ITEM   OBSERVED TIME   RECORD YEAR NORMAL DEPARTURE LAST
                VALUE   (LST)  VALUE       VALUE  FROM      YEAR
                                                  NORMAL
..................................................................
TEMPERATURE (F)
 YESTERDAY
  MAXIMUM         75    339 PM 105    1936  82     -7       89
  MINIMUM         52   1159 PM  41    1942  58     -6       66
  AVERAGE         64                        70     -6       78

PRECIPITATION (IN)
  YESTERDAY        0.29          4.05 1897   0.11   0.18     0.18
  MONTH TO DATE    1.70                      0.70   1.00     0.23
  SINCE JUN 1      6.36                      4.87   1.49     6.41
  SINCE JAN 1     15.03                     13.18   1.85    22.76

SNOWFALL (IN)
  YESTERDAY        0.0           0.0    MM   0.0    0.0      0.0
  MONTH TO DATE    0.0                       0.0    0.0      0.0
  SINCE JUN 1      0.0                       0.0    0.0      0.0
  SINCE JUL 1      0.0                       0.0    0.0      0.0
  SNOW DEPTH       0

DEGREE DAYS
 HEATING
  YESTERDAY        1                         1      0        0
  MONTH TO DATE    3                         6     -3        0
  SINCE JUN 1     31                        84    -53       26
  SINCE JUL 1      3                         6     -3        0

 COOLING
  YESTERDAY        0                         6     -6       13
  MONTH TO DATE   17                        35    -18       31
  SINCE JUN 1     89                       130    -41      164
  SINCE JAN 1     94                       155    -61      208
..................................................................


WIND (MPH)
  HIGHEST WIND SPEED    22   HIGHEST WIND DIRECTION    NW (330)
  HIGHEST GUST SPEED    27   HIGHEST GUST DIRECTION    NW (330)
  AVERAGE WIND SPEED     9.2


SKY COVER
  POSSIBLE SUNSHINE  MM
  AVERAGE SKY COVER 0.6


WEATHER CONDITIONS
 THE FOLLOWING WEATHER WAS RECORDED YESTERDAY.
  THUNDERSTORM
  RAIN
  LIGHT RAIN
  FOG
  HAZE


RELATIVE HUMIDITY (PERCENT)
 HIGHEST    97           300 AM
 LOWEST     46           400 PM
 AVERAGE    72

..........................................................


THE ST CLOUD MN CLIMATE NORMALS FOR TODAY
                         NORMAL    RECORD    YEAR
 MAXIMUM TEMPERATURE (F)   82       102      1936
 MINIMUM TEMPERATURE (F)   58        40      1972


SUNRISE AND SUNSET
JULY  7 2015..........SUNRISE   535 AM CDT   SUNSET   907 PM CDT
JULY  8 2015..........SUNRISE   536 AM CDT   SUNSET   906 PM CDT


-  INDICATES NEGATIVE NUMBERS.
R  INDICATES RECORD WAS SET OR TIED.
MM INDICATES DATA IS MISSING.
T  INDICATES TRACE AMOUNT.




$$
