000
CDUS43 KMPX 300726
CLISTC


CLIMATE REPORT
NATIONAL WEATHER SERVICE CHANHASSEN MN
226 AM CDT SUN APR 30 2017


...................................

...THE ST CLOUD MN CLIMATE SUMMARY FOR APRIL 29 2017...

CLIMATE NORMAL PERIOD 1981 TO 2010
CLIMATE RECORD PERIOD 1893 TO 2017


WEATHER ITEM   OBSERVED TIME   RECORD YEAR NORMAL DEPARTURE LAST
                VALUE   (LST)  VALUE       VALUE  FROM      YEAR
                                                  NORMAL
..................................................................
TEMPERATURE (F)
 YESTERDAY
  MAXIMUM         56    332 PM  86    1952  63     -7       59
  MINIMUM         28    450 AM  18    1958  39    -11       31
  AVERAGE         42                        51     -9       45

PRECIPITATION (IN)
  YESTERDAY        0.00          1.24 2006   0.11  -0.11     0.00
  MONTH TO DATE    2.87                      2.47   0.40     1.74
  SINCE MAR 1      3.54                      4.02  -0.48     3.24
  SINCE JAN 1      4.86                      5.26  -0.40     4.18

SNOWFALL (IN)
  YESTERDAY        0.0           3.0  1950   0.1   -0.1      0.0
                                      1909
  MONTH TO DATE    T                         3.0   -3.0      1.6
  SINCE MAR 1      2.0                      11.5   -9.5      4.6
  SINCE JUL 1     30.9                      45.7  -14.8     30.3
  SNOW DEPTH       0

DEGREE DAYS
 HEATING
  YESTERDAY       23                        14      9       20
  MONTH TO DATE  539                       604    -65      588
  SINCE MAR 1   1599                      1708   -109     1405
  SINCE JUL 1   6955                      8154  -1199     6856

 COOLING
  YESTERDAY        0                         0      0        0
  MONTH TO DATE    0                         0      0        5
  SINCE MAR 1      0                         0      0        5
  SINCE JAN 1      0                         0      0        5
..................................................................


WIND (MPH)
  HIGHEST WIND SPEED    20   HIGHEST WIND DIRECTION    NE (50)
  HIGHEST GUST SPEED    26   HIGHEST GUST DIRECTION    NE (50)
  AVERAGE WIND SPEED     8.2


SKY COVER
  POSSIBLE SUNSHINE  MM
  AVERAGE SKY COVER 0.0


WEATHER CONDITIONS
 THE FOLLOWING WEATHER WAS RECORDED YESTERDAY.
  NO SIGNIFICANT WEATHER WAS OBSERVED.


RELATIVE HUMIDITY (PERCENT)
 HIGHEST    92           500 AM
 LOWEST     21           700 PM
 AVERAGE    57

..........................................................


THE ST CLOUD MN CLIMATE NORMALS FOR TODAY
                         NORMAL    RECORD    YEAR
 MAXIMUM TEMPERATURE (F)   64        91      1934
 MINIMUM TEMPERATURE (F)   39        21      1966
                                             1903


SUNRISE AND SUNSET
APRIL 30 2017.........SUNRISE   605 AM CDT   SUNSET   822 PM CDT
MAY  1 2017...........SUNRISE   604 AM CDT   SUNSET   824 PM CDT


-  INDICATES NEGATIVE NUMBERS.
R  INDICATES RECORD WAS SET OR TIED.
MM INDICATES DATA IS MISSING.
T  INDICATES TRACE AMOUNT.




$$
