000
CDUS43 KMPX 270623
CLISTC


CLIMATE REPORT
NATIONAL WEATHER SERVICE CHANHASSEN MN
123 AM CDT WED JUL 27 2016


...................................

...THE ST CLOUD MN CLIMATE SUMMARY FOR JULY 26 2016...

CLIMATE NORMAL PERIOD 1981 TO 2010
CLIMATE RECORD PERIOD 1893 TO 2016


WEATHER ITEM   OBSERVED TIME   RECORD YEAR NORMAL DEPARTURE LAST
                VALUE   (LST)  VALUE       VALUE  FROM      YEAR
                                                  NORMAL
..................................................................
TEMPERATURE (F)
 YESTERDAY
  MAXIMUM         87    339 PM 103    1931  82      5       88
  MINIMUM         66    316 AM  46    1991  58      8       69
  AVERAGE         77                        70      7       79

PRECIPITATION (IN)
  YESTERDAY        0.00          1.34 1945   0.10  -0.10     0.00
  MONTH TO DATE    6.66                      2.80   3.86     6.10
  SINCE JUN 1     10.03                      6.97   3.06    10.76
  SINCE JAN 1     16.38                     15.28   1.10    19.43

SNOWFALL (IN)
  YESTERDAY        0.0           0.0    MM   0.0    0.0      0.0
  MONTH TO DATE    0.0                       0.0    0.0      0.0
  SINCE JUN 1      0.0                       0.0    0.0      0.0
  SINCE JUL 1      0.0                       0.0    0.0      0.0
  SNOW DEPTH       0

DEGREE DAYS
 HEATING
  YESTERDAY        0                         0      0        0
  MONTH TO DATE    7                        13     -6       12
  SINCE JUN 1     40                        91    -51       40
  SINCE JUL 1      7                        13     -6       12

 COOLING
  YESTERDAY       12                         6      6       14
  MONTH TO DATE  166                       155     11      151
  SINCE JUN 1    274                       250     24      223
  SINCE JAN 1    305                       275     30      228
..................................................................


WIND (MPH)
  HIGHEST WIND SPEED    20   HIGHEST WIND DIRECTION    NW (310)
  HIGHEST GUST SPEED    30   HIGHEST GUST DIRECTION    NW (310)
  AVERAGE WIND SPEED     7.2


SKY COVER
  POSSIBLE SUNSHINE  MM
  AVERAGE SKY COVER 0.2


WEATHER CONDITIONS
 THE FOLLOWING WEATHER WAS RECORDED YESTERDAY.
  NO SIGNIFICANT WEATHER WAS OBSERVED.


RELATIVE HUMIDITY (PERCENT)
 HIGHEST   100           200 AM
 LOWEST     58           500 PM
 AVERAGE    79

..........................................................


THE ST CLOUD MN CLIMATE NORMALS FOR TODAY
                         NORMAL    RECORD    YEAR
 MAXIMUM TEMPERATURE (F)   82       102      1931
 MINIMUM TEMPERATURE (F)   58        44      1981


SUNRISE AND SUNSET
JULY 27 2016..........SUNRISE   555 AM CDT   SUNSET   850 PM CDT
JULY 28 2016..........SUNRISE   556 AM CDT   SUNSET   849 PM CDT


-  INDICATES NEGATIVE NUMBERS.
R  INDICATES RECORD WAS SET OR TIED.
MM INDICATES DATA IS MISSING.
T  INDICATES TRACE AMOUNT.




$$
