000
CDUS43 KMPX 290644
CLISTC


CLIMATE REPORT
NATIONAL WEATHER SERVICE CHANHASSEN MN
144 AM CDT FRI APR 29 2016


...................................

...THE ST CLOUD MN CLIMATE SUMMARY FOR APRIL 28 2016...

CLIMATE NORMAL PERIOD 1981 TO 2010
CLIMATE RECORD PERIOD 1893 TO 2016


WEATHER ITEM   OBSERVED TIME   RECORD YEAR NORMAL DEPARTURE LAST
                VALUE   (LST)  VALUE       VALUE  FROM      YEAR
                                                  NORMAL
..................................................................
TEMPERATURE (F)
 YESTERDAY
  MAXIMUM         45    204 PM  92    2004  63    -18       64
  MINIMUM         36    227 AM  18    1950  38     -2       37
  AVERAGE         41                        50     -9       51

PRECIPITATION (IN)
  YESTERDAY        0.18          1.58 2014   0.10   0.08      T
  MONTH TO DATE    1.74                      2.36  -0.62     1.67
  SINCE MAR 1      3.24                      3.91  -0.67     2.05
  SINCE JAN 1      4.18                      5.15  -0.97     2.64

SNOWFALL (IN)
  YESTERDAY        0.0           6.5  1994   0.0    0.0      0.0
  MONTH TO DATE    1.6                       2.9   -1.3      1.0
  SINCE MAR 1      4.6                      11.4   -6.8      4.3
  SINCE JUL 1     30.3                      45.6  -15.3     31.1
  SNOW DEPTH       0

DEGREE DAYS
 HEATING
  YESTERDAY       24                        15      9       14
  MONTH TO DATE  568                       590    -22      527
  SINCE MAR 1   1385                      1694   -309     1528
  SINCE JUL 1   6836                      8140  -1304     7786

 COOLING
  YESTERDAY        0                         0      0        0
  MONTH TO DATE    5                         0      5        0
  SINCE MAR 1      5                         0      5        0
  SINCE JAN 1      5                         0      5        0
..................................................................


WIND (MPH)
  HIGHEST WIND SPEED    15   HIGHEST WIND DIRECTION     E (100)
  HIGHEST GUST SPEED    22   HIGHEST GUST DIRECTION     E (100)
  AVERAGE WIND SPEED     6.4


SKY COVER
  POSSIBLE SUNSHINE  MM
  AVERAGE SKY COVER 1.0


WEATHER CONDITIONS
 THE FOLLOWING WEATHER WAS RECORDED YESTERDAY.
  RAIN
  LIGHT RAIN
  FOG


RELATIVE HUMIDITY (PERCENT)
 HIGHEST   100          1100 PM
 LOWEST     54           800 AM
 AVERAGE    77

..........................................................


THE ST CLOUD MN CLIMATE NORMALS FOR TODAY
                         NORMAL    RECORD    YEAR
 MAXIMUM TEMPERATURE (F)   63        86      1952
 MINIMUM TEMPERATURE (F)   39        18      1958


SUNRISE AND SUNSET
APRIL 29 2016.........SUNRISE   607 AM CDT   SUNSET   821 PM CDT
APRIL 30 2016.........SUNRISE   605 AM CDT   SUNSET   823 PM CDT


-  INDICATES NEGATIVE NUMBERS.
R  INDICATES RECORD WAS SET OR TIED.
MM INDICATES DATA IS MISSING.
T  INDICATES TRACE AMOUNT.




$$
