000
CDUS43 KMPX 190730
CLISTC


CLIMATE REPORT
NATIONAL WEATHER SERVICE CHANHASSEN MN
229 AM CDT TUE AUG 19 2014


...................................

...THE ST CLOUD MN CLIMATE SUMMARY FOR AUGUST 18 2014...

CLIMATE NORMAL PERIOD 1981 TO 2010
CLIMATE RECORD PERIOD 1893 TO 2014


WEATHER ITEM   OBSERVED TIME   RECORD YEAR NORMAL DEPARTURE LAST
                VALUE   (LST)  VALUE       VALUE  FROM      YEAR
                                                  NORMAL
..................................................................
TEMPERATURE (F)
 YESTERDAY
  MAXIMUM         85    330 PM  99    1976  80      5       82
  MINIMUM         64   1159 PM  37    1977  56      8       52
  AVERAGE         75                        68      7       67

PRECIPITATION (IN)
  YESTERDAY        T             2.38 1899   0.12  -0.12     0.00
  MONTH TO DATE    1.26                      2.10  -0.84     0.58
  SINCE JUN 1      8.69                      9.58  -0.89     7.77
  SINCE JAN 1     25.04                     17.89   7.15    20.06

SNOWFALL (IN)
  YESTERDAY        0.0           0.0    MM   0.0    0.0      0.0
  MONTH TO DATE    0.0                       0.0    0.0      0.0
  SINCE JUN 1      0.0                       0.0    0.0      0.0
  SINCE JUL 1      0.0                       0.0    0.0      0.0
  SNOW DEPTH       0

DEGREE DAYS
 HEATING
  YESTERDAY        0                         1     -1        0
  MONTH TO DATE    0                        18    -18       23
  SINCE JUN 1     33                       113    -80      136
  SINCE JUL 1      7                        35    -28       49

 COOLING
  YESTERDAY       10                         4      6        2
  MONTH TO DATE  128                        85     43       15
  SINCE JUN 1    436                       362     74      331
  SINCE JAN 1    480                       387     93      342
..................................................................


WIND (MPH)
  HIGHEST WIND SPEED    18   HIGHEST WIND DIRECTION    NW (320)
  HIGHEST GUST SPEED    25   HIGHEST GUST DIRECTION     W (270)
  AVERAGE WIND SPEED     4.6


SKY COVER
  POSSIBLE SUNSHINE  MM
  AVERAGE SKY COVER 0.6


WEATHER CONDITIONS
 THE FOLLOWING WEATHER WAS RECORDED YESTERDAY.
  THUNDERSTORM
  LIGHT RAIN
  FOG
  FOG W/VISIBILITY <= 1/4 MILE


RELATIVE HUMIDITY (PERCENT)
 HIGHEST   100           700 AM
 LOWEST     44           100 PM
 AVERAGE    72

..........................................................


THE ST CLOUD MN CLIMATE NORMALS FOR TODAY
                         NORMAL    RECORD    YEAR
 MAXIMUM TEMPERATURE (F)   79       100      1900
 MINIMUM TEMPERATURE (F)   56        37      2004


SUNRISE AND SUNSET
AUGUST 19 2014........SUNRISE   622 AM CDT   SUNSET   817 PM CDT
AUGUST 20 2014........SUNRISE   623 AM CDT   SUNSET   815 PM CDT


-  INDICATES NEGATIVE NUMBERS.
R  INDICATES RECORD WAS SET OR TIED.
MM INDICATES DATA IS MISSING.
T  INDICATES TRACE AMOUNT.




$$
