000
CDUS43 KMPX 030114
CLISTC


CLIMATE REPORT
NATIONAL WEATHER SERVICE CHANHASSEN MN
813 PM CDT SUN AUG 2 2015


...................................

...THE ST CLOUD MN CLIMATE SUMMARY FOR AUGUST 2 2015...
VALID TODAY AS OF 0800 PM LOCAL TIME.

CLIMATE NORMAL PERIOD 1981 TO 2010
CLIMATE RECORD PERIOD 1893 TO 2015


WEATHER ITEM   OBSERVED TIME   RECORD YEAR NORMAL DEPARTURE LAST
                VALUE   (LST)  VALUE       VALUE  FROM      YEAR
                                                  NORMAL
..................................................................
TEMPERATURE (F)
 TODAY
  MAXIMUM         83    201 PM  96    1958  82      1       88
  MINIMUM         64    520 AM  43    1950  58      6       56
  AVERAGE         74                        70      4       72

PRECIPITATION (IN)
  TODAY            T             2.21 1997   0.11  -0.11     0.04
  MONTH TO DATE    T                         0.22  -0.22     0.04
  SINCE JUN 1     11.84                      7.70   4.14     7.47
  SINCE JAN 1     20.51                     16.01   4.50    23.82

SNOWFALL (IN)
  TODAY            0.0           0.0    MM   0.0    0.0      0.0
  MONTH TO DATE    0.0                       0.0    0.0      0.0
  SINCE JUN 1      0.0                       0.0    0.0      0.0
  SINCE JUL 1      0.0                       0.0    0.0      0.0
  SNOW DEPTH       0

DEGREE DAYS
 HEATING
  TODAY            0                         1     -1        0
  MONTH TO DATE    0                         2     -2        0
  SINCE JUN 1     40                        97    -57       33
  SINCE JUL 1     12                        19     -7        7

 COOLING
  TODAY            9                         5      4        7
  MONTH TO DATE   14                        10      4       16
  SINCE JUN 1    283                       287     -4      324
  SINCE JAN 1    288                       312    -24      368
..................................................................


WIND (MPH)
  HIGHEST WIND SPEED    25   HIGHEST WIND DIRECTION    NW (310)
  HIGHEST GUST SPEED    31   HIGHEST GUST DIRECTION    NW (300)
  AVERAGE WIND SPEED     9.9


SKY COVER
  POSSIBLE SUNSHINE  MM
  AVERAGE SKY COVER 0.2


WEATHER CONDITIONS
 THE FOLLOWING WEATHER WAS RECORDED TODAY.
  THUNDERSTORM
  LIGHT RAIN


RELATIVE HUMIDITY (PERCENT)
 HIGHEST   100           600 AM
 LOWEST     42           400 PM
 AVERAGE    71

..........................................................


THE ST CLOUD MN CLIMATE NORMALS FOR TOMORROW
                         NORMAL    RECORD    YEAR
 MAXIMUM TEMPERATURE (F)   82       103      1900
 MINIMUM TEMPERATURE (F)   58        42      1971


SUNRISE AND SUNSET
AUGUST  2 2015........SUNRISE   601 AM CDT   SUNSET   843 PM CDT
AUGUST  3 2015........SUNRISE   602 AM CDT   SUNSET   842 PM CDT


-  INDICATES NEGATIVE NUMBERS.
R  INDICATES RECORD WAS SET OR TIED.
MM INDICATES DATA IS MISSING.
T  INDICATES TRACE AMOUNT.




$$
