000
CDUS43 KMPX 120732
CLISTC


CLIMATE REPORT
NATIONAL WEATHER SERVICE CHANHASSEN MN
232 AM CDT SAT JUL 12 2014


...................................

...THE ST CLOUD MN CLIMATE SUMMARY FOR JULY 11 2014...

CLIMATE NORMAL PERIOD 1981 TO 2010
CLIMATE RECORD PERIOD 1893 TO 2014


WEATHER ITEM   OBSERVED TIME   RECORD YEAR NORMAL DEPARTURE LAST
                VALUE   (LST)  VALUE       VALUE  FROM      YEAR
                                                  NORMAL
..................................................................
TEMPERATURE (F)
 YESTERDAY
  MAXIMUM         83    532 PM 106    1936  83      0       84
  MINIMUM         67    710 AM  41    1945  59      8       54
  AVERAGE         75                        71      4       69

PRECIPITATION (IN)
  YESTERDAY        0.42          1.53 1990   0.11   0.31     0.00
  MONTH TO DATE    0.79                      1.24  -0.45     0.70
  SINCE JUN 1      6.97                      5.41   1.56     6.46
  SINCE JAN 1     23.32                     13.72   9.60    18.75

SNOWFALL (IN)
  YESTERDAY        0.0           0.0    MM   0.0    0.0      0.0
  MONTH TO DATE    0.0                       0.0    0.0      0.0
  SINCE JUN 1      0.0                       0.0    0.0      0.0
  SINCE JUL 1      0.0                       0.0    0.0      0.0
  SNOW DEPTH       0

DEGREE DAYS
 HEATING
  YESTERDAY        0                         1     -1        0
  MONTH TO DATE    0                        11    -11        0
  SINCE JUN 1     26                        89    -63       87
  SINCE JUL 1      0                        11    -11        0

 COOLING
  YESTERDAY       10                         6      4        4
  MONTH TO DATE   60                        65     -5       87
  SINCE JUN 1    193                       160     33      186
  SINCE JAN 1    237                       185     52      197
..................................................................


WIND (MPH)
  HIGHEST WIND SPEED    25   HIGHEST WIND DIRECTION     S (180)
  HIGHEST GUST SPEED    35   HIGHEST GUST DIRECTION     S (190)
  AVERAGE WIND SPEED     9.8


SKY COVER
  POSSIBLE SUNSHINE  MM
  AVERAGE SKY COVER 0.7


WEATHER CONDITIONS
 THE FOLLOWING WEATHER WAS RECORDED YESTERDAY.
  THUNDERSTORM
  HEAVY RAIN
  RAIN
  LIGHT RAIN
  FOG
  FOG W/VISIBILITY <= 1/4 MILE


RELATIVE HUMIDITY (PERCENT)
 HIGHEST    93           700 AM
 LOWEST     58          1200 AM
 AVERAGE    76

..........................................................


THE ST CLOUD MN CLIMATE NORMALS FOR TODAY
                         NORMAL    RECORD    YEAR
 MAXIMUM TEMPERATURE (F)   83       105      1936
 MINIMUM TEMPERATURE (F)   59        43      1975
                                             1941


SUNRISE AND SUNSET
JULY 12 2014..........SUNRISE   539 AM CDT   SUNSET   904 PM CDT
JULY 13 2014..........SUNRISE   540 AM CDT   SUNSET   903 PM CDT


-  INDICATES NEGATIVE NUMBERS.
R  INDICATES RECORD WAS SET OR TIED.
MM INDICATES DATA IS MISSING.
T  INDICATES TRACE AMOUNT.




$$
