000
CDUS43 KMPX 180722
CLISTC


CLIMATE REPORT
NATIONAL WEATHER SERVICE CHANHASSEN MN
221 AM CDT MON SEP 18 2017


...................................

...THE ST CLOUD MN CLIMATE SUMMARY FOR SEPTEMBER 17 2017...

CLIMATE NORMAL PERIOD 1981 TO 2010
CLIMATE RECORD PERIOD 1893 TO 2017


WEATHER ITEM   OBSERVED TIME   RECORD YEAR NORMAL DEPARTURE LAST
                VALUE   (LST)  VALUE       VALUE  FROM      YEAR
                                                  NORMAL
..................................................................
TEMPERATURE (F)
 YESTERDAY
  MAXIMUM         64    435 PM  92    1955  70     -6       71
  MINIMUM         45    529 AM  27    1943  46     -1       47
  AVERAGE         55                        58     -3       59

PRECIPITATION (IN)
  YESTERDAY        T             1.62 1942   0.12  -0.12     0.00
  MONTH TO DATE    0.35                      2.11  -1.76     1.60
  SINCE SEP 1      0.35                      2.11  -1.76     1.60
  SINCE JAN 1     21.28                     21.69  -0.41    26.42

SNOWFALL (IN)
  YESTERDAY        0.0           0.0    MM   0.0    0.0      0.0
  MONTH TO DATE    0.0                       0.0    0.0      0.0
  SINCE SEP 1      0.0                       0.0    0.0      0.0
  SINCE JUL 1      0.0                       0.0    0.0      0.0
  SNOW DEPTH       0

DEGREE DAYS
 HEATING
  YESTERDAY       10                         8      2        6
  MONTH TO DATE   59                        92    -33       44
  SINCE SEP 1     59                        92    -33       44
  SINCE JUL 1     99                       150    -51       66

 COOLING
  YESTERDAY        0                         1     -1        0
  MONTH TO DATE   39                        27     12       26
  SINCE SEP 1     39                        27     12       26
  SINCE JAN 1    329                       456   -127      504
..................................................................


WIND (MPH)
  HIGHEST WIND SPEED    20   HIGHEST WIND DIRECTION     W (290)
  HIGHEST GUST SPEED    27   HIGHEST GUST DIRECTION    NW (300)
  AVERAGE WIND SPEED     6.9


SKY COVER
  POSSIBLE SUNSHINE  MM
  AVERAGE SKY COVER 0.2


WEATHER CONDITIONS
 THE FOLLOWING WEATHER WAS RECORDED YESTERDAY.
  LIGHT RAIN


RELATIVE HUMIDITY (PERCENT)
 HIGHEST   100           200 AM
 LOWEST     52           300 PM
 AVERAGE    76

..........................................................


THE ST CLOUD MN CLIMATE NORMALS FOR TODAY
                         NORMAL    RECORD    YEAR
 MAXIMUM TEMPERATURE (F)   69        88      2000
                                             1998
                                             1984
 MINIMUM TEMPERATURE (F)   46        29      1993


SUNRISE AND SUNSET
SEPTEMBER 18 2017.....SUNRISE   659 AM CDT   SUNSET   721 PM CDT
SEPTEMBER 19 2017.....SUNRISE   700 AM CDT   SUNSET   719 PM CDT


-  INDICATES NEGATIVE NUMBERS.
R  INDICATES RECORD WAS SET OR TIED.
MM INDICATES DATA IS MISSING.
T  INDICATES TRACE AMOUNT.




$$
