000
CDUS43 KMPX 240737
CLISTC


CLIMATE REPORT
NATIONAL WEATHER SERVICE CHANHASSEN MN
236 AM CDT MON JUL 24 2017


...................................

...THE ST CLOUD MN CLIMATE SUMMARY FOR JULY 23 2017...

CLIMATE NORMAL PERIOD 1981 TO 2010
CLIMATE RECORD PERIOD 1893 TO 2017


WEATHER ITEM   OBSERVED TIME   RECORD YEAR NORMAL DEPARTURE LAST
                VALUE   (LST)  VALUE       VALUE  FROM      YEAR
                                                  NORMAL
..................................................................
TEMPERATURE (F)
 YESTERDAY
  MAXIMUM         76    507 PM 107    1934  83     -7       77
  MINIMUM         56   1159 PM  45    1978  59     -3       68
  AVERAGE         66                        70     -4       73

PRECIPITATION (IN)
  YESTERDAY        0.00          2.32 1912   0.10  -0.10     1.76
  MONTH TO DATE    2.30                      2.49  -0.19     6.66
  SINCE JUN 1      5.88                      6.66  -0.78    10.03
  SINCE JAN 1     15.58                     14.97   0.61    16.38

SNOWFALL (IN)
  YESTERDAY        0.0           0.0    MM   0.0    0.0      0.0
  MONTH TO DATE    0.0                       0.0    0.0      0.0
  SINCE JUN 1      0.0                       0.0    0.0      0.0
  SINCE JUL 1      0.0                       0.0    0.0      0.0
  SNOW DEPTH       0

DEGREE DAYS
 HEATING
  YESTERDAY        0                         0      0        0
  MONTH TO DATE    4                        13     -9        7
  SINCE JUN 1     45                        91    -46       40
  SINCE JUL 1      4                        13     -9        7

 COOLING
  YESTERDAY        1                         6     -5        8
  MONTH TO DATE  123                       137    -14      139
  SINCE JUN 1    207                       232    -25      247
  SINCE JAN 1    210                       257    -47      278
..................................................................


WIND (MPH)
  HIGHEST WIND SPEED    14   HIGHEST WIND DIRECTION     N (20)
  HIGHEST GUST SPEED    19   HIGHEST GUST DIRECTION    NE (40)
  AVERAGE WIND SPEED     7.0


SKY COVER
  POSSIBLE SUNSHINE  MM
  AVERAGE SKY COVER 0.5


WEATHER CONDITIONS
 THE FOLLOWING WEATHER WAS RECORDED YESTERDAY.
  FOG


RELATIVE HUMIDITY (PERCENT)
 HIGHEST   100          1000 PM
 LOWEST     60           300 PM
 AVERAGE    80

..........................................................


THE ST CLOUD MN CLIMATE NORMALS FOR TODAY
                         NORMAL    RECORD    YEAR
 MAXIMUM TEMPERATURE (F)   82       104      1901
 MINIMUM TEMPERATURE (F)   58        46      2004
                                             1992


SUNRISE AND SUNSET
JULY 24 2017..........SUNRISE   551 AM CDT   SUNSET   854 PM CDT
JULY 25 2017..........SUNRISE   552 AM CDT   SUNSET   852 PM CDT


-  INDICATES NEGATIVE NUMBERS.
R  INDICATES RECORD WAS SET OR TIED.
MM INDICATES DATA IS MISSING.
T  INDICATES TRACE AMOUNT.




$$
