000
CDUS43 KMPX 232125
CLISTC


CLIMATE REPORT
NATIONAL WEATHER SERVICE CHANHASSEN MN
424 PM CDT MON MAY 23 2016


...................................

...THE ST CLOUD MN CLIMATE SUMMARY FOR MAY 23 2016...
VALID AS OF 0400 PM LOCAL TIME.

CLIMATE NORMAL PERIOD 1981 TO 2010
CLIMATE RECORD PERIOD 1893 TO 2016


WEATHER ITEM   OBSERVED TIME   RECORD YEAR NORMAL DEPARTURE LAST
                VALUE   (LST)  VALUE       VALUE  FROM      YEAR
                                                  NORMAL
..................................................................
TEMPERATURE (F)
 TODAY
  MAXIMUM         78    226 PM  94    1926  71      7       68
  MINIMUM         61    540 AM  28    1963  46     15       41
  AVERAGE         70                        59     11       55

PRECIPITATION (IN)
  TODAY            0.02          1.43 2004   0.09  -0.07      T
  MONTH TO DATE    0.77                      2.15  -1.38     5.19
  SINCE MAR 1      4.01                      6.27  -2.26     7.24
  SINCE JAN 1      4.95                      7.51  -2.56     7.83

SNOWFALL (IN)
  TODAY            0.0           0.2  1925   0.0    0.0      0.0
  MONTH TO DATE    0.0                       0.0    0.0      0.0
  SINCE MAR 1      4.6                      11.5   -6.9      4.3
  SINCE JUL 1     30.3                      45.7  -15.4     31.1
  SNOW DEPTH       0

DEGREE DAYS
 HEATING
  TODAY            0                         7     -7       10
  MONTH TO DATE  256                       237     19      256
  SINCE MAR 1   1678                      1958   -280     1808
  SINCE JUL 1   7129                      8404  -1275     8066

 COOLING
  TODAY            5                         1      4        0
  MONTH TO DATE   13                        15     -2        0
  SINCE MAR 1     18                        17      1        0
  SINCE JAN 1     18                        17      1        0
..................................................................


WIND (MPH)
  HIGHEST WIND SPEED    23   HIGHEST WIND DIRECTION     S (160)
  HIGHEST GUST SPEED    29   HIGHEST GUST DIRECTION     S (170)
  AVERAGE WIND SPEED    13.2


SKY COVER
  POSSIBLE SUNSHINE  MM
  AVERAGE SKY COVER 0.3


WEATHER CONDITIONS
 THE FOLLOWING WEATHER WAS RECORDED TODAY.
  THUNDERSTORM
  LIGHT RAIN
  HAZE


RELATIVE HUMIDITY (PERCENT)
 HIGHEST    78           700 AM
 LOWEST     33          1200 AM
 AVERAGE    56

..........................................................


THE ST CLOUD MN CLIMATE NORMALS FOR TOMORROW
                         NORMAL    RECORD    YEAR
 MAXIMUM TEMPERATURE (F)   71        94      2010
 MINIMUM TEMPERATURE (F)   47        30      1949


SUNRISE AND SUNSET
MAY 23 2016...........SUNRISE   537 AM CDT   SUNSET   850 PM CDT
MAY 24 2016...........SUNRISE   536 AM CDT   SUNSET   851 PM CDT


-  INDICATES NEGATIVE NUMBERS.
R  INDICATES RECORD WAS SET OR TIED.
MM INDICATES DATA IS MISSING.
T  INDICATES TRACE AMOUNT.




$$
