000
CDUS43 KMPX 160655
CLISTC


CLIMATE REPORT
NATIONAL WEATHER SERVICE CHANHASSEN MN
1255 AM CST TUE JAN 16 2018


...................................

...THE ST CLOUD MN CLIMATE SUMMARY FOR JANUARY 15 2018...

CLIMATE NORMAL PERIOD 1981 TO 2010
CLIMATE RECORD PERIOD 1893 TO 2018


WEATHER ITEM   OBSERVED TIME   RECORD YEAR NORMAL DEPARTURE LAST
                VALUE   (LST)  VALUE       VALUE  FROM      YEAR
                                                  NORMAL
..................................................................
TEMPERATURE (F)
 YESTERDAY
  MAXIMUM          6   1251 AM  45    1901  21    -15       30
  MINIMUM         -3   1123 PM -31    1972   1     -4       -8
                                      1917
  AVERAGE          2                        11     -9       11

PRECIPITATION (IN)
  YESTERDAY        T             0.55 1953   0.02  -0.02     0.00
  MONTH TO DATE    0.17                      0.35  -0.18     0.37
  SINCE DEC 1      0.61                      1.17  -0.56     1.92
  SINCE JAN 1      0.17                      0.35  -0.18     0.37

SNOWFALL (IN)
  YESTERDAY        T             5.4  1953   0.3   -0.3      0.0
  MONTH TO DATE    3.9                       4.5   -0.6      9.0
  SINCE DEC 1      8.6                      13.9   -5.3     17.8
  SINCE JUL 1     15.7                      23.1   -7.4     25.1
  SNOW DEPTH       5

DEGREE DAYS
 HEATING
  YESTERDAY       63                        54      9       54
  MONTH TO DATE  889                       803     86      888
  SINCE DEC 1   2432                      2325    107     2352
  SINCE JUL 1   4198                      4250    -52     3726

 COOLING
  YESTERDAY        0                         0      0        0
  MONTH TO DATE    0                         0      0        0
  SINCE DEC 1      0                         0      0        0
  SINCE JAN 1      0                         0      0        0
..................................................................


WIND (MPH)
  HIGHEST WIND SPEED    22   HIGHEST WIND DIRECTION    NW (330)
  HIGHEST GUST SPEED    29   HIGHEST GUST DIRECTION    NW (330)
  AVERAGE WIND SPEED    13.8


SKY COVER
  POSSIBLE SUNSHINE  MM
  AVERAGE SKY COVER 0.9


WEATHER CONDITIONS
 THE FOLLOWING WEATHER WAS RECORDED YESTERDAY.
  LIGHT SNOW
  HAZE


RELATIVE HUMIDITY (PERCENT)
 HIGHEST    83           100 AM
 LOWEST     69          1200 PM
 AVERAGE    76

..........................................................


THE ST CLOUD MN CLIMATE NORMALS FOR TODAY
                         NORMAL    RECORD    YEAR
 MAXIMUM TEMPERATURE (F)   21        47      1961
 MINIMUM TEMPERATURE (F)    1       -36      2009


SUNRISE AND SUNSET
JANUARY 16 2018.......SUNRISE   752 AM CST   SUNSET   501 PM CST
JANUARY 17 2018.......SUNRISE   751 AM CST   SUNSET   502 PM CST


-  INDICATES NEGATIVE NUMBERS.
R  INDICATES RECORD WAS SET OR TIED.
MM INDICATES DATA IS MISSING.
T  INDICATES TRACE AMOUNT.




$$
