000
CDUS43 KMPX 210952
CLISTC


CLIMATE REPORT
NATIONAL WEATHER SERVICE CHANHASSEN MN
452 AM CDT SUN AUG 21 2016


...................................

...THE ST CLOUD MN CLIMATE SUMMARY FOR AUGUST 20 2016...

CLIMATE NORMAL PERIOD 1981 TO 2010
CLIMATE RECORD PERIOD 1893 TO 2016


WEATHER ITEM   OBSERVED TIME   RECORD YEAR NORMAL DEPARTURE LAST
                VALUE   (LST)  VALUE       VALUE  FROM      YEAR
                                                  NORMAL
..................................................................
TEMPERATURE (F)
 YESTERDAY
  MAXIMUM         68    431 PM  97    1901  79    -11       73
  MINIMUM         57    931 PM  34    1950  56      1       49
  AVERAGE         63                        67     -4       61

PRECIPITATION (IN)
  YESTERDAY        0.22          2.36 1975   0.12   0.10     0.00
  MONTH TO DATE    4.17                      2.34   1.83     2.33
  SINCE JUN 1     14.28                      9.82   4.46    14.17
  SINCE JAN 1     20.63                     18.13   2.50    22.84

SNOWFALL (IN)
  YESTERDAY        0.0           0.0    MM   0.0    0.0      0.0
  MONTH TO DATE    0.0                       0.0    0.0      0.0
  SINCE JUN 1      0.0                       0.0    0.0      0.0
  SINCE JUL 1      0.0                       0.0    0.0      0.0
  SNOW DEPTH       0

DEGREE DAYS
 HEATING
  YESTERDAY        2                         1      1        4
  MONTH TO DATE    2                        20    -18       16
  SINCE JUN 1     42                       115    -73       56
  SINCE JUL 1      9                        37    -28       28

 COOLING
  YESTERDAY        0                         4     -4        0
  MONTH TO DATE  121                        93     28       91
  SINCE JUN 1    411                       370     41      360
  SINCE JAN 1    442                       395     47      365
..................................................................


WIND (MPH)
  HIGHEST WIND SPEED    18   HIGHEST WIND DIRECTION     N (340)
  HIGHEST GUST SPEED    26   HIGHEST GUST DIRECTION     N (350)
  AVERAGE WIND SPEED     8.8


SKY COVER
  POSSIBLE SUNSHINE  MM
  AVERAGE SKY COVER 0.8


WEATHER CONDITIONS
 THE FOLLOWING WEATHER WAS RECORDED YESTERDAY.
  THUNDERSTORM
  RAIN
  LIGHT RAIN
  FOG


RELATIVE HUMIDITY (PERCENT)
 HIGHEST   100           600 AM
 LOWEST     72           700 PM
 AVERAGE    86

..........................................................


THE ST CLOUD MN CLIMATE NORMALS FOR TODAY
                         NORMAL    RECORD    YEAR
 MAXIMUM TEMPERATURE (F)   79        98      1901
 MINIMUM TEMPERATURE (F)   56        33      2004


SUNRISE AND SUNSET
AUGUST 21 2016........SUNRISE   625 AM CDT   SUNSET   813 PM CDT
AUGUST 22 2016........SUNRISE   626 AM CDT   SUNSET   811 PM CDT


-  INDICATES NEGATIVE NUMBERS.
R  INDICATES RECORD WAS SET OR TIED.
MM INDICATES DATA IS MISSING.
T  INDICATES TRACE AMOUNT.




$$
