000
CDUS43 KMPX 022241
CLISTC


CLIMATE REPORT
NATIONAL WEATHER SERVICE CHANHASSEN MN
440 PM CST MON MAR 2 2015


...................................

...THE ST CLOUD MN CLIMATE SUMMARY FOR MARCH 2 2015...
VALID AS OF 0400 PM LOCAL TIME.

CLIMATE NORMAL PERIOD 1981 TO 2010
CLIMATE RECORD PERIOD 1893 TO 2015


WEATHER ITEM   OBSERVED TIME   RECORD YEAR NORMAL DEPARTURE LAST
                VALUE   (LST)  VALUE       VALUE  FROM      YEAR
                                                  NORMAL
..................................................................
TEMPERATURE (F)
 TODAY
  MAXIMUM         27    353 PM  53    1934  32     -5        3
                                      1918
  MINIMUM          0    654 AM -24    1913  14    -14      -18
  AVERAGE         14                        23     -9       -7

PRECIPITATION (IN)
  TODAY            0.00          0.47 1906   0.03  -0.03     0.00
  MONTH TO DATE    T                         0.07  -0.07     0.00
  SINCE MAR 1      T                         0.07  -0.07     0.00
  SINCE JAN 1      0.59                      1.31  -0.72     2.51

SNOWFALL (IN)
  TODAY            0.0           6.0  1965   0.4   -0.4      0.0
  MONTH TO DATE    T                         0.7   -0.7      0.0
  SINCE MAR 1      T                         0.7   -0.7      0.0
  SINCE JUL 1     26.8                      34.9   -8.1     54.3
  SNOW DEPTH       1

DEGREE DAYS
 HEATING
  TODAY           51                        42      9       72
  MONTH TO DATE   98                        84     14      143
  SINCE MAR 1     98                        84     14      143
  SINCE JUL 1   6356                      6530   -174     7352

 COOLING
  TODAY            0                         0      0        0
  MONTH TO DATE    0                         0      0        0
  SINCE MAR 1      0                         0      0        0
  SINCE JAN 1      0                         0      0        0
..................................................................


WIND (MPH)
  HIGHEST WIND SPEED    18   HIGHEST WIND DIRECTION     S (180)
  HIGHEST GUST SPEED    22   HIGHEST GUST DIRECTION    SE (150)
  AVERAGE WIND SPEED     7.6


SKY COVER
  POSSIBLE SUNSHINE  MM
  AVERAGE SKY COVER 0.0


WEATHER CONDITIONS
 THE FOLLOWING WEATHER WAS RECORDED TODAY.
  NO SIGNIFICANT WEATHER WAS OBSERVED.


RELATIVE HUMIDITY (PERCENT)
 HIGHEST    88           800 AM
 LOWEST     46          1200 PM
 AVERAGE    67

..........................................................


THE ST CLOUD MN CLIMATE NORMALS FOR TOMORROW
                         NORMAL    RECORD    YEAR
 MAXIMUM TEMPERATURE (F)   33        61      1905
 MINIMUM TEMPERATURE (F)   14       -19      2014


SUNRISE AND SUNSET
MARCH  2 2015.........SUNRISE   653 AM CST   SUNSET   604 PM CST
MARCH  3 2015.........SUNRISE   651 AM CST   SUNSET   606 PM CST


-  INDICATES NEGATIVE NUMBERS.
R  INDICATES RECORD WAS SET OR TIED.
MM INDICATES DATA IS MISSING.
T  INDICATES TRACE AMOUNT.




$$
