000
CDUS43 KMPX 220644
CLISTC


CLIMATE REPORT
NATIONAL WEATHER SERVICE CHANHASSEN MN
144 AM CDT MON AUG 22 2016


...................................

...THE ST CLOUD MN CLIMATE SUMMARY FOR AUGUST 21 2016...

CLIMATE NORMAL PERIOD 1981 TO 2010
CLIMATE RECORD PERIOD 1893 TO 2016


WEATHER ITEM   OBSERVED TIME   RECORD YEAR NORMAL DEPARTURE LAST
                VALUE   (LST)  VALUE       VALUE  FROM      YEAR
                                                  NORMAL
..................................................................
TEMPERATURE (F)
 YESTERDAY
  MAXIMUM         73    449 PM  98    1901  79     -6       78
  MINIMUM         50    554 AM  33    2004  56     -6       53
  AVERAGE         62                        67     -5       66

PRECIPITATION (IN)
  YESTERDAY        0.00          2.81 1999   0.13  -0.13     0.00
  MONTH TO DATE    4.17                      2.47   1.70     2.33
  SINCE JUN 1     14.28                      9.95   4.33    14.17
  SINCE JAN 1     20.63                     18.26   2.37    22.84

SNOWFALL (IN)
  YESTERDAY        0.0           0.0    MM   0.0    0.0      0.0
  MONTH TO DATE    0.0                       0.0    0.0      0.0
  SINCE JUN 1      0.0                       0.0    0.0      0.0
  SINCE JUL 1      0.0                       0.0    0.0      0.0
  SNOW DEPTH       0

DEGREE DAYS
 HEATING
  YESTERDAY        3                         1      2        0
  MONTH TO DATE    5                        21    -16       16
  SINCE JUN 1     45                       116    -71       56
  SINCE JUL 1     12                        38    -26       28

 COOLING
  YESTERDAY        0                         4     -4        1
  MONTH TO DATE  121                        97     24       92
  SINCE JUN 1    411                       374     37      361
  SINCE JAN 1    442                       399     43      366
..................................................................


WIND (MPH)
  HIGHEST WIND SPEED    15   HIGHEST WIND DIRECTION    NW (300)
  HIGHEST GUST SPEED    20   HIGHEST GUST DIRECTION     W (290)
  AVERAGE WIND SPEED     7.4


SKY COVER
  POSSIBLE SUNSHINE  MM
  AVERAGE SKY COVER 0.2


WEATHER CONDITIONS
 THE FOLLOWING WEATHER WAS RECORDED YESTERDAY.
  NO SIGNIFICANT WEATHER WAS OBSERVED.


RELATIVE HUMIDITY (PERCENT)
 HIGHEST   100           200 AM
 LOWEST     44           100 PM
 AVERAGE    72

..........................................................


THE ST CLOUD MN CLIMATE NORMALS FOR TODAY
                         NORMAL    RECORD    YEAR
 MAXIMUM TEMPERATURE (F)   79        97      1971
 MINIMUM TEMPERATURE (F)   55        42      1950
                                             1945
                                             1908


SUNRISE AND SUNSET
AUGUST 22 2016........SUNRISE   626 AM CDT   SUNSET   811 PM CDT
AUGUST 23 2016........SUNRISE   627 AM CDT   SUNSET   809 PM CDT


-  INDICATES NEGATIVE NUMBERS.
R  INDICATES RECORD WAS SET OR TIED.
MM INDICATES DATA IS MISSING.
T  INDICATES TRACE AMOUNT.




$$
