000
CDUS43 KMPX 210049
CLISTC


CLIMATE REPORT
NATIONAL WEATHER SERVICE CHANHASSEN MN
749 PM CDT WED AUG 20 2014


...................................

...THE ST CLOUD MN CLIMATE SUMMARY FOR AUGUST 20 2014...
VALID TODAY AS OF 0700 PM LOCAL TIME.

CLIMATE NORMAL PERIOD 1981 TO 2010
CLIMATE RECORD PERIOD 1893 TO 2014


WEATHER ITEM   OBSERVED TIME   RECORD YEAR NORMAL DEPARTURE LAST
                VALUE   (LST)  VALUE       VALUE  FROM      YEAR
                                                  NORMAL
..................................................................
TEMPERATURE (F)
 TODAY
  MAXIMUM         82    453 PM  97    1901  79      3       90
  MINIMUM         62    229 AM  34    1950  56      6       67
  AVERAGE         72                        67      5       79

PRECIPITATION (IN)
  TODAY            0.00          2.36 1975   0.12  -0.12     0.00
  MONTH TO DATE    1.26                      2.34  -1.08     0.58
  SINCE JUN 1      8.69                      9.82  -1.13     7.77
  SINCE JAN 1     25.04                     18.13   6.91    20.06

SNOWFALL (IN)
  TODAY            0.0           0.0    MM   0.0    0.0      0.0
  MONTH TO DATE    0.0                       0.0    0.0      0.0
  SINCE JUN 1      0.0                       0.0    0.0      0.0
  SINCE JUL 1      0.0                       0.0    0.0      0.0
  SNOW DEPTH       0

DEGREE DAYS
 HEATING
  TODAY            0                         1     -1        0
  MONTH TO DATE    0                        20    -20       23
  SINCE JUN 1     33                       115    -82      136
  SINCE JUL 1      7                        37    -30       49

 COOLING
  TODAY            7                         4      3       14
  MONTH TO DATE  142                        93     49       41
  SINCE JUN 1    450                       370     80      357
  SINCE JAN 1    494                       395     99      368
..................................................................


WIND (MPH)
  HIGHEST WIND SPEED    14   HIGHEST WIND DIRECTION    SE (140)
  HIGHEST GUST SPEED    17   HIGHEST GUST DIRECTION    SE (150)
  AVERAGE WIND SPEED     5.5


SKY COVER
  POSSIBLE SUNSHINE  MM
  AVERAGE SKY COVER 0.3


WEATHER CONDITIONS
 THE FOLLOWING WEATHER WAS RECORDED TODAY.
  FOG
  FOG W/VISIBILITY <= 1/4 MILE
  HAZE


RELATIVE HUMIDITY (PERCENT)
 HIGHEST   100           500 AM
 LOWEST     54           200 PM
 AVERAGE    77

..........................................................


THE ST CLOUD MN CLIMATE NORMALS FOR TOMORROW
                         NORMAL    RECORD    YEAR
 MAXIMUM TEMPERATURE (F)   79        98      1921
                                             1901
 MINIMUM TEMPERATURE (F)   56        33      2004


SUNRISE AND SUNSET
AUGUST 20 2014........SUNRISE   623 AM CDT   SUNSET   815 PM CDT
AUGUST 21 2014........SUNRISE   624 AM CDT   SUNSET   814 PM CDT


-  INDICATES NEGATIVE NUMBERS.
R  INDICATES RECORD WAS SET OR TIED.
MM INDICATES DATA IS MISSING.
T  INDICATES TRACE AMOUNT.




$$
