000
CDUS43 KMPX 170643
CLISTC


CLIMATE REPORT
NATIONAL WEATHER SERVICE CHANHASSEN MN
1242 AM CST FRI NOV 17 2017


...................................

...THE ST CLOUD MN CLIMATE SUMMARY FOR NOVEMBER 16 2017...

CLIMATE NORMAL PERIOD 1981 TO 2010
CLIMATE RECORD PERIOD 1893 TO 2017


WEATHER ITEM   OBSERVED TIME   RECORD YEAR NORMAL DEPARTURE LAST
                VALUE   (LST)  VALUE       VALUE  FROM      YEAR
                                                  NORMAL
..................................................................
TEMPERATURE (F)
 YESTERDAY
  MAXIMUM         32   1159 PM  68    1953  39     -7       59
  MINIMUM         26   1000 AM  -4    1933  22      4       29
  AVERAGE         29                        30     -1       44

PRECIPITATION (IN)
  YESTERDAY        0.00          1.49 1996   0.05  -0.05     0.00
  MONTH TO DATE    0.81                      0.79   0.02      T
  SINCE SEP 1      8.82                      6.74   2.08     5.76
  SINCE JAN 1     29.75                     26.32   3.43    30.58

SNOWFALL (IN)
  YESTERDAY        0.0           9.0  1911   0.4   -0.4      0.0
  MONTH TO DATE    5.7                       3.5    2.2      0.0
  SINCE SEP 1      7.1                       4.3    2.8      0.0
  SINCE JUL 1      7.1                       4.3    2.8      0.0
  SNOW DEPTH       0

DEGREE DAYS
 HEATING
  YESTERDAY       36                        35      1       21
  MONTH TO DATE  584                       488     96      291
  SINCE SEP 1   1266                      1315    -49      901
  SINCE JUL 1   1306                      1373    -67      923

 COOLING
  YESTERDAY        0                         0      0        0
  MONTH TO DATE    0                         0      0        0
  SINCE SEP 1     71                        36     35       28
  SINCE JAN 1    361                       465   -104      506
..................................................................


WIND (MPH)
  HIGHEST WIND SPEED    18   HIGHEST WIND DIRECTION    SE (140)
  HIGHEST GUST SPEED    25   HIGHEST GUST DIRECTION    SE (130)
  AVERAGE WIND SPEED    10.6


SKY COVER
  POSSIBLE SUNSHINE  MM
  AVERAGE SKY COVER 0.9


WEATHER CONDITIONS
 THE FOLLOWING WEATHER WAS RECORDED YESTERDAY.
  NO SIGNIFICANT WEATHER WAS OBSERVED.


RELATIVE HUMIDITY (PERCENT)
 HIGHEST    85           900 PM
 LOWEST     75           100 PM
 AVERAGE    80

..........................................................


THE ST CLOUD MN CLIMATE NORMALS FOR TODAY
                         NORMAL    RECORD    YEAR
 MAXIMUM TEMPERATURE (F)   38        69      1953
 MINIMUM TEMPERATURE (F)   21        -6      1959


SUNRISE AND SUNSET
NOVEMBER 17 2017......SUNRISE   719 AM CST   SUNSET   444 PM CST
NOVEMBER 18 2017......SUNRISE   720 AM CST   SUNSET   443 PM CST


-  INDICATES NEGATIVE NUMBERS.
R  INDICATES RECORD WAS SET OR TIED.
MM INDICATES DATA IS MISSING.
T  INDICATES TRACE AMOUNT.




$$
