000
CDUS43 KMPX 280623
CLISTC


CLIMATE REPORT
NATIONAL WEATHER SERVICE CHANHASSEN MN
122 AM CDT SAT MAY 28 2016


...................................

...THE ST CLOUD MN CLIMATE SUMMARY FOR MAY 27 2016...

CLIMATE NORMAL PERIOD 1981 TO 2010
CLIMATE RECORD PERIOD 1893 TO 2016


WEATHER ITEM   OBSERVED TIME   RECORD YEAR NORMAL DEPARTURE LAST
                VALUE   (LST)  VALUE       VALUE  FROM      YEAR
                                                  NORMAL
..................................................................
TEMPERATURE (F)
 YESTERDAY
  MAXIMUM         67    900 AM  97    1969  72     -5       84
  MINIMUM         57   1159 PM  28    1907  48      9       51
  AVERAGE         62                        60      2       68

PRECIPITATION (IN)
  YESTERDAY        0.34          1.86 1963   0.10   0.24     0.00
  MONTH TO DATE    1.85                      2.54  -0.69     5.85
  SINCE MAR 1      5.09                      6.66  -1.57     7.90
  SINCE JAN 1      6.03                      7.90  -1.87     8.49

SNOWFALL (IN)
  YESTERDAY        0.0           T    1965   0.0    0.0      0.0
  MONTH TO DATE    0.0                       0.0    0.0      0.0
  SINCE MAR 1      4.6                      11.5   -6.9      4.3
  SINCE JUL 1     30.3                      45.7  -15.4     31.1
  SNOW DEPTH       0

DEGREE DAYS
 HEATING
  YESTERDAY        3                         6     -3        0
  MONTH TO DATE  259                       264     -5      272
  SINCE MAR 1   1681                      1985   -304     1824
  SINCE JUL 1   7132                      8431  -1299     8082

 COOLING
  YESTERDAY        0                         1     -1        3
  MONTH TO DATE   22                        19      3        3
  SINCE MAR 1     27                        21      6        3
  SINCE JAN 1     27                        21      6        3
..................................................................


WIND (MPH)
  HIGHEST WIND SPEED    15   HIGHEST WIND DIRECTION    SE (140)
  HIGHEST GUST SPEED    20   HIGHEST GUST DIRECTION    SE (140)
  AVERAGE WIND SPEED     5.8


SKY COVER
  POSSIBLE SUNSHINE  MM
  AVERAGE SKY COVER 0.6


WEATHER CONDITIONS
 THE FOLLOWING WEATHER WAS RECORDED YESTERDAY.
  RAIN
  LIGHT RAIN
  FOG


RELATIVE HUMIDITY (PERCENT)
 HIGHEST   100           400 PM
 LOWEST     67           300 AM
 AVERAGE    84

..........................................................


THE ST CLOUD MN CLIMATE NORMALS FOR TODAY
                         NORMAL    RECORD    YEAR
 MAXIMUM TEMPERATURE (F)   72       100      1934
 MINIMUM TEMPERATURE (F)   48        31      1906


SUNRISE AND SUNSET
MAY 28 2016...........SUNRISE   533 AM CDT   SUNSET   855 PM CDT
MAY 29 2016...........SUNRISE   532 AM CDT   SUNSET   856 PM CDT


-  INDICATES NEGATIVE NUMBERS.
R  INDICATES RECORD WAS SET OR TIED.
MM INDICATES DATA IS MISSING.
T  INDICATES TRACE AMOUNT.




$$
