000
CDUS43 KMPX 140632
CLISTC


CLIMATE REPORT
NATIONAL WEATHER SERVICE CHANHASSEN MN
130 AM CDT SUN SEP 14 2014


...................................

...THE ST CLOUD MN CLIMATE SUMMARY FOR SEPTEMBER 13 2014...

CLIMATE NORMAL PERIOD 1981 TO 2010
CLIMATE RECORD PERIOD 1893 TO 2014


WEATHER ITEM   OBSERVED TIME   RECORD YEAR NORMAL DEPARTURE LAST
                VALUE   (LST)  VALUE       VALUE  FROM      YEAR
                                                  NORMAL
..................................................................
TEMPERATURE (F)
 YESTERDAY
  MAXIMUM         61    426 PM  91    1998  72    -11       70
                                      1939
                                      1927
  MINIMUM         33    622 AM  30    1975  48    -15       38
                                      1906
  AVERAGE         47                        60    -13       54

PRECIPITATION (IN)
  YESTERDAY        0.00          2.15 1921   0.12  -0.12     0.00
  MONTH TO DATE    3.73                      1.65   2.08     0.10
  SINCE SEP 1      3.73                      1.65   2.08     0.10
  SINCE JAN 1     33.10                     21.23  11.87    20.43

SNOWFALL (IN)
  YESTERDAY        0.0           0.0    MM   0.0    0.0      0.0
  MONTH TO DATE    0.0                       0.0    0.0      0.0
  SINCE SEP 1      0.0                       0.0    0.0      0.0
  SINCE JUL 1      0.0                       0.0    0.0      0.0
  SNOW DEPTH       0

DEGREE DAYS
 HEATING
  YESTERDAY       18                         7     11       11
  MONTH TO DATE   71                        62      9       32
  SINCE SEP 1     71                        62      9       32
  SINCE JUL 1     80                       120    -40       81

 COOLING
  YESTERDAY        0                         1     -1        0
  MONTH TO DATE   20                        23     -3       60
  SINCE SEP 1     20                        23     -3       60
  SINCE JAN 1    574                       452    122      564
..................................................................


WIND (MPH)
  HIGHEST WIND SPEED    22   HIGHEST WIND DIRECTION     S (190)
  HIGHEST GUST SPEED    31   HIGHEST GUST DIRECTION     S (180)
  AVERAGE WIND SPEED     8.1


SKY COVER
  POSSIBLE SUNSHINE  MM
  AVERAGE SKY COVER 0.4


WEATHER CONDITIONS
 THE FOLLOWING WEATHER WAS RECORDED YESTERDAY.
  FOG


RELATIVE HUMIDITY (PERCENT)
 HIGHEST    92          1200 AM
 LOWEST     40          1200 PM
 AVERAGE    66

..........................................................


THE ST CLOUD MN CLIMATE NORMALS FOR TODAY
                         NORMAL    RECORD    YEAR
 MAXIMUM TEMPERATURE (F)   71        95      1939
 MINIMUM TEMPERATURE (F)   48        31      1996


SUNRISE AND SUNSET
SEPTEMBER 14 2014.....SUNRISE   653 AM CDT   SUNSET   729 PM CDT
SEPTEMBER 15 2014.....SUNRISE   655 AM CDT   SUNSET   727 PM CDT


-  INDICATES NEGATIVE NUMBERS.
R  INDICATES RECORD WAS SET OR TIED.
MM INDICATES DATA IS MISSING.
T  INDICATES TRACE AMOUNT.




$$
