000
CDUS43 KMPX 301138
CLISTC


CLIMATE REPORT
NATIONAL WEATHER SERVICE CHANHASSEN MN
538 AM CST WED NOV 30 2016


...................................

...THE ST CLOUD MN CLIMATE SUMMARY FOR NOVEMBER 29 2016...

CLIMATE NORMAL PERIOD 1981 TO 2010
CLIMATE RECORD PERIOD 1893 TO 2016


WEATHER ITEM   OBSERVED TIME   RECORD YEAR NORMAL DEPARTURE LAST
                VALUE   (LST)  VALUE       VALUE  FROM      YEAR
                                                  NORMAL
..................................................................
TEMPERATURE (F)
 YESTERDAY
  MAXIMUM         36    436 PM  59    1998  31      5       35
  MINIMUM         33    249 AM -16    1985  14     19       13
  AVERAGE         35                        22     13       24

PRECIPITATION (IN)
  YESTERDAY        T             0.67 1987   0.03  -0.03     0.00
  MONTH TO DATE    1.67                      1.34   0.33     2.73
  SINCE SEP 1      7.43                      7.29   0.14     8.11
  SINCE JAN 1     32.25                     26.87   5.38    31.72

SNOWFALL (IN)
  YESTERDAY        0.0           6.2  1991   0.3   -0.3      0.0
  MONTH TO DATE    7.3                       8.0   -0.7      0.5
  SINCE SEP 1      7.3                       8.8   -1.5      0.7
  SINCE JUL 1      7.3                       8.8   -1.5      0.7
  SNOW DEPTH       0

DEGREE DAYS
 HEATING
  YESTERDAY       30                        43    -13       41
  MONTH TO DATE  713                       997   -284      766
  SINCE SEP 1   1323                      1824   -501     1373
  SINCE JUL 1   1345                      1882   -537     1425

 COOLING
  YESTERDAY        0                         0      0        0
  MONTH TO DATE    0                         0      0        0
  SINCE SEP 1     28                        36     -8      106
  SINCE JAN 1    506                       465     41      492
..................................................................


WIND (MPH)
  HIGHEST WIND SPEED    16   HIGHEST WIND DIRECTION     S (180)
  HIGHEST GUST SPEED    20   HIGHEST GUST DIRECTION     S (180)
  AVERAGE WIND SPEED     8.5


SKY COVER
  POSSIBLE SUNSHINE  MM
  AVERAGE SKY COVER 1.0


WEATHER CONDITIONS
 THE FOLLOWING WEATHER WAS RECORDED YESTERDAY.
  LIGHT RAIN
  FOG


RELATIVE HUMIDITY (PERCENT)
 HIGHEST   100           200 AM
 LOWEST     82           100 PM
 AVERAGE    91

..........................................................


THE ST CLOUD MN CLIMATE NORMALS FOR TODAY
                         NORMAL    RECORD    YEAR
 MAXIMUM TEMPERATURE (F)   30        57      1922
 MINIMUM TEMPERATURE (F)   14       -23      1905


SUNRISE AND SUNSET
NOVEMBER 30 2016......SUNRISE   736 AM CST   SUNSET   434 PM CST
DECEMBER  1 2016......SUNRISE   737 AM CST   SUNSET   434 PM CST


-  INDICATES NEGATIVE NUMBERS.
R  INDICATES RECORD WAS SET OR TIED.
MM INDICATES DATA IS MISSING.
T  INDICATES TRACE AMOUNT.




$$
