000
CDUS43 KMPX 280625
CLISTC


CLIMATE REPORT
NATIONAL WEATHER SERVICE CHANHASSEN MN
124 AM CDT THU MAY 28 2015


...................................

...THE ST CLOUD MN CLIMATE SUMMARY FOR MAY 27 2015...

CLIMATE NORMAL PERIOD 1981 TO 2010
CLIMATE RECORD PERIOD 1893 TO 2015


WEATHER ITEM   OBSERVED TIME   RECORD YEAR NORMAL DEPARTURE LAST
                VALUE   (LST)  VALUE       VALUE  FROM      YEAR
                                                  NORMAL
..................................................................
TEMPERATURE (F)
 YESTERDAY
  MAXIMUM         84    327 PM  97    1969  72     12       74
  MINIMUM         51    513 AM  28    1907  48      3       59
  AVERAGE         68                        60      8       67

PRECIPITATION (IN)
  YESTERDAY        0.00          1.86 1963   0.10  -0.10     0.64
  MONTH TO DATE    5.85                      2.54   3.31     4.96
  SINCE MAR 1      7.90                      6.66   1.24    12.06
  SINCE JAN 1      8.49                      7.90   0.59    14.57

SNOWFALL (IN)
  YESTERDAY        0.0           T    1965   0.0    0.0      0.0
  MONTH TO DATE    0.0                       0.0    0.0      0.0
  SINCE MAR 1      4.3                      11.5   -7.2     21.2
  SINCE JUL 1     31.1                      45.7  -14.6     75.5
  SNOW DEPTH       0

DEGREE DAYS
 HEATING
  YESTERDAY        0                         6     -6        0
  MONTH TO DATE  272                       264      8      266
  SINCE MAR 1   1824                      1985   -161     2289
  SINCE JUL 1   8082                      8431   -349     9498

 COOLING
  YESTERDAY        3                         1      2        2
  MONTH TO DATE    3                        19    -16       24
  SINCE MAR 1      3                        21    -18       24
  SINCE JAN 1      3                        21    -18       24
..................................................................


WIND (MPH)
  HIGHEST WIND SPEED    10   HIGHEST WIND DIRECTION    NW (300)
  HIGHEST GUST SPEED    13   HIGHEST GUST DIRECTION    NW (300)
  AVERAGE WIND SPEED     3.7


SKY COVER
  POSSIBLE SUNSHINE  MM
  AVERAGE SKY COVER 0.0


WEATHER CONDITIONS
 THE FOLLOWING WEATHER WAS RECORDED YESTERDAY.
  FOG


RELATIVE HUMIDITY (PERCENT)
 HIGHEST   100           100 AM
 LOWEST     37           300 PM
 AVERAGE    69

..........................................................


THE ST CLOUD MN CLIMATE NORMALS FOR TODAY
                         NORMAL    RECORD    YEAR
 MAXIMUM TEMPERATURE (F)   72       100      1934
 MINIMUM TEMPERATURE (F)   48        31      1906


SUNRISE AND SUNSET
MAY 28 2015...........SUNRISE   534 AM CDT   SUNSET   854 PM CDT
MAY 29 2015...........SUNRISE   533 AM CDT   SUNSET   855 PM CDT


-  INDICATES NEGATIVE NUMBERS.
R  INDICATES RECORD WAS SET OR TIED.
MM INDICATES DATA IS MISSING.
T  INDICATES TRACE AMOUNT.




$$
