000
CDUS43 KMPX 270707
CLISTC


CLIMATE REPORT
NATIONAL WEATHER SERVICE CHANHASSEN MN
207 AM CDT WED APR 27 2016


...................................

...THE ST CLOUD MN CLIMATE SUMMARY FOR APRIL 26 2016...

CLIMATE NORMAL PERIOD 1981 TO 2010
CLIMATE RECORD PERIOD 1893 TO 2016


WEATHER ITEM   OBSERVED TIME   RECORD YEAR NORMAL DEPARTURE LAST
                VALUE   (LST)  VALUE       VALUE  FROM      YEAR
                                                  NORMAL
..................................................................
TEMPERATURE (F)
 YESTERDAY
  MAXIMUM         46    750 PM  84    1970  62    -16       62
  MINIMUM         36    540 AM  22    1907  37     -1       31
  AVERAGE         41                        50     -9       47

PRECIPITATION (IN)
  YESTERDAY        0.00          2.47 1984   0.10  -0.10     0.00
  MONTH TO DATE    1.52                      2.16  -0.64     1.67
  SINCE MAR 1      3.02                      3.71  -0.69     2.05
  SINCE JAN 1      3.96                      4.95  -0.99     2.64

SNOWFALL (IN)
  YESTERDAY        0.0           1.5  2008   0.1   -0.1      0.0
  MONTH TO DATE    1.6                       2.9   -1.3      1.0
  SINCE MAR 1      4.6                      11.4   -6.8      4.3
  SINCE JUL 1     30.3                      45.6  -15.3     31.1
  SNOW DEPTH       0

DEGREE DAYS
 HEATING
  YESTERDAY       24                        16      8       18
  MONTH TO DATE  523                       560    -37      497
  SINCE MAR 1   1340                      1664   -324     1498
  SINCE JUL 1   6791                      8110  -1319     7756

 COOLING
  YESTERDAY        0                         0      0        0
  MONTH TO DATE    5                         0      5        0
  SINCE MAR 1      5                         0      5        0
  SINCE JAN 1      5                         0      5        0
..................................................................


WIND (MPH)
  HIGHEST WIND SPEED    15   HIGHEST WIND DIRECTION     E (80)
  HIGHEST GUST SPEED    21   HIGHEST GUST DIRECTION    NE (50)
  AVERAGE WIND SPEED     8.4


SKY COVER
  POSSIBLE SUNSHINE  MM
  AVERAGE SKY COVER 1.0


WEATHER CONDITIONS
 THE FOLLOWING WEATHER WAS RECORDED YESTERDAY.
  FOG


RELATIVE HUMIDITY (PERCENT)
 HIGHEST   100           500 AM
 LOWEST     62           900 PM
 AVERAGE    81

..........................................................


THE ST CLOUD MN CLIMATE NORMALS FOR TODAY
                         NORMAL    RECORD    YEAR
 MAXIMUM TEMPERATURE (F)   63        86      1977
                                             1952
                                             1910
 MINIMUM TEMPERATURE (F)   38        12      1909


SUNRISE AND SUNSET
APRIL 27 2016.........SUNRISE   610 AM CDT   SUNSET   819 PM CDT
APRIL 28 2016.........SUNRISE   608 AM CDT   SUNSET   820 PM CDT


-  INDICATES NEGATIVE NUMBERS.
R  INDICATES RECORD WAS SET OR TIED.
MM INDICATES DATA IS MISSING.
T  INDICATES TRACE AMOUNT.




$$
