000
CDUS43 KMPX 250630
CLISTC


CLIMATE REPORT
NATIONAL WEATHER SERVICE CHANHASSEN MN
1229 AM CST SUN JAN 25 2015


...................................

...THE ST CLOUD MN CLIMATE SUMMARY FOR JANUARY 24 2015...

CLIMATE NORMAL PERIOD 1981 TO 2010
CLIMATE RECORD PERIOD 1893 TO 2015


WEATHER ITEM   OBSERVED TIME   RECORD YEAR NORMAL DEPARTURE LAST
                VALUE   (LST)  VALUE       VALUE  FROM      YEAR
                                                  NORMAL
..................................................................
TEMPERATURE (F)
 YESTERDAY
  MAXIMUM         42    159 PM  56    1981  22     20       34
  MINIMUM         25    826 AM -42    1904   2     23        7
  AVERAGE         34                        12     22       21

PRECIPITATION (IN)
  YESTERDAY        0.01          0.31 1950   0.02  -0.01     0.09
  MONTH TO DATE    0.23                      0.53  -0.30     0.97
  SINCE DEC 1      0.98                      1.35  -0.37     2.74
  SINCE JAN 1      0.23                      0.53  -0.30     0.97

SNOWFALL (IN)
  YESTERDAY        T             3.6  1986   0.2   -0.2      1.5
  MONTH TO DATE    2.4                       6.9   -4.5     13.2
  SINCE DEC 1      4.9                      16.3  -11.4     33.6
  SINCE JUL 1     22.5                      25.5   -3.0     37.2
  SNOW DEPTH       1

DEGREE DAYS
 HEATING
  YESTERDAY       31                        53    -22       44
  MONTH TO DATE 1225                      1287    -62     1405
  SINCE DEC 1   2487                      2809   -322     3220
  SINCE JUL 1   4419                      4734   -315     5093

 COOLING
  YESTERDAY        0                         0      0        0
  MONTH TO DATE    0                         0      0        0
  SINCE DEC 1      0                         0      0        0
  SINCE JAN 1      0                         0      0        0
..................................................................


WIND (MPH)
  HIGHEST WIND SPEED    16   HIGHEST WIND DIRECTION    NE (40)
  HIGHEST GUST SPEED    21   HIGHEST GUST DIRECTION    NE (30)
  AVERAGE WIND SPEED     5.2


SKY COVER
  POSSIBLE SUNSHINE  MM
  AVERAGE SKY COVER 0.3


WEATHER CONDITIONS
 THE FOLLOWING WEATHER WAS RECORDED YESTERDAY.
  FOG


RELATIVE HUMIDITY (PERCENT)
 HIGHEST   100           700 AM
 LOWEST     62           200 PM
 AVERAGE    81

..........................................................


THE ST CLOUD MN CLIMATE NORMALS FOR TODAY
                         NORMAL    RECORD    YEAR
 MAXIMUM TEMPERATURE (F)   22        53      1944
 MINIMUM TEMPERATURE (F)    2       -37      1904


SUNRISE AND SUNSET
JANUARY 25 2015.......SUNRISE   745 AM CST   SUNSET   512 PM CST
JANUARY 26 2015.......SUNRISE   744 AM CST   SUNSET   514 PM CST


-  INDICATES NEGATIVE NUMBERS.
R  INDICATES RECORD WAS SET OR TIED.
MM INDICATES DATA IS MISSING.
T  INDICATES TRACE AMOUNT.




$$
