000
CDUS43 KMPX 212145
CLISTC


CLIMATE REPORT
NATIONAL WEATHER SERVICE CHANHASSEN MN
443 PM CDT SAT MAY 21 2016


...................................

...THE ST CLOUD MN CLIMATE SUMMARY FOR MAY 21 2016...
VALID AS OF 0400 PM LOCAL TIME.

CLIMATE NORMAL PERIOD 1981 TO 2010
CLIMATE RECORD PERIOD 1893 TO 2016


WEATHER ITEM   OBSERVED TIME   RECORD YEAR NORMAL DEPARTURE LAST
                VALUE   (LST)  VALUE       VALUE  FROM      YEAR
                                                  NORMAL
..................................................................
TEMPERATURE (F)
 TODAY
  MAXIMUM         80    204 PM  95    1964  70     10       71
  MINIMUM         42    449 AM  30    1986  46     -4       41
                                      1979
  AVERAGE         61                        58      3       56

PRECIPITATION (IN)
  TODAY            0.00          2.00 1916   0.09  -0.09     0.00
  MONTH TO DATE    0.75                      1.96  -1.21     5.19
  SINCE MAR 1      3.99                      6.08  -2.09     7.24
  SINCE JAN 1      4.93                      7.32  -2.39     7.83

SNOWFALL (IN)
  TODAY            0.0           0.0    MM   0.0    0.0      0.0
  MONTH TO DATE    0.0                       0.0    0.0      0.0
  SINCE MAR 1      4.6                      11.5   -6.9      4.3
  SINCE JUL 1     30.3                      45.7  -15.4     31.1
  SNOW DEPTH       0

DEGREE DAYS
 HEATING
  TODAY            4                         8     -4        9
  MONTH TO DATE  255                       222     33      237
  SINCE MAR 1   1677                      1943   -266     1789
  SINCE JUL 1   7128                      8389  -1261     8047

 COOLING
  TODAY            0                         1     -1        0
  MONTH TO DATE    8                        13     -5        0
  SINCE MAR 1     13                        15     -2        0
  SINCE JAN 1     13                        15     -2        0
..................................................................


WIND (MPH)
  HIGHEST WIND SPEED    16   HIGHEST WIND DIRECTION    SE (150)
  HIGHEST GUST SPEED    20   HIGHEST GUST DIRECTION    SE (150)
  AVERAGE WIND SPEED     3.4


SKY COVER
  POSSIBLE SUNSHINE  MM
  AVERAGE SKY COVER 0.0


WEATHER CONDITIONS
 THE FOLLOWING WEATHER WAS RECORDED TODAY.
  HAZE


RELATIVE HUMIDITY (PERCENT)
 HIGHEST   100           400 AM
 LOWEST     23           300 PM
 AVERAGE    62

..........................................................


THE ST CLOUD MN CLIMATE NORMALS FOR TOMORROW
                         NORMAL    RECORD    YEAR
 MAXIMUM TEMPERATURE (F)   71        94      1964
 MINIMUM TEMPERATURE (F)   46        28      1963


SUNRISE AND SUNSET
MAY 21 2016...........SUNRISE   539 AM CDT   SUNSET   848 PM CDT
MAY 22 2016...........SUNRISE   538 AM CDT   SUNSET   849 PM CDT


-  INDICATES NEGATIVE NUMBERS.
R  INDICATES RECORD WAS SET OR TIED.
MM INDICATES DATA IS MISSING.
T  INDICATES TRACE AMOUNT.




$$
