000
CDUS43 KMPX 222151
CLISTC


CLIMATE REPORT
NATIONAL WEATHER SERVICE CHANHASSEN MN
444 PM CDT TUE APR 22 2014


...................................

...THE ST CLOUD MN CLIMATE SUMMARY FOR APRIL 22 2014...
VALID AS OF 0400 PM LOCAL TIME.

CLIMATE NORMAL PERIOD 1981 TO 2010
CLIMATE RECORD PERIOD 1893 TO 2014


WEATHER ITEM   OBSERVED TIME   RECORD YEAR NORMAL DEPARTURE LAST
                VALUE   (LST)  VALUE       VALUE  FROM      YEAR
                                                  NORMAL
..................................................................
TEMPERATURE (F)
 TODAY
  MAXIMUM         60    250 PM  86    1913  60      0       40
  MINIMUM         32    535 AM  23    1986  36     -4       29
                                      1967
                                      1909
  AVERAGE         46                        48     -2       35

PRECIPITATION (IN)
  TODAY            0.00          3.52 2001   0.09  -0.09     0.27
  MONTH TO DATE    1.56                      1.76  -0.20     2.89
  SINCE MAR 1      2.76                      3.31  -0.55     5.52
  SINCE JAN 1      5.27                      4.55   0.72     7.30

SNOWFALL (IN)
  TODAY            0.0           3.8  1963   0.1   -0.1      2.4
  MONTH TO DATE   12.0                       2.6    9.4     24.4
  SINCE MAR 1     21.2                      11.1   10.1     41.0
  SINCE JUL 1     75.5                      45.3   30.2     78.5
  SNOW DEPTH       0

DEGREE DAYS
 HEATING
  TODAY           19                        17      2       30
  MONTH TO DATE  542                       495     47      725
  SINCE MAR 1   1849                      1599    250     2053
  SINCE JUL 1   9058                      8045   1013     8323

 COOLING
  TODAY            0                         0      0        0
  MONTH TO DATE    0                         0      0        0
  SINCE MAR 1      0                         0      0        0
  SINCE JAN 1      0                         0      0        0
..................................................................


WIND (MPH)
  HIGHEST WIND SPEED    14   HIGHEST WIND DIRECTION     N (360)
  HIGHEST GUST SPEED    20   HIGHEST GUST DIRECTION    NE (40)
  AVERAGE WIND SPEED     6.0


SKY COVER
  POSSIBLE SUNSHINE  MM
  AVERAGE SKY COVER 0.0


WEATHER CONDITIONS
 THE FOLLOWING WEATHER WAS RECORDED TODAY.
  NO SIGNIFICANT WEATHER WAS OBSERVED.


RELATIVE HUMIDITY (PERCENT)
 HIGHEST    82           500 AM
 LOWEST     33           300 PM
 AVERAGE    58

..........................................................


THE ST CLOUD MN CLIMATE NORMALS FOR TOMORROW
                         NORMAL    RECORD    YEAR
 MAXIMUM TEMPERATURE (F)   61        88      1913
 MINIMUM TEMPERATURE (F)   36        17      1909


SUNRISE AND SUNSET
APRIL 22 2014.........SUNRISE   619 AM CDT   SUNSET   812 PM CDT
APRIL 23 2014.........SUNRISE   617 AM CDT   SUNSET   813 PM CDT


-  INDICATES NEGATIVE NUMBERS.
R  INDICATES RECORD WAS SET OR TIED.
MM INDICATES DATA IS MISSING.
T  INDICATES TRACE AMOUNT.




$$
