000
CDUS43 KMPX 280627
CLISTC


CLIMATE REPORT
NATIONAL WEATHER SERVICE CHANHASSEN MN
127 AM CDT SUN AUG 28 2016


...................................

...THE ST CLOUD MN CLIMATE SUMMARY FOR AUGUST 27 2016...

CLIMATE NORMAL PERIOD 1981 TO 2010
CLIMATE RECORD PERIOD 1893 TO 2016


WEATHER ITEM   OBSERVED TIME   RECORD YEAR NORMAL DEPARTURE LAST
                VALUE   (LST)  VALUE       VALUE  FROM      YEAR
                                                  NORMAL
..................................................................
TEMPERATURE (F)
 YESTERDAY
  MAXIMUM         66   1230 PM  98    1921  77    -11       77
  MINIMUM         58    814 PM  37    1982  54      4       54
  AVERAGE         62                        66     -4       66

PRECIPITATION (IN)
  YESTERDAY        0.05          3.59 1960   0.13  -0.08     0.00
  MONTH TO DATE    4.22                      3.25   0.97     3.10
  SINCE JUN 1     14.33                     10.73   3.60    14.94
  SINCE JAN 1     20.68                     19.04   1.64    23.61

SNOWFALL (IN)
  YESTERDAY        0.0           0.0    MM   0.0    0.0      0.0
  MONTH TO DATE    0.0                       0.0    0.0      0.0
  SINCE JUN 1      0.0                       0.0    0.0      0.0
  SINCE JUL 1      0.0                       0.0    0.0      0.0
  SNOW DEPTH       0

DEGREE DAYS
 HEATING
  YESTERDAY        3                         2      1        0
  MONTH TO DATE   15                        32    -17       38
  SINCE JUN 1     55                       127    -72       78
  SINCE JUL 1     22                        49    -27       50

 COOLING
  YESTERDAY        0                         3     -3        1
  MONTH TO DATE  138                       115     23       96
  SINCE JUN 1    428                       392     36      365
  SINCE JAN 1    459                       417     42      370
..................................................................


WIND (MPH)
  HIGHEST WIND SPEED    13   HIGHEST WIND DIRECTION    SE (140)
  HIGHEST GUST SPEED    16   HIGHEST GUST DIRECTION    SE (140)
  AVERAGE WIND SPEED     4.1


SKY COVER
  POSSIBLE SUNSHINE  MM
  AVERAGE SKY COVER 0.8


WEATHER CONDITIONS
 THE FOLLOWING WEATHER WAS RECORDED YESTERDAY.
  LIGHT RAIN
  FOG
  FOG W/VISIBILITY <= 1/4 MILE


RELATIVE HUMIDITY (PERCENT)
 HIGHEST   100           500 AM
 LOWEST     78          1200 PM
 AVERAGE    89

..........................................................


THE ST CLOUD MN CLIMATE NORMALS FOR TODAY
                         NORMAL    RECORD    YEAR
 MAXIMUM TEMPERATURE (F)   77        94      1984
                                             1969
                                             1937
 MINIMUM TEMPERATURE (F)   54        36      1974


SUNRISE AND SUNSET
AUGUST 28 2016........SUNRISE   633 AM CDT   SUNSET   800 PM CDT
AUGUST 29 2016........SUNRISE   635 AM CDT   SUNSET   759 PM CDT


-  INDICATES NEGATIVE NUMBERS.
R  INDICATES RECORD WAS SET OR TIED.
MM INDICATES DATA IS MISSING.
T  INDICATES TRACE AMOUNT.




$$
