000
CDUS43 KMPX 270627
CLISTC


CLIMATE REPORT
NATIONAL WEATHER SERVICE CHANHASSEN MN
125 AM CDT TUE SEP 27 2016


...................................

...THE ST CLOUD MN CLIMATE SUMMARY FOR SEPTEMBER 26 2016...

CLIMATE NORMAL PERIOD 1981 TO 2010
CLIMATE RECORD PERIOD 1893 TO 2016


WEATHER ITEM   OBSERVED TIME   RECORD YEAR NORMAL DEPARTURE LAST
                VALUE   (LST)  VALUE       VALUE  FROM      YEAR
                                                  NORMAL
..................................................................
TEMPERATURE (F)
 YESTERDAY
  MAXIMUM         64    410 PM  86    1920  66     -2       77
  MINIMUM         48    654 AM  22    1965  42      6       56
  AVERAGE         56                        54      2       67

PRECIPITATION (IN)
  YESTERDAY        T             1.31 1908   0.10  -0.10     0.00
  MONTH TO DATE    3.07                      3.09  -0.02     2.24
  SINCE SEP 1      3.07                      3.09  -0.02     2.24
  SINCE JAN 1     27.89                     22.67   5.22    25.85

SNOWFALL (IN)
  YESTERDAY        0.0           1.8  1942   0.0    0.0      0.0
  MONTH TO DATE    0.0                       0.0    0.0      0.0
  SINCE SEP 1      0.0                       0.0    0.0      0.0
  SINCE JUL 1      0.0                       0.0    0.0      0.0
  SNOW DEPTH       0

DEGREE DAYS
 HEATING
  YESTERDAY        9                        11     -2        0
  MONTH TO DATE   78                       180   -102       71
  SINCE SEP 1     78                       180   -102       71
  SINCE JUL 1    100                       238   -138      123

 COOLING
  YESTERDAY        0                         0      0        2
  MONTH TO DATE   28                        31     -3      101
  SINCE SEP 1     28                        31     -3      101
  SINCE JAN 1    506                       460     46      487
..................................................................


WIND (MPH)
  HIGHEST WIND SPEED    32   HIGHEST WIND DIRECTION    NW (300)
  HIGHEST GUST SPEED    41   HIGHEST GUST DIRECTION    NW (300)
  AVERAGE WIND SPEED    16.0


SKY COVER
  POSSIBLE SUNSHINE  MM
  AVERAGE SKY COVER 0.1


WEATHER CONDITIONS
 THE FOLLOWING WEATHER WAS RECORDED YESTERDAY.
  LIGHT RAIN


RELATIVE HUMIDITY (PERCENT)
 HIGHEST    83          1200 AM
 LOWEST     31           400 PM
 AVERAGE    57

..........................................................


THE ST CLOUD MN CLIMATE NORMALS FOR TODAY
                         NORMAL    RECORD    YEAR
 MAXIMUM TEMPERATURE (F)   65        89      1956
 MINIMUM TEMPERATURE (F)   42        20      1942


SUNRISE AND SUNSET
SEPTEMBER 27 2016.....SUNRISE   710 AM CDT   SUNSET   703 PM CDT
SEPTEMBER 28 2016.....SUNRISE   711 AM CDT   SUNSET   701 PM CDT


-  INDICATES NEGATIVE NUMBERS.
R  INDICATES RECORD WAS SET OR TIED.
MM INDICATES DATA IS MISSING.
T  INDICATES TRACE AMOUNT.




$$
