000
CDUS43 KMPX 200626
CLISTC


CLIMATE REPORT
NATIONAL WEATHER SERVICE CHANHASSEN MN
125 AM CDT TUE JUN 20 2017


...................................

...THE ST CLOUD MN CLIMATE SUMMARY FOR JUNE 19 2017...

CLIMATE NORMAL PERIOD 1981 TO 2010
CLIMATE RECORD PERIOD 1893 TO 2017


WEATHER ITEM   OBSERVED TIME   RECORD YEAR NORMAL DEPARTURE LAST
                VALUE   (LST)  VALUE       VALUE  FROM      YEAR
                                                  NORMAL
..................................................................
TEMPERATURE (F)
 YESTERDAY
  MAXIMUM         73   1253 PM 101    1988  79     -6       90
  MINIMUM         53   1015 PM  41    1982  55     -2       67
  AVERAGE         63                        67     -4       79

PRECIPITATION (IN)
  YESTERDAY        0.00          1.49 1906   0.16  -0.16     0.41
  MONTH TO DATE    1.03                      2.64  -1.61     2.92
  SINCE JUN 1      1.03                      2.64  -1.61     2.92
  SINCE JAN 1     10.73                     10.95  -0.22     9.27

SNOWFALL (IN)
  YESTERDAY        0.0           0.0    MM   0.0    0.0      0.0
  MONTH TO DATE    0.0                       0.0    0.0      0.0
  SINCE JUN 1      0.0                       0.0    0.0      0.0
  SINCE JUL 1     31.9                      45.7  -13.8     30.3
  SNOW DEPTH       0

DEGREE DAYS
 HEATING
  YESTERDAY        2                         2      0        0
  MONTH TO DATE   10                        64    -54       30
  SINCE JUN 1     10                        64    -54       30
  SINCE JUL 1   7296                      8518  -1222     7167

 COOLING
  YESTERDAY        0                         4     -4       14
  MONTH TO DATE   72                        45     27       73
  SINCE JUN 1     72                        45     27       73
  SINCE JAN 1     75                        70      5      104
..................................................................


WIND (MPH)
  HIGHEST WIND SPEED    22   HIGHEST WIND DIRECTION     W (290)
  HIGHEST GUST SPEED    27   HIGHEST GUST DIRECTION     W (290)
  AVERAGE WIND SPEED    10.0


SKY COVER
  POSSIBLE SUNSHINE  MM
  AVERAGE SKY COVER 0.5


WEATHER CONDITIONS
 THE FOLLOWING WEATHER WAS RECORDED YESTERDAY.
  NO SIGNIFICANT WEATHER WAS OBSERVED.


RELATIVE HUMIDITY (PERCENT)
 HIGHEST   100           300 AM
 LOWEST     38           100 PM
 AVERAGE    69

..........................................................


THE ST CLOUD MN CLIMATE NORMALS FOR TODAY
                         NORMAL    RECORD    YEAR
 MAXIMUM TEMPERATURE (F)   79        98      1933
 MINIMUM TEMPERATURE (F)   55        33      1992


SUNRISE AND SUNSET
JUNE 20 2017..........SUNRISE   527 AM CDT   SUNSET   909 PM CDT
JUNE 21 2017..........SUNRISE   527 AM CDT   SUNSET   909 PM CDT


-  INDICATES NEGATIVE NUMBERS.
R  INDICATES RECORD WAS SET OR TIED.
MM INDICATES DATA IS MISSING.
T  INDICATES TRACE AMOUNT.




$$
