000
CDUS43 KMPX 220045
CLISTC


CLIMATE REPORT
NATIONAL WEATHER SERVICE CHANHASSEN MN
744 PM CDT MON AUG 21 2017


...................................

...THE ST CLOUD MN CLIMATE SUMMARY FOR AUGUST 21 2017...
VALID TODAY AS OF 0700 PM LOCAL TIME.

CLIMATE NORMAL PERIOD 1981 TO 2010
CLIMATE RECORD PERIOD 1893 TO 2017


WEATHER ITEM   OBSERVED TIME   RECORD YEAR NORMAL DEPARTURE LAST
                VALUE   (LST)  VALUE       VALUE  FROM      YEAR
                                                  NORMAL
..................................................................
TEMPERATURE (F)
 TODAY
  MAXIMUM         70   1010 AM  98    1901  79     -9       73
  MINIMUM         54    258 AM  33    2004  56     -2       50
  AVERAGE         62                        67     -5       62

PRECIPITATION (IN)
  TODAY            0.09          2.81 1999   0.13  -0.04     0.00
  MONTH TO DATE    4.19                      2.47   1.72     4.17
  SINCE JUN 1     10.15                      9.95   0.20    14.28
  SINCE JAN 1     19.85                     18.26   1.59    20.63

SNOWFALL (IN)
  TODAY            0.0           0.0    MM   0.0    0.0      0.0
  MONTH TO DATE    0.0                       0.0    0.0      0.0
  SINCE JUN 1      0.0                       0.0    0.0      0.0
  SINCE JUL 1      0.0                       0.0    0.0      0.0
  SNOW DEPTH       0

DEGREE DAYS
 HEATING
  TODAY            3                         1      2        3
  MONTH TO DATE   21                        21      0        5
  SINCE JUN 1     66                       116    -50       45
  SINCE JUL 1     25                        38    -13       12

 COOLING
  TODAY            0                         4     -4        0
  MONTH TO DATE   23                        97    -74      121
  SINCE JUN 1    279                       374    -95      411
  SINCE JAN 1    282                       399   -117      442
..................................................................


WIND (MPH)
  HIGHEST WIND SPEED    10   HIGHEST WIND DIRECTION     N (360)
  HIGHEST GUST SPEED    14   HIGHEST GUST DIRECTION    SE (130)
  AVERAGE WIND SPEED     3.4


SKY COVER
  POSSIBLE SUNSHINE  MM
  AVERAGE SKY COVER 0.4


WEATHER CONDITIONS
 THE FOLLOWING WEATHER WAS RECORDED TODAY.
  THUNDERSTORM
  RAIN
  LIGHT RAIN
  FOG


RELATIVE HUMIDITY (PERCENT)
 HIGHEST   100          1200 AM
 LOWEST     73           900 AM
 AVERAGE    87

..........................................................


THE ST CLOUD MN CLIMATE NORMALS FOR TOMORROW
                         NORMAL    RECORD    YEAR
 MAXIMUM TEMPERATURE (F)   79        97      1971
 MINIMUM TEMPERATURE (F)   55        42      1950
                                             1945
                                             1908


SUNRISE AND SUNSET
AUGUST 21 2017........SUNRISE   624 AM CDT   SUNSET   813 PM CDT
AUGUST 22 2017........SUNRISE   626 AM CDT   SUNSET   811 PM CDT


-  INDICATES NEGATIVE NUMBERS.
R  INDICATES RECORD WAS SET OR TIED.
MM INDICATES DATA IS MISSING.
T  INDICATES TRACE AMOUNT.




$$
