000
CDUS43 KMPX 230119
CLISTC


CLIMATE REPORT
NATIONAL WEATHER SERVICE CHANHASSEN MN
819 PM CDT MON SEP 22 2014


...................................

...THE ST CLOUD MN CLIMATE SUMMARY FOR SEPTEMBER 22 2014...
VALID TODAY AS OF 0800 PM LOCAL TIME.

CLIMATE NORMAL PERIOD 1981 TO 2010
CLIMATE RECORD PERIOD 1893 TO 2014


WEATHER ITEM   OBSERVED TIME   RECORD YEAR NORMAL DEPARTURE LAST
                VALUE   (LST)  VALUE       VALUE  FROM      YEAR
                                                  NORMAL
..................................................................
TEMPERATURE (F)
 TODAY
  MAXIMUM         75        MM  92    1936  68      7       72
  MINIMUM         43        MM  18    1974  44     -1       42
  AVERAGE         59                        56      3       57

PRECIPITATION (IN)
  TODAY            0.00          3.00 1895   0.11  -0.11     0.00
  MONTH TO DATE    3.91                      2.67   1.24     1.69
  SINCE SEP 1      3.91                      2.67   1.24     1.69
  SINCE JAN 1     33.28                     22.25  11.03    22.02

SNOWFALL (IN)
  TODAY            0.0           0.0    MM   0.0    0.0      0.0
  MONTH TO DATE    0.0                       0.0    0.0      0.0
  SINCE SEP 1      0.0                       0.0    0.0      0.0
  SINCE JUL 1      0.0                       0.0    0.0      0.0
  SNOW DEPTH       0

DEGREE DAYS
 HEATING
  TODAY            6                        10     -4        8
  MONTH TO DATE  124                       137    -13      104
  SINCE SEP 1    124                       137    -13      104
  SINCE JUL 1    133                       195    -62      153

 COOLING
  TODAY            0                         0      0        0
  MONTH TO DATE   22                        31     -9       62
  SINCE SEP 1     22                        31     -9       62
  SINCE JAN 1    576                       460    116      566
..................................................................


WIND (MPH)
  HIGHEST WIND SPEED    12   HIGHEST WIND DIRECTION    SW (230)
  HIGHEST GUST SPEED    MM   HIGHEST GUST DIRECTION    MM
  AVERAGE WIND SPEED     5.0


SKY COVER
  POSSIBLE SUNSHINE  MM
  AVERAGE SKY COVER 0.0


WEATHER CONDITIONS
 THE FOLLOWING WEATHER WAS RECORDED TODAY.
  FOG


RELATIVE HUMIDITY (PERCENT)
 HIGHEST    93           200 AM
 LOWEST     41           200 PM
 AVERAGE    67

..........................................................


THE ST CLOUD MN CLIMATE NORMALS FOR TOMORROW
                         NORMAL    RECORD    YEAR
 MAXIMUM TEMPERATURE (F)   67        89      1937
 MINIMUM TEMPERATURE (F)   44        23      1983


SUNRISE AND SUNSET
SEPTEMBER 22 2014.....SUNRISE   703 AM CDT   SUNSET   714 PM CDT
SEPTEMBER 23 2014.....SUNRISE   704 AM CDT   SUNSET   712 PM CDT


-  INDICATES NEGATIVE NUMBERS.
R  INDICATES RECORD WAS SET OR TIED.
MM INDICATES DATA IS MISSING.
T  INDICATES TRACE AMOUNT.




$$
