000
CDUS43 KMPX 290638
CLISTC


CLIMATE REPORT
NATIONAL WEATHER SERVICE CHANHASSEN MN
1237 AM CST MON DEC 29 2014


...................................

...THE ST CLOUD MN CLIMATE SUMMARY FOR DECEMBER 28 2014...

CLIMATE NORMAL PERIOD 1981 TO 2010
CLIMATE RECORD PERIOD 1893 TO 2014


WEATHER ITEM   OBSERVED TIME   RECORD YEAR NORMAL DEPARTURE LAST
                VALUE   (LST)  VALUE       VALUE  FROM      YEAR
                                                  NORMAL
..................................................................
TEMPERATURE (F)
 YESTERDAY
  MAXIMUM         24    135 PM  41    1999  22      2       36
  MINIMUM         10   1159 PM -26    1917   4      6       10
  AVERAGE         17                        13      4       23

PRECIPITATION (IN)
  YESTERDAY        T             0.59 1959   0.02  -0.02      T
  MONTH TO DATE    0.75                      0.74   0.01     1.71
  SINCE DEC 1      0.75                      0.74   0.01     1.71
  SINCE JAN 1     36.72                     27.65   9.07    28.78

SNOWFALL (IN)
  YESTERDAY        T             4.8  1982   0.3   -0.3       T
  MONTH TO DATE    2.5                       8.4   -5.9     19.9
  SINCE DEC 1      2.5                       8.4   -5.9     19.9
  SINCE JUL 1     20.1                      17.6    2.5     23.5
  SNOW DEPTH       1

DEGREE DAYS
 HEATING
  YESTERDAY       48                        52     -4       42
  MONTH TO DATE 1078                      1364   -286     1590
  SINCE DEC 1   1078                      1364   -286     1590
  SINCE JUL 1   3010                      3289   -279     3463

 COOLING
  YESTERDAY        0                         0      0        0
  MONTH TO DATE    0                         0      0        0
  SINCE DEC 1      0                         0      0        0
  SINCE JAN 1    597                       465    132      578
..................................................................


WIND (MPH)
  HIGHEST WIND SPEED    14   HIGHEST WIND DIRECTION     N (350)
  HIGHEST GUST SPEED    17   HIGHEST GUST DIRECTION     N (350)
  AVERAGE WIND SPEED     5.5


SKY COVER
  POSSIBLE SUNSHINE  MM
  AVERAGE SKY COVER 0.5


WEATHER CONDITIONS
 THE FOLLOWING WEATHER WAS RECORDED YESTERDAY.
  NO SIGNIFICANT WEATHER WAS OBSERVED.


RELATIVE HUMIDITY (PERCENT)
 HIGHEST    81          1000 AM
 LOWEST     45           400 PM
 AVERAGE    63

..........................................................


THE ST CLOUD MN CLIMATE NORMALS FOR TODAY
                         NORMAL    RECORD    YEAR
 MAXIMUM TEMPERATURE (F)   22        52      1999
 MINIMUM TEMPERATURE (F)    3       -27      1917


SUNRISE AND SUNSET
DECEMBER 29 2014......SUNRISE   756 AM CST   SUNSET   441 PM CST
DECEMBER 30 2014......SUNRISE   756 AM CST   SUNSET   441 PM CST


-  INDICATES NEGATIVE NUMBERS.
R  INDICATES RECORD WAS SET OR TIED.
MM INDICATES DATA IS MISSING.
T  INDICATES TRACE AMOUNT.




$$
