000
CDUS43 KMPX 240739
CLISTC


CLIMATE REPORT
NATIONAL WEATHER SERVICE CHANHASSEN MN
239 AM CDT FRI OCT 24 2014


...................................

...THE ST CLOUD MN CLIMATE SUMMARY FOR OCTOBER 23 2014...

CLIMATE NORMAL PERIOD 1981 TO 2010
CLIMATE RECORD PERIOD 1893 TO 2014


WEATHER ITEM   OBSERVED TIME   RECORD YEAR NORMAL DEPARTURE LAST
                VALUE   (LST)  VALUE       VALUE  FROM      YEAR
                                                  NORMAL
..................................................................
TEMPERATURE (F)
 YESTERDAY
  MAXIMUM         71    357 PM  79    1899  53     18       35
  MINIMUM         43   1043 PM   9    1936  33     10       31
  AVERAGE         57                        43     14       33

PRECIPITATION (IN)
  YESTERDAY        0.08          1.00 1995   0.06   0.02      T
  MONTH TO DATE    0.55                      1.99  -1.44     4.27
  SINCE SEP 1      4.61                      5.45  -0.84     6.14
  SINCE JAN 1     33.98                     25.03   8.95    26.47

SNOWFALL (IN)
  YESTERDAY        0.0           4.9  1995   0.1   -0.1       T
  MONTH TO DATE    0.0                       0.4   -0.4      0.8
  SINCE SEP 1      0.0                       0.4   -0.4      0.8
  SINCE JUL 1      0.0                       0.4   -0.4      0.8
  SNOW DEPTH       0

DEGREE DAYS
 HEATING
  YESTERDAY        8                        22    -14       32
  MONTH TO DATE  357                       407    -50      397
  SINCE SEP 1    509                       635   -126      526
  SINCE JUL 1    518                       693   -175      575

 COOLING
  YESTERDAY        0                         0      0        0
  MONTH TO DATE    0                         0      0        0
  SINCE SEP 1     43                        34      9       74
  SINCE JAN 1    597                       463    134      578
..................................................................


WIND (MPH)
  HIGHEST WIND SPEED    10   HIGHEST WIND DIRECTION     S (180)
  HIGHEST GUST SPEED    13   HIGHEST GUST DIRECTION     S (200)
  AVERAGE WIND SPEED     5.3


SKY COVER
  POSSIBLE SUNSHINE  MM
  AVERAGE SKY COVER 0.5


WEATHER CONDITIONS
 THE FOLLOWING WEATHER WAS RECORDED YESTERDAY.
  RAIN
  LIGHT RAIN
  FOG
  FOG W/VISIBILITY <= 1/4 MILE


RELATIVE HUMIDITY (PERCENT)
 HIGHEST    96          1000 AM
 LOWEST     34           500 PM
 AVERAGE    65

..........................................................


THE ST CLOUD MN CLIMATE NORMALS FOR TODAY
                         NORMAL    RECORD    YEAR
 MAXIMUM TEMPERATURE (F)   53        77      1989
 MINIMUM TEMPERATURE (F)   32        15      2002


SUNRISE AND SUNSET
OCTOBER 24 2014.......SUNRISE   745 AM CDT   SUNSET   615 PM CDT
OCTOBER 25 2014.......SUNRISE   746 AM CDT   SUNSET   614 PM CDT


-  INDICATES NEGATIVE NUMBERS.
R  INDICATES RECORD WAS SET OR TIED.
MM INDICATES DATA IS MISSING.
T  INDICATES TRACE AMOUNT.




$$
