000
CDUS43 KMPX 270632
CLISTC


CLIMATE REPORT
NATIONAL WEATHER SERVICE CHANHASSEN MN
131 AM CDT WED MAY 27 2015


...................................

...THE ST CLOUD MN CLIMATE SUMMARY FOR MAY 26 2015...

CLIMATE NORMAL PERIOD 1981 TO 2010
CLIMATE RECORD PERIOD 1893 TO 2015


WEATHER ITEM   OBSERVED TIME   RECORD YEAR NORMAL DEPARTURE LAST
                VALUE   (LST)  VALUE       VALUE  FROM      YEAR
                                                  NORMAL
..................................................................
TEMPERATURE (F)
 YESTERDAY
  MAXIMUM         61    554 PM  93    1914  72    -11       86
  MINIMUM         53    644 AM  30    1992  47      6       63
  AVERAGE         57                        59     -2       75

PRECIPITATION (IN)
  YESTERDAY        T             2.13 1906   0.09  -0.09     0.17
  MONTH TO DATE    5.85                      2.44   3.41     4.32
  SINCE MAR 1      7.90                      6.56   1.34    11.42
  SINCE JAN 1      8.49                      7.80   0.69    13.93

SNOWFALL (IN)
  YESTERDAY        0.0           T    1951   0.0    0.0      0.0
  MONTH TO DATE    0.0                       0.0    0.0      0.0
  SINCE MAR 1      4.3                      11.5   -7.2     21.2
  SINCE JUL 1     31.1                      45.7  -14.6     75.5
  SNOW DEPTH       0

DEGREE DAYS
 HEATING
  YESTERDAY        8                         7      1        0
  MONTH TO DATE  272                       258     14      266
  SINCE MAR 1   1824                      1979   -155     2289
  SINCE JUL 1   8082                      8425   -343     9498

 COOLING
  YESTERDAY        0                         1     -1       10
  MONTH TO DATE    0                        18    -18       22
  SINCE MAR 1      0                        20    -20       22
  SINCE JAN 1      0                        20    -20       22
..................................................................


WIND (MPH)
  HIGHEST WIND SPEED    13   HIGHEST WIND DIRECTION    NE (40)
  HIGHEST GUST SPEED    17   HIGHEST GUST DIRECTION     N (20)
  AVERAGE WIND SPEED     5.5


SKY COVER
  POSSIBLE SUNSHINE  MM
  AVERAGE SKY COVER 0.7


WEATHER CONDITIONS
 THE FOLLOWING WEATHER WAS RECORDED YESTERDAY.
  FOG


RELATIVE HUMIDITY (PERCENT)
 HIGHEST   100           500 AM
 LOWEST     78           100 PM
 AVERAGE    89

..........................................................


THE ST CLOUD MN CLIMATE NORMALS FOR TODAY
                         NORMAL    RECORD    YEAR
 MAXIMUM TEMPERATURE (F)   72        97      1969
 MINIMUM TEMPERATURE (F)   48        28      1907


SUNRISE AND SUNSET
MAY 27 2015...........SUNRISE   534 AM CDT   SUNSET   853 PM CDT
MAY 28 2015...........SUNRISE   534 AM CDT   SUNSET   854 PM CDT


-  INDICATES NEGATIVE NUMBERS.
R  INDICATES RECORD WAS SET OR TIED.
MM INDICATES DATA IS MISSING.
T  INDICATES TRACE AMOUNT.




$$
