000
CDUS43 KMPX 050743
CLISTC


CLIMATE REPORT
NATIONAL WEATHER SERVICE CHANHASSEN MN
242 AM CDT SAT SEP 5 2015


...................................

...THE ST CLOUD MN CLIMATE SUMMARY FOR SEPTEMBER 4 2015...

CLIMATE NORMAL PERIOD 1981 TO 2010
CLIMATE RECORD PERIOD 1893 TO 2015


WEATHER ITEM   OBSERVED TIME   RECORD YEAR NORMAL DEPARTURE LAST
                VALUE   (LST)  VALUE       VALUE  FROM      YEAR
                                                  NORMAL
..................................................................
TEMPERATURE (F)
 YESTERDAY
  MAXIMUM         89    320 PM  98    1922  75     14       81
  MINIMUM         68    428 AM  32    1974  52     16       62
  AVERAGE         79                        63     16       72

PRECIPITATION (IN)
  YESTERDAY        T             1.25 1971   0.13  -0.13      T
                                      1897
  MONTH TO DATE    0.10                      0.54  -0.44     3.23
  SINCE SEP 1      0.10                      0.54  -0.44     3.23
  SINCE JAN 1     23.71                     20.12   3.59    32.60

SNOWFALL (IN)
  YESTERDAY        0.0           0.0    MM   0.0    0.0      0.0
  MONTH TO DATE    0.0                       0.0    0.0      0.0
  SINCE SEP 1      0.0                       0.0    0.0      0.0
  SINCE JUL 1      0.0                       0.0    0.0      0.0
  SNOW DEPTH       0

DEGREE DAYS
 HEATING
  YESTERDAY        0                         4     -4        0
  MONTH TO DATE    0                        14    -14        1
  SINCE SEP 1      0                        14    -14        1
  SINCE JUL 1     52                        72    -20       10

 COOLING
  YESTERDAY       14                         2     12        7
  MONTH TO DATE   42                         8     34       14
  SINCE SEP 1     42                         8     34       14
  SINCE JAN 1    428                       437     -9      568
..................................................................


WIND (MPH)
  HIGHEST WIND SPEED    20   HIGHEST WIND DIRECTION    SE (140)
  HIGHEST GUST SPEED    25   HIGHEST GUST DIRECTION    SE (140)
  AVERAGE WIND SPEED     9.5


SKY COVER
  POSSIBLE SUNSHINE  MM
  AVERAGE SKY COVER 0.2


WEATHER CONDITIONS
 THE FOLLOWING WEATHER WAS RECORDED YESTERDAY.
  NO SIGNIFICANT WEATHER WAS OBSERVED.


RELATIVE HUMIDITY (PERCENT)
 HIGHEST    97           200 AM
 LOWEST     63           300 PM
 AVERAGE    80

..........................................................


THE ST CLOUD MN CLIMATE NORMALS FOR TODAY
                         NORMAL    RECORD    YEAR
 MAXIMUM TEMPERATURE (F)   75        96      1945
                                             1933
 MINIMUM TEMPERATURE (F)   51        35      1962


SUNRISE AND SUNSET
SEPTEMBER  5 2015.....SUNRISE   642 AM CDT   SUNSET   747 PM CDT
SEPTEMBER  6 2015.....SUNRISE   643 AM CDT   SUNSET   745 PM CDT


-  INDICATES NEGATIVE NUMBERS.
R  INDICATES RECORD WAS SET OR TIED.
MM INDICATES DATA IS MISSING.
T  INDICATES TRACE AMOUNT.




$$
