000
CDUS43 KMPX 290626
CLISTC


CLIMATE REPORT
NATIONAL WEATHER SERVICE CHANHASSEN MN
125 AM CDT FRI MAY 29 2015


...................................

...THE ST CLOUD MN CLIMATE SUMMARY FOR MAY 28 2015...

CLIMATE NORMAL PERIOD 1981 TO 2010
CLIMATE RECORD PERIOD 1893 TO 2015


WEATHER ITEM   OBSERVED TIME   RECORD YEAR NORMAL DEPARTURE LAST
                VALUE   (LST)  VALUE       VALUE  FROM      YEAR
                                                  NORMAL
..................................................................
TEMPERATURE (F)
 YESTERDAY
  MAXIMUM         82    123 PM 100    1934  72     10       82
  MINIMUM         52    315 AM  31    1906  48      4       52
  AVERAGE         67                        60      7       67

PRECIPITATION (IN)
  YESTERDAY        0.00          0.93 1933   0.10  -0.10     0.00
  MONTH TO DATE    5.85                      2.64   3.21     4.96
  SINCE MAR 1      7.90                      6.76   1.14    12.06
  SINCE JAN 1      8.49                      8.00   0.49    14.57

SNOWFALL (IN)
  YESTERDAY        0.0           0.0    MM   0.0    0.0      0.0
  MONTH TO DATE    0.0                       0.0    0.0      0.0
  SINCE MAR 1      4.3                      11.5   -7.2     21.2
  SINCE JUL 1     31.1                      45.7  -14.6     75.5
  SNOW DEPTH       0

DEGREE DAYS
 HEATING
  YESTERDAY        0                         6     -6        0
  MONTH TO DATE  272                       270      2      266
  SINCE MAR 1   1824                      1991   -167     2289
  SINCE JUL 1   8082                      8437   -355     9498

 COOLING
  YESTERDAY        2                         1      1        2
  MONTH TO DATE    5                        20    -15       26
  SINCE MAR 1      5                        22    -17       26
  SINCE JAN 1      5                        22    -17       26
..................................................................


WIND (MPH)
  HIGHEST WIND SPEED    26   HIGHEST WIND DIRECTION     S (190)
  HIGHEST GUST SPEED    33   HIGHEST GUST DIRECTION     S (200)
  AVERAGE WIND SPEED    11.5


SKY COVER
  POSSIBLE SUNSHINE  MM
  AVERAGE SKY COVER 0.1


WEATHER CONDITIONS
 THE FOLLOWING WEATHER WAS RECORDED YESTERDAY.
  FOG


RELATIVE HUMIDITY (PERCENT)
 HIGHEST   100           200 AM
 LOWEST     34           100 PM
 AVERAGE    67

..........................................................


THE ST CLOUD MN CLIMATE NORMALS FOR TODAY
                         NORMAL    RECORD    YEAR
 MAXIMUM TEMPERATURE (F)   72        92      2006
                                             1934
 MINIMUM TEMPERATURE (F)   48        31      1947


SUNRISE AND SUNSET
MAY 29 2015...........SUNRISE   533 AM CDT   SUNSET   855 PM CDT
MAY 30 2015...........SUNRISE   532 AM CDT   SUNSET   856 PM CDT


-  INDICATES NEGATIVE NUMBERS.
R  INDICATES RECORD WAS SET OR TIED.
MM INDICATES DATA IS MISSING.
T  INDICATES TRACE AMOUNT.




$$
