793
CDUS43 KMPX 230645
CLISTC


CLIMATE REPORT
NATIONAL WEATHER SERVICE CHANHASSEN MN
144 AM CDT SAT SEP 23 2017


...................................

...THE ST CLOUD MN CLIMATE SUMMARY FOR SEPTEMBER 22 2017...

CLIMATE NORMAL PERIOD 1981 TO 2010
CLIMATE RECORD PERIOD 1893 TO 2017


WEATHER ITEM   OBSERVED TIME   RECORD YEAR NORMAL DEPARTURE LAST
                VALUE   (LST)  VALUE       VALUE  FROM      YEAR
                                                  NORMAL
..................................................................
TEMPERATURE (F)
 YESTERDAY
  MAXIMUM         89    413 PM  92    1936  68     21       63
  MINIMUM         70    858 AM  18    1974  44     26       56
  AVERAGE         80                        56     24       60

PRECIPITATION (IN)
  YESTERDAY        0.04          3.00 1895   0.11  -0.07     0.49
  MONTH TO DATE    1.00                      2.67  -1.67     2.57
  SINCE SEP 1      1.00                      2.67  -1.67     2.57
  SINCE JAN 1     21.93                     22.25  -0.32    27.39

SNOWFALL (IN)
  YESTERDAY        0.0           0.0    MM   0.0    0.0      0.0
  MONTH TO DATE    0.0                       0.0    0.0      0.0
  SINCE SEP 1      0.0                       0.0    0.0      0.0
  SINCE JUL 1      0.0                       0.0    0.0      0.0
  SNOW DEPTH       0

DEGREE DAYS
 HEATING
  YESTERDAY        0                        10    -10        5
  MONTH TO DATE   80                       137    -57       58
  SINCE SEP 1     80                       137    -57       58
  SINCE JUL 1    120                       195    -75       80

 COOLING
  YESTERDAY       15                         0     15        0
  MONTH TO DATE   56                        31     25       26
  SINCE SEP 1     56                        31     25       26
  SINCE JAN 1    346                       460   -114      504
..................................................................


WIND (MPH)
  HIGHEST WIND SPEED    22   HIGHEST WIND DIRECTION    SE (150)
  HIGHEST GUST SPEED    27   HIGHEST GUST DIRECTION     S (160)
  AVERAGE WIND SPEED    10.6


SKY COVER
  POSSIBLE SUNSHINE  MM
  AVERAGE SKY COVER 0.4


WEATHER CONDITIONS
 THE FOLLOWING WEATHER WAS RECORDED YESTERDAY.
  THUNDERSTORM
  RAIN
  LIGHT RAIN
  FOG


RELATIVE HUMIDITY (PERCENT)
 HIGHEST   100           600 AM
 LOWEST     59           400 PM
 AVERAGE    80

..........................................................


THE ST CLOUD MN CLIMATE NORMALS FOR TODAY
                         NORMAL    RECORD    YEAR
 MAXIMUM TEMPERATURE (F)   67        89      1937
 MINIMUM TEMPERATURE (F)   44        23      1983


SUNRISE AND SUNSET
SEPTEMBER 23 2017.....SUNRISE   705 AM CDT   SUNSET   711 PM CDT
SEPTEMBER 24 2017.....SUNRISE   706 AM CDT   SUNSET   709 PM CDT


-  INDICATES NEGATIVE NUMBERS.
R  INDICATES RECORD WAS SET OR TIED.
MM INDICATES DATA IS MISSING.
T  INDICATES TRACE AMOUNT.




$$
