000
CDUS43 KMPX 240633
CLISTC


CLIMATE REPORT
NATIONAL WEATHER SERVICE CHANHASSEN MN
1229 AM CST TUE FEB 24 2015


...................................

...THE ST CLOUD MN CLIMATE SUMMARY FOR FEBRUARY 23 2015...

CLIMATE NORMAL PERIOD 1981 TO 2010
CLIMATE RECORD PERIOD 1893 TO 2015


WEATHER ITEM   OBSERVED TIME   RECORD YEAR NORMAL DEPARTURE LAST
                VALUE   (LST)  VALUE       VALUE  FROM      YEAR
                                                  NORMAL
..................................................................
TEMPERATURE (F)
 YESTERDAY
  MAXIMUM         26   1159 PM  54    1998  30     -4       15
                                      1958
  MINIMUM        -16    740 AM -25    1910  11    -27        0
  AVERAGE          5                        20    -15        8

PRECIPITATION (IN)
  YESTERDAY        0.00          0.80 1977   0.03  -0.03     0.00
  MONTH TO DATE    0.33                      0.45  -0.12     1.16
  SINCE DEC 1      1.32                      1.92  -0.60     4.27
  SINCE JAN 1      0.57                      1.10  -0.53     2.50

SNOWFALL (IN)
  YESTERDAY        0.0           6.0  1991   0.3   -0.3      0.0
  MONTH TO DATE    4.0                       5.6   -1.6     13.4
  SINCE DEC 1      9.0                      23.6  -14.6     50.6
  SINCE JUL 1     26.6                      32.8   -6.2     54.2
  SNOW DEPTH       2

DEGREE DAYS
 HEATING
  YESTERDAY       60                        45     15       57
  MONTH TO DATE 1284                      1124    160     1330
  SINCE DEC 1   4041                      4301   -260     5007
  SINCE JUL 1   5973                      6226   -253     6880

 COOLING
  YESTERDAY        0                         0      0        0
  MONTH TO DATE    0                         0      0        0
  SINCE DEC 1      0                         0      0        0
  SINCE JAN 1      0                         0      0        0
..................................................................


WIND (MPH)
  HIGHEST WIND SPEED    25   HIGHEST WIND DIRECTION    SW (210)
  HIGHEST GUST SPEED    37   HIGHEST GUST DIRECTION    SW (210)
  AVERAGE WIND SPEED    13.2


SKY COVER
  POSSIBLE SUNSHINE  MM
  AVERAGE SKY COVER 0.1


WEATHER CONDITIONS
 THE FOLLOWING WEATHER WAS RECORDED YESTERDAY.
  NO SIGNIFICANT WEATHER WAS OBSERVED.


RELATIVE HUMIDITY (PERCENT)
 HIGHEST    81           400 AM
 LOWEST     45           500 PM
 AVERAGE    63

..........................................................


THE ST CLOUD MN CLIMATE NORMALS FOR TODAY
                         NORMAL    RECORD    YEAR
 MAXIMUM TEMPERATURE (F)   30        55      1998
 MINIMUM TEMPERATURE (F)   11       -22      1950


SUNRISE AND SUNSET
FEBRUARY 24 2015......SUNRISE   704 AM CST   SUNSET   556 PM CST
FEBRUARY 25 2015......SUNRISE   702 AM CST   SUNSET   557 PM CST


-  INDICATES NEGATIVE NUMBERS.
R  INDICATES RECORD WAS SET OR TIED.
MM INDICATES DATA IS MISSING.
T  INDICATES TRACE AMOUNT.




$$
