000
CDUS43 KMPX 172134
CLISTC


CLIMATE REPORT
NATIONAL WEATHER SERVICE CHANHASSEN MN
434 PM CDT WED AUG 17 2016


...................................

...THE ST CLOUD MN CLIMATE SUMMARY FOR AUGUST 17 2016...
VALID AS OF 0400 PM LOCAL TIME.

CLIMATE NORMAL PERIOD 1981 TO 2010
CLIMATE RECORD PERIOD 1893 TO 2016


WEATHER ITEM   OBSERVED TIME   RECORD YEAR NORMAL DEPARTURE LAST
                VALUE   (LST)  VALUE       VALUE  FROM      YEAR
                                                  NORMAL
..................................................................
TEMPERATURE (F)
 TODAY
  MAXIMUM         83    149 PM  94    1934  80      3       74
                                      1925
  MINIMUM         56    326 AM  41    1981  56      0       55
                                      1977
  AVERAGE         70                        68      2       65

PRECIPITATION (IN)
  TODAY            0.00          2.76 1926   0.12  -0.12     0.04
  MONTH TO DATE    3.25                      1.98   1.27     1.50
  SINCE JUN 1     13.36                      9.46   3.90    13.34
  SINCE JAN 1     19.71                     17.77   1.94    22.01

SNOWFALL (IN)
  TODAY            0.0           0.0    MM   0.0    0.0      0.0
  MONTH TO DATE    0.0                       0.0    0.0      0.0
  SINCE JUN 1      0.0                       0.0    0.0      0.0
  SINCE JUL 1      0.0                       0.0    0.0      0.0
  SNOW DEPTH       0

DEGREE DAYS
 HEATING
  TODAY            0                         1     -1        0
  MONTH TO DATE    0                        17    -17        0
  SINCE JUN 1     40                       112    -72       40
  SINCE JUL 1      7                        34    -27       12

 COOLING
  TODAY            5                         4      1        0
  MONTH TO DATE  112                        81     31       91
  SINCE JUN 1    402                       358     44      360
  SINCE JAN 1    433                       383     50      365
..................................................................


WIND (MPH)
  HIGHEST WIND SPEED     7   HIGHEST WIND DIRECTION     E (80)
  HIGHEST GUST SPEED     8   HIGHEST GUST DIRECTION     N (20)
  AVERAGE WIND SPEED     1.0


SKY COVER
  POSSIBLE SUNSHINE  MM
  AVERAGE SKY COVER 0.4


WEATHER CONDITIONS
 THE FOLLOWING WEATHER WAS RECORDED TODAY.
  FOG
  FOG W/VISIBILITY <= 1/4 MILE


RELATIVE HUMIDITY (PERCENT)
 HIGHEST   100          1200 AM
 LOWEST     54           300 PM
 AVERAGE    77

..........................................................


THE ST CLOUD MN CLIMATE NORMALS FOR TOMORROW
                         NORMAL    RECORD    YEAR
 MAXIMUM TEMPERATURE (F)   80        99      1976
 MINIMUM TEMPERATURE (F)   56        37      1977


SUNRISE AND SUNSET
AUGUST 17 2016........SUNRISE   620 AM CDT   SUNSET   820 PM CDT
AUGUST 18 2016........SUNRISE   621 AM CDT   SUNSET   818 PM CDT


-  INDICATES NEGATIVE NUMBERS.
R  INDICATES RECORD WAS SET OR TIED.
MM INDICATES DATA IS MISSING.
T  INDICATES TRACE AMOUNT.




$$
