678
CDUS43 KMPX 081146
CLISTC


CLIMATE REPORT
NATIONAL WEATHER SERVICE CHANHASSEN MN
546 AM CST MON FEB 8 2016


...................................

...THE ST CLOUD MN CLIMATE SUMMARY FOR FEBRUARY 7 2016...

CLIMATE NORMAL PERIOD 1981 TO 2010
CLIMATE RECORD PERIOD 1893 TO 2016


WEATHER ITEM   OBSERVED TIME   RECORD YEAR NORMAL DEPARTURE LAST
                VALUE   (LST)  VALUE       VALUE  FROM      YEAR
                                                  NORMAL
..................................................................
TEMPERATURE (F)
 YESTERDAY
  MAXIMUM         38    246 PM  52    1987  24     14       37
  MINIMUM         13   1159 PM -29    1933   4      9       20
  AVERAGE         26                        14     12       29

PRECIPITATION (IN)
  YESTERDAY        0.02          0.37 1937   0.02   0.00     0.00
  MONTH TO DATE    0.17                      0.12   0.05     0.06
  SINCE DEC 1      1.50                      1.59  -0.09     1.05
  SINCE JAN 1      0.48                      0.77  -0.29     0.30

SNOWFALL (IN)
  YESTERDAY        0.2           6.5  1937   0.2    0.0      0.0
  MONTH TO DATE    3.3                       1.6    1.7      1.7
  SINCE DEC 1     16.1                      19.6   -3.5      6.7
  SINCE JUL 1     21.8                      28.8   -7.0     24.3
  SNOW DEPTH       3

DEGREE DAYS
 HEATING
  YESTERDAY       39                        51    -12       36
  MONTH TO DATE  308                       360    -52      373
  SINCE DEC 1   3071                      3537   -466     3130
  SINCE JUL 1   4530                      5462   -932     5062

 COOLING
  YESTERDAY        0                         0      0        0
  MONTH TO DATE    0                         0      0        0
  SINCE DEC 1      0                         0      0        0
  SINCE JAN 1      0                         0      0        0
..................................................................


WIND (MPH)
  HIGHEST WIND SPEED    35   HIGHEST WIND DIRECTION    NW (320)
  HIGHEST GUST SPEED    45   HIGHEST GUST DIRECTION    NW (320)
  AVERAGE WIND SPEED    19.9


SKY COVER
  POSSIBLE SUNSHINE  MM
  AVERAGE SKY COVER 0.9


WEATHER CONDITIONS
 THE FOLLOWING WEATHER WAS RECORDED YESTERDAY.
  LIGHT RAIN
  LIGHT SNOW
  FOG
  HAZE


RELATIVE HUMIDITY (PERCENT)
 HIGHEST    89           400 AM
 LOWEST     64           800 AM
 AVERAGE    77

..........................................................


THE ST CLOUD MN CLIMATE NORMALS FOR TODAY
                         NORMAL    RECORD    YEAR
 MAXIMUM TEMPERATURE (F)   25        55      1991
 MINIMUM TEMPERATURE (F)    5       -32      1899


SUNRISE AND SUNSET
FEBRUARY  8 2016......SUNRISE   729 AM CST   SUNSET   532 PM CST
FEBRUARY  9 2016......SUNRISE   728 AM CST   SUNSET   534 PM CST


-  INDICATES NEGATIVE NUMBERS.
R  INDICATES RECORD WAS SET OR TIED.
MM INDICATES DATA IS MISSING.
T  INDICATES TRACE AMOUNT.




$$
