000
CDUS43 KMPX 270635
CLISTC


CLIMATE REPORT
NATIONAL WEATHER SERVICE CHANHASSEN MN
134 AM CDT THU APR 27 2017


...................................

...THE ST CLOUD MN CLIMATE SUMMARY FOR APRIL 26 2017...

CLIMATE NORMAL PERIOD 1981 TO 2010
CLIMATE RECORD PERIOD 1893 TO 2017


WEATHER ITEM   OBSERVED TIME   RECORD YEAR NORMAL DEPARTURE LAST
                VALUE   (LST)  VALUE       VALUE  FROM      YEAR
                                                  NORMAL
..................................................................
TEMPERATURE (F)
 YESTERDAY
  MAXIMUM         41   1218 AM  84    1970  62    -21       46
  MINIMUM         31   1159 PM  22    1907  37     -6       36
  AVERAGE         36                        50    -14       41

PRECIPITATION (IN)
  YESTERDAY        0.41          2.47 1984   0.10   0.31     0.00
  MONTH TO DATE    2.87                      2.16   0.71     1.52
  SINCE MAR 1      3.54                      3.71  -0.17     3.02
  SINCE JAN 1      4.86                      4.95  -0.09     3.96

SNOWFALL (IN)
  YESTERDAY        T             1.5  2008   0.1   -0.1      0.0
  MONTH TO DATE    T                         2.9   -2.9      1.6
  SINCE MAR 1      2.0                      11.4   -9.4      4.6
  SINCE JUL 1     30.9                      45.6  -14.7     30.3
  SNOW DEPTH       0

DEGREE DAYS
 HEATING
  YESTERDAY       29                        16     13       24
  MONTH TO DATE  459                       560   -101      523
  SINCE MAR 1   1519                      1664   -145     1340
  SINCE JUL 1   6875                      8110  -1235     6791

 COOLING
  YESTERDAY        0                         0      0        0
  MONTH TO DATE    0                         0      0        5
  SINCE MAR 1      0                         0      0        5
  SINCE JAN 1      0                         0      0        5
..................................................................


WIND (MPH)
  HIGHEST WIND SPEED    20   HIGHEST WIND DIRECTION     N (360)
  HIGHEST GUST SPEED    26   HIGHEST GUST DIRECTION     N (340)
  AVERAGE WIND SPEED    10.7


SKY COVER
  POSSIBLE SUNSHINE  MM
  AVERAGE SKY COVER 1.0


WEATHER CONDITIONS
 THE FOLLOWING WEATHER WAS RECORDED YESTERDAY.
  RAIN
  LIGHT RAIN
  LIGHT SNOW
  FOG


RELATIVE HUMIDITY (PERCENT)
 HIGHEST   100           100 AM
 LOWEST     82           300 PM
 AVERAGE    91

..........................................................


THE ST CLOUD MN CLIMATE NORMALS FOR TODAY
                         NORMAL    RECORD    YEAR
 MAXIMUM TEMPERATURE (F)   63        86      1977
                                             1952
                                             1910
 MINIMUM TEMPERATURE (F)   38        12      1909


SUNRISE AND SUNSET
APRIL 27 2017.........SUNRISE   610 AM CDT   SUNSET   818 PM CDT
APRIL 28 2017.........SUNRISE   608 AM CDT   SUNSET   820 PM CDT


-  INDICATES NEGATIVE NUMBERS.
R  INDICATES RECORD WAS SET OR TIED.
MM INDICATES DATA IS MISSING.
T  INDICATES TRACE AMOUNT.




$$
