000
CDUS43 KMPX 230745
CLISTC


CLIMATE REPORT
NATIONAL WEATHER SERVICE CHANHASSEN MN
245 AM CDT SAT APR 23 2016


...................................

...THE ST CLOUD MN CLIMATE SUMMARY FOR APRIL 22 2016...

CLIMATE NORMAL PERIOD 1981 TO 2010
CLIMATE RECORD PERIOD 1893 TO 2016


WEATHER ITEM   OBSERVED TIME   RECORD YEAR NORMAL DEPARTURE LAST
                VALUE   (LST)  VALUE       VALUE  FROM      YEAR
                                                  NORMAL
..................................................................
TEMPERATURE (F)
 YESTERDAY
  MAXIMUM         60    449 PM  86    1913  60      0       48
  MINIMUM         44   1159 PM  23    1986  36      8       27
                                      1967
                                      1909
  AVERAGE         52                        48      4       38

PRECIPITATION (IN)
  YESTERDAY        0.00          3.52 2001   0.09  -0.09     0.00
  MONTH TO DATE    0.40                      1.76  -1.36     1.19
  SINCE MAR 1      1.90                      3.31  -1.41     1.57
  SINCE JAN 1      2.84                      4.55  -1.71     2.16

SNOWFALL (IN)
  YESTERDAY        0.0           3.8  1963   0.1   -0.1      0.0
  MONTH TO DATE    1.6                       2.6   -1.0      1.0
  SINCE MAR 1      4.6                      11.1   -6.5      4.3
  SINCE JUL 1     30.3                      45.3  -15.0     31.1
  SNOW DEPTH       0

DEGREE DAYS
 HEATING
  YESTERDAY       13                        17     -4       27
  MONTH TO DATE  451                       495    -44      415
  SINCE MAR 1   1268                      1599   -331     1416
  SINCE JUL 1   6719                      8045  -1326     7674

 COOLING
  YESTERDAY        0                         0      0        0
  MONTH TO DATE    5                         0      5        0
  SINCE MAR 1      5                         0      5        0
  SINCE JAN 1      5                         0      5        0
..................................................................


WIND (MPH)
  HIGHEST WIND SPEED    10   HIGHEST WIND DIRECTION     E (90)
  HIGHEST GUST SPEED    14   HIGHEST GUST DIRECTION    SE (150)
  AVERAGE WIND SPEED     5.6


SKY COVER
  POSSIBLE SUNSHINE  MM
  AVERAGE SKY COVER 0.5


WEATHER CONDITIONS
 THE FOLLOWING WEATHER WAS RECORDED YESTERDAY.
  NO SIGNIFICANT WEATHER WAS OBSERVED.


RELATIVE HUMIDITY (PERCENT)
 HIGHEST    76           200 AM
 LOWEST     33           500 PM
 AVERAGE    55

..........................................................


THE ST CLOUD MN CLIMATE NORMALS FOR TODAY
                         NORMAL    RECORD    YEAR
 MAXIMUM TEMPERATURE (F)   61        88      1913
 MINIMUM TEMPERATURE (F)   36        17      1909


SUNRISE AND SUNSET
APRIL 23 2016.........SUNRISE   616 AM CDT   SUNSET   814 PM CDT
APRIL 24 2016.........SUNRISE   614 AM CDT   SUNSET   815 PM CDT


-  INDICATES NEGATIVE NUMBERS.
R  INDICATES RECORD WAS SET OR TIED.
MM INDICATES DATA IS MISSING.
T  INDICATES TRACE AMOUNT.




$$
