000
CDUS43 KMPX 140640
CLISTC


CLIMATE REPORT
NATIONAL WEATHER SERVICE CHANHASSEN MN
1238 AM CST TUE NOV 14 2017


...................................

...THE ST CLOUD MN CLIMATE SUMMARY FOR NOVEMBER 13 2017...

CLIMATE NORMAL PERIOD 1981 TO 2010
CLIMATE RECORD PERIOD 1893 TO 2017


WEATHER ITEM   OBSERVED TIME   RECORD YEAR NORMAL DEPARTURE LAST
                VALUE   (LST)  VALUE       VALUE  FROM      YEAR
                                                  NORMAL
..................................................................
TEMPERATURE (F)
 YESTERDAY
  MAXIMUM         42    608 PM  71    1999  41      1       61
  MINIMUM         21    211 AM  -5    1940  23     -2       35
  AVERAGE         32                        32      0       48

PRECIPITATION (IN)
  YESTERDAY        0.00          0.87 1951   0.05  -0.05     0.00
  MONTH TO DATE    0.80                      0.65   0.15     0.00
  SINCE SEP 1      8.81                      6.60   2.21     5.76
  SINCE JAN 1     29.74                     26.18   3.56    30.58

SNOWFALL (IN)
  YESTERDAY        0.0           4.3  1997   0.3   -0.3      0.0
  MONTH TO DATE    5.7                       2.5    3.2      0.0
  SINCE SEP 1      7.1                       3.3    3.8      0.0
  SINCE JUL 1      7.1                       3.3    3.8      0.0
  SNOW DEPTH       0

DEGREE DAYS
 HEATING
  YESTERDAY       33                        33      0       17
  MONTH TO DATE  492                       385    107      225
  SINCE SEP 1   1174                      1212    -38      835
  SINCE JUL 1   1214                      1270    -56      857

 COOLING
  YESTERDAY        0                         0      0        0
  MONTH TO DATE    0                         0      0        0
  SINCE SEP 1     71                        36     35       28
  SINCE JAN 1    361                       465   -104      506
..................................................................


WIND (MPH)
  HIGHEST WIND SPEED    21   HIGHEST WIND DIRECTION     S (180)
  HIGHEST GUST SPEED    28   HIGHEST GUST DIRECTION     S (180)
  AVERAGE WIND SPEED     9.2


SKY COVER
  POSSIBLE SUNSHINE  MM
  AVERAGE SKY COVER 0.5


WEATHER CONDITIONS
 THE FOLLOWING WEATHER WAS RECORDED YESTERDAY.
  FOG


RELATIVE HUMIDITY (PERCENT)
 HIGHEST   100          1200 AM
 LOWEST     70          1200 PM
 AVERAGE    85

..........................................................


THE ST CLOUD MN CLIMATE NORMALS FOR TODAY
                         NORMAL    RECORD    YEAR
 MAXIMUM TEMPERATURE (F)   40        68      1990
 MINIMUM TEMPERATURE (F)   23        -8      1940


SUNRISE AND SUNSET
NOVEMBER 14 2017......SUNRISE   714 AM CST   SUNSET   447 PM CST
NOVEMBER 15 2017......SUNRISE   716 AM CST   SUNSET   446 PM CST


-  INDICATES NEGATIVE NUMBERS.
R  INDICATES RECORD WAS SET OR TIED.
MM INDICATES DATA IS MISSING.
T  INDICATES TRACE AMOUNT.




$$
