000
CDUS43 KMPX 290639
CLISTC


CLIMATE REPORT
NATIONAL WEATHER SERVICE CHANHASSEN MN
136 AM CDT WED JUL 29 2015


...................................

...THE ST CLOUD MN CLIMATE SUMMARY FOR JULY 28 2015...

CLIMATE NORMAL PERIOD 1981 TO 2010
CLIMATE RECORD PERIOD 1893 TO 2015


WEATHER ITEM   OBSERVED TIME   RECORD YEAR NORMAL DEPARTURE LAST
                VALUE   (LST)  VALUE       VALUE  FROM      YEAR
                                                  NORMAL
..................................................................
TEMPERATURE (F)
 YESTERDAY
  MAXIMUM         83    515 PM 100    1917  82      1       79
  MINIMUM         66    938 PM  43    2013  58      8       60
  AVERAGE         75                        70      5       70

PRECIPITATION (IN)
  YESTERDAY        1.08          1.17 1942   0.09   0.99     0.00
  MONTH TO DATE    7.18                      2.99   4.19     1.25
  SINCE JUN 1     11.84                      7.16   4.68     7.43
  SINCE JAN 1     20.51                     15.47   5.04    23.78

SNOWFALL (IN)
  YESTERDAY        0.0           0.0    MM   0.0    0.0      0.0
  MONTH TO DATE    0.0                       0.0    0.0      0.0
  SINCE JUN 1      0.0                       0.0    0.0      0.0
  SINCE JUL 1      0.0                       0.0    0.0      0.0
  SNOW DEPTH       0

DEGREE DAYS
 HEATING
  YESTERDAY        0                         1     -1        0
  MONTH TO DATE   12                        14     -2        7
  SINCE JUN 1     40                        92    -52       33
  SINCE JUL 1     12                        14     -2        7

 COOLING
  YESTERDAY       10                         6      4        5
  MONTH TO DATE  174                       167      7      160
  SINCE JUN 1    246                       262    -16      293
  SINCE JAN 1    251                       287    -36      337
..................................................................


WIND (MPH)
  HIGHEST WIND SPEED    25   HIGHEST WIND DIRECTION    SE (150)
  HIGHEST GUST SPEED    34   HIGHEST GUST DIRECTION    SE (140)
  AVERAGE WIND SPEED    12.5


SKY COVER
  POSSIBLE SUNSHINE  MM
  AVERAGE SKY COVER 0.3


WEATHER CONDITIONS
 THE FOLLOWING WEATHER WAS RECORDED YESTERDAY.
  THUNDERSTORM
  HEAVY RAIN
  RAIN
  LIGHT RAIN
  FOG


RELATIVE HUMIDITY (PERCENT)
 HIGHEST    93          1200 AM
 LOWEST     54           600 PM
 AVERAGE    74

..........................................................


THE ST CLOUD MN CLIMATE NORMALS FOR TODAY
                         NORMAL    RECORD    YEAR
 MAXIMUM TEMPERATURE (F)   82        99      1935
 MINIMUM TEMPERATURE (F)   58        43      1992


SUNRISE AND SUNSET
JULY 29 2015..........SUNRISE   556 AM CDT   SUNSET   848 PM CDT
JULY 30 2015..........SUNRISE   557 AM CDT   SUNSET   847 PM CDT


-  INDICATES NEGATIVE NUMBERS.
R  INDICATES RECORD WAS SET OR TIED.
MM INDICATES DATA IS MISSING.
T  INDICATES TRACE AMOUNT.




$$
