000
CDUS43 KMPX 150637
CLISTC


CLIMATE REPORT
NATIONAL WEATHER SERVICE CHANHASSEN MN
1236 AM CST MON JAN 15 2018


...................................

...THE ST CLOUD MN CLIMATE SUMMARY FOR JANUARY 14 2018...

CLIMATE NORMAL PERIOD 1981 TO 2010
CLIMATE RECORD PERIOD 1893 TO 2018


WEATHER ITEM   OBSERVED TIME   RECORD YEAR NORMAL DEPARTURE LAST
                VALUE   (LST)  VALUE       VALUE  FROM      YEAR
                                                  NORMAL
..................................................................
TEMPERATURE (F)
 YESTERDAY
  MAXIMUM         14    733 PM  44    1944  21     -7       22
                                      1901
  MINIMUM        -11    437 AM -30    1982   1    -12       -3
  AVERAGE          2                        11     -9       10

PRECIPITATION (IN)
  YESTERDAY        0.11          0.57 1952   0.02   0.09     0.00
  MONTH TO DATE    0.17                      0.33  -0.16     0.37
  SINCE DEC 1      0.61                      1.15  -0.54     1.92
  SINCE JAN 1      0.17                      0.33  -0.16     0.37

SNOWFALL (IN)
  YESTERDAY        3.4 R         3.0  1952   0.3    3.1      0.0
  MONTH TO DATE    3.9                       4.2   -0.3      9.0
  SINCE DEC 1      8.6                      13.6   -5.0     17.8
  SINCE JUL 1     15.7                      22.8   -7.1     25.1
  SNOW DEPTH       2

DEGREE DAYS
 HEATING
  YESTERDAY       63                        54      9       55
  MONTH TO DATE  826                       749     77      834
  SINCE DEC 1   2369                      2271     98     2298
  SINCE JUL 1   4135                      4196    -61     3672

 COOLING
  YESTERDAY        0                         0      0        0
  MONTH TO DATE    0                         0      0        0
  SINCE DEC 1      0                         0      0        0
  SINCE JAN 1      0                         0      0        0
..................................................................


WIND (MPH)
  HIGHEST WIND SPEED    21   HIGHEST WIND DIRECTION    NW (320)
  HIGHEST GUST SPEED    27   HIGHEST GUST DIRECTION    NW (320)
  AVERAGE WIND SPEED     9.8


SKY COVER
  POSSIBLE SUNSHINE  MM
  AVERAGE SKY COVER 0.8


WEATHER CONDITIONS
 THE FOLLOWING WEATHER WAS RECORDED YESTERDAY.
  SNOW
  LIGHT SNOW
  FOG
  HAZE


RELATIVE HUMIDITY (PERCENT)
 HIGHEST    92          1200 AM
 LOWEST     76           900 PM
 AVERAGE    84

..........................................................


THE ST CLOUD MN CLIMATE NORMALS FOR TODAY
                         NORMAL    RECORD    YEAR
 MAXIMUM TEMPERATURE (F)   21        45      1901
 MINIMUM TEMPERATURE (F)    1       -31      1972
                                             1917


SUNRISE AND SUNSET
JANUARY 15 2018.......SUNRISE   753 AM CST   SUNSET   459 PM CST
JANUARY 16 2018.......SUNRISE   752 AM CST   SUNSET   501 PM CST


-  INDICATES NEGATIVE NUMBERS.
R  INDICATES RECORD WAS SET OR TIED.
MM INDICATES DATA IS MISSING.
T  INDICATES TRACE AMOUNT.




$$
