263
CDUS43 KMPX 160731
CLISTC


CLIMATE REPORT
NATIONAL WEATHER SERVICE CHANHASSEN MN
229 AM CDT MON OCT 16 2017


...................................

...THE ST CLOUD MN CLIMATE SUMMARY FOR OCTOBER 15 2017...

CLIMATE NORMAL PERIOD 1981 TO 2010
CLIMATE RECORD PERIOD 1893 TO 2017


WEATHER ITEM   OBSERVED TIME   RECORD YEAR NORMAL DEPARTURE LAST
                VALUE   (LST)  VALUE       VALUE  FROM      YEAR
                                                  NORMAL
..................................................................
TEMPERATURE (F)
 YESTERDAY
  MAXIMUM         51   1251 PM  82    1968  57     -6       67
                                      1947
                                      1910
  MINIMUM         37   1159 PM  19    1952  35      2       42
  AVERAGE         44                        46     -2       55

PRECIPITATION (IN)
  YESTERDAY        0.05          3.20 1899   0.09  -0.04      T
  MONTH TO DATE    4.27                      1.39   2.88     1.60
  SINCE SEP 1      7.20                      4.85   2.35     4.68
  SINCE JAN 1     28.13                     24.43   3.70    29.50

SNOWFALL (IN)
  YESTERDAY        0.0           1.4  1966   0.0    0.0      0.0
  MONTH TO DATE    0.0                       0.1   -0.1      0.0
  SINCE SEP 1      0.0                       0.1   -0.1      0.0
  SINCE JUL 1      0.0                       0.1   -0.1      0.0
  SNOW DEPTH       0

DEGREE DAYS
 HEATING
  YESTERDAY       21                        19      2       10
  MONTH TO DATE  227                       242    -15      200
  SINCE SEP 1    366                       470   -104      318
  SINCE JUL 1    406                       528   -122      340

 COOLING
  YESTERDAY        0                         0      0        0
  MONTH TO DATE    0                         0      0        0
  SINCE SEP 1     71                        34     37       28
  SINCE JAN 1    361                       463   -102      506
..................................................................


WIND (MPH)
  HIGHEST WIND SPEED    18   HIGHEST WIND DIRECTION     W (270)
  HIGHEST GUST SPEED    23   HIGHEST GUST DIRECTION     N (350)
  AVERAGE WIND SPEED     7.4


SKY COVER
  POSSIBLE SUNSHINE  MM
  AVERAGE SKY COVER 0.7


WEATHER CONDITIONS
 THE FOLLOWING WEATHER WAS RECORDED YESTERDAY.
  LIGHT RAIN


RELATIVE HUMIDITY (PERCENT)
 HIGHEST    96           400 AM
 LOWEST     52           100 PM
 AVERAGE    74

..........................................................


THE ST CLOUD MN CLIMATE NORMALS FOR TODAY
                         NORMAL    RECORD    YEAR
 MAXIMUM TEMPERATURE (F)   57        83      1947
 MINIMUM TEMPERATURE (F)   35        18      1952


SUNRISE AND SUNSET
OCTOBER 16 2017.......SUNRISE   734 AM CDT   SUNSET   628 PM CDT
OCTOBER 17 2017.......SUNRISE   736 AM CDT   SUNSET   627 PM CDT


-  INDICATES NEGATIVE NUMBERS.
R  INDICATES RECORD WAS SET OR TIED.
MM INDICATES DATA IS MISSING.
T  INDICATES TRACE AMOUNT.




$$
