000
CDUS43 KMPX 270030
CLISTC


CLIMATE REPORT
NATIONAL WEATHER SERVICE CHANHASSEN MN
729 PM CDT SAT JUL 26 2014


...................................

...THE ST CLOUD MN CLIMATE SUMMARY FOR JULY 26 2014...
VALID TODAY AS OF 0700 PM LOCAL TIME.

CLIMATE NORMAL PERIOD 1981 TO 2010
CLIMATE RECORD PERIOD 1893 TO 2014


WEATHER ITEM   OBSERVED TIME   RECORD YEAR NORMAL DEPARTURE LAST
                VALUE   (LST)  VALUE       VALUE  FROM      YEAR
                                                  NORMAL
..................................................................
TEMPERATURE (F)
 TODAY
  MAXIMUM         88    434 PM 103    1931  82      6       68
  MINIMUM         61    500 AM  46    1991  58      3       48
  AVERAGE         75                        70      5       58

PRECIPITATION (IN)
  TODAY            0.00          1.34 1945   0.10  -0.10      T
  MONTH TO DATE    1.25                      2.80  -1.55     1.36
  SINCE JUN 1      7.43                      6.97   0.46     7.12
  SINCE JAN 1     23.78                     15.28   8.50    19.41

SNOWFALL (IN)
  TODAY            0.0           0.0    MM   0.0    0.0      0.0
  MONTH TO DATE    0.0                       0.0    0.0      0.0
  SINCE JUN 1      0.0                       0.0    0.0      0.0
  SINCE JUL 1      0.0                       0.0    0.0      0.0
  SNOW DEPTH       0

DEGREE DAYS
 HEATING
  TODAY            0                         0      0        7
  MONTH TO DATE    7                        13     -6        7
  SINCE JUN 1     33                        91    -58       94
  SINCE JUL 1      7                        13     -6        7

 COOLING
  TODAY           10                         6      4        0
  MONTH TO DATE  149                       155     -6      215
  SINCE JUN 1    282                       250     32      314
  SINCE JAN 1    326                       275     51      325
..................................................................


WIND (MPH)
  HIGHEST WIND SPEED    23   HIGHEST WIND DIRECTION     W (270)
  HIGHEST GUST SPEED    30   HIGHEST GUST DIRECTION     W (280)
  AVERAGE WIND SPEED     8.2


SKY COVER
  POSSIBLE SUNSHINE  MM
  AVERAGE SKY COVER 0.2


WEATHER CONDITIONS
 THE FOLLOWING WEATHER WAS RECORDED TODAY.
  FOG
  FOG W/VISIBILITY <= 1/4 MILE


RELATIVE HUMIDITY (PERCENT)
 HIGHEST   100           400 AM
 LOWEST     37           600 PM
 AVERAGE    69

..........................................................


THE ST CLOUD MN CLIMATE NORMALS FOR TOMORROW
                         NORMAL    RECORD    YEAR
 MAXIMUM TEMPERATURE (F)   82       102      1931
 MINIMUM TEMPERATURE (F)   58        44      1981


SUNRISE AND SUNSET
JULY 26 2014..........SUNRISE   553 AM CDT   SUNSET   852 PM CDT
JULY 27 2014..........SUNRISE   554 AM CDT   SUNSET   850 PM CDT


-  INDICATES NEGATIVE NUMBERS.
R  INDICATES RECORD WAS SET OR TIED.
MM INDICATES DATA IS MISSING.
T  INDICATES TRACE AMOUNT.




$$
