000
CDUS43 KMPX 160641
CLISTC


CLIMATE REPORT
NATIONAL WEATHER SERVICE CHANHASSEN MN
1241 AM CST THU FEB 16 2017


...................................

...THE ST CLOUD MN CLIMATE SUMMARY FOR FEBRUARY 15 2017...

CLIMATE NORMAL PERIOD 1981 TO 2010
CLIMATE RECORD PERIOD 1893 TO 2017


WEATHER ITEM   OBSERVED TIME   RECORD YEAR NORMAL DEPARTURE LAST
                VALUE   (LST)  VALUE       VALUE  FROM      YEAR
                                                  NORMAL
..................................................................
TEMPERATURE (F)
 YESTERDAY
  MAXIMUM         33    526 PM  55    1921  27      6       34
  MINIMUM         14    739 AM -34    1936   7      7       17
  AVERAGE         24                        17      7       26

PRECIPITATION (IN)
  YESTERDAY        0.00          0.49 1945   0.02  -0.02      T
  MONTH TO DATE    0.10                      0.26  -0.16     0.29
  SINCE DEC 1      2.19                      1.73   0.46     1.62
  SINCE JAN 1      0.64                      0.91  -0.27     0.60

SNOWFALL (IN)
  YESTERDAY        0.0           5.9  1962   0.2   -0.2       T
  MONTH TO DATE    0.3                       3.4   -3.1      7.0
  SINCE DEC 1     19.1                      21.4   -2.3     19.8
  SINCE JUL 1     26.4                      30.6   -4.2     25.5
  SNOW DEPTH       0

DEGREE DAYS
 HEATING
  YESTERDAY       41                        48     -7       39
  MONTH TO DATE  658                       753    -95      752
  SINCE DEC 1   3600                      3930   -330     3515
  SINCE JUL 1   4974                      5855   -881     4974

 COOLING
  YESTERDAY        0                         0      0        0
  MONTH TO DATE    0                         0      0        0
  SINCE DEC 1      0                         0      0        0
  SINCE JAN 1      0                         0      0        0
..................................................................


WIND (MPH)
  HIGHEST WIND SPEED    15   HIGHEST WIND DIRECTION    NW (320)
  HIGHEST GUST SPEED    18   HIGHEST GUST DIRECTION    NW (320)
  AVERAGE WIND SPEED     6.3


SKY COVER
  POSSIBLE SUNSHINE  MM
  AVERAGE SKY COVER 0.0


WEATHER CONDITIONS
 THE FOLLOWING WEATHER WAS RECORDED YESTERDAY.
  NO SIGNIFICANT WEATHER WAS OBSERVED.


RELATIVE HUMIDITY (PERCENT)
 HIGHEST    80           400 AM
 LOWEST     50           100 PM
 AVERAGE    65

..........................................................


THE ST CLOUD MN CLIMATE NORMALS FOR TODAY
                         NORMAL    RECORD    YEAR
 MAXIMUM TEMPERATURE (F)   27        53      1981
 MINIMUM TEMPERATURE (F)    8       -34      1936


SUNRISE AND SUNSET
FEBRUARY 16 2017......SUNRISE   716 AM CST   SUNSET   545 PM CST
FEBRUARY 17 2017......SUNRISE   714 AM CST   SUNSET   547 PM CST


-  INDICATES NEGATIVE NUMBERS.
R  INDICATES RECORD WAS SET OR TIED.
MM INDICATES DATA IS MISSING.
T  INDICATES TRACE AMOUNT.




$$
