000
CDUS43 KMPX 102225
CLISTC


CLIMATE REPORT
NATIONAL WEATHER SERVICE CHANHASSEN MN
424 PM CST SUN DEC 10 2017


...................................

...THE ST CLOUD MN CLIMATE SUMMARY FOR DECEMBER 10 2017...
VALID TODAY AS OF 0400 PM LOCAL TIME.

CLIMATE NORMAL PERIOD 1981 TO 2010
CLIMATE RECORD PERIOD 1893 TO 2017


WEATHER ITEM   OBSERVED TIME   RECORD YEAR NORMAL DEPARTURE LAST
                VALUE   (LST)  VALUE       VALUE  FROM      YEAR
                                                  NORMAL
..................................................................
TEMPERATURE (F)
 TODAY
  MAXIMUM         31    310 PM  52    1939  26      5       11
  MINIMUM         15    238 AM -26    1977   9      6       -2
  AVERAGE         23                        17      6        5

PRECIPITATION (IN)
  TODAY            0.00          0.24 1983   0.02  -0.02     0.04
  MONTH TO DATE    0.03                      0.29  -0.26     0.15
  SINCE DEC 1      0.03                      0.29  -0.26     0.15
  SINCE JAN 1     29.79                     27.20   2.59    32.42

SNOWFALL (IN)
  TODAY            0.0           2.6  1964   0.3   -0.3      0.6
  MONTH TO DATE    0.4                       3.1   -2.7      1.5
  SINCE DEC 1      0.4                       3.1   -2.7      1.5
  SINCE JUL 1      7.5                      12.3   -4.8      8.8
  SNOW DEPTH       T

DEGREE DAYS
 HEATING
  TODAY           42                        48     -6       60
  MONTH TO DATE  393                       457    -64      424
  SINCE DEC 1    393                       457    -64      424
  SINCE JUL 1   2159                      2382   -223     1798

 COOLING
  TODAY            0                         0      0        0
  MONTH TO DATE    0                         0      0        0
  SINCE DEC 1      0                         0      0        0
  SINCE JAN 1    361                       465   -104      506
..................................................................


WIND (MPH)
  HIGHEST WIND SPEED    16   HIGHEST WIND DIRECTION    NW (320)
  HIGHEST GUST SPEED    21   HIGHEST GUST DIRECTION    NW (330)
  AVERAGE WIND SPEED     7.6


SKY COVER
  POSSIBLE SUNSHINE  MM
  AVERAGE SKY COVER 0.6


WEATHER CONDITIONS
 THE FOLLOWING WEATHER WAS RECORDED TODAY.
  NO SIGNIFICANT WEATHER WAS OBSERVED.


RELATIVE HUMIDITY (PERCENT)
 HIGHEST    92           200 AM
 LOWEST     69           100 PM
 AVERAGE    81

..........................................................


THE ST CLOUD MN CLIMATE NORMALS FOR TOMORROW
                         NORMAL    RECORD    YEAR
 MAXIMUM TEMPERATURE (F)   26        53      1913
 MINIMUM TEMPERATURE (F)    8       -23      1936


SUNRISE AND SUNSET
DECEMBER 10 2017......SUNRISE   746 AM CST   SUNSET   433 PM CST
DECEMBER 11 2017......SUNRISE   747 AM CST   SUNSET   433 PM CST


-  INDICATES NEGATIVE NUMBERS.
R  INDICATES RECORD WAS SET OR TIED.
MM INDICATES DATA IS MISSING.
T  INDICATES TRACE AMOUNT.




$$
