000
CDUS43 KMPX 252143
CLISTC


CLIMATE REPORT
NATIONAL WEATHER SERVICE CHANHASSEN MN
443 PM CDT SAT JUL 25 2015


...................................

...THE ST CLOUD MN CLIMATE SUMMARY FOR JULY 25 2015...
VALID AS OF 0400 PM LOCAL TIME.

CLIMATE NORMAL PERIOD 1981 TO 2010
CLIMATE RECORD PERIOD 1893 TO 2015


WEATHER ITEM   OBSERVED TIME   RECORD YEAR NORMAL DEPARTURE LAST
                VALUE   (LST)  VALUE       VALUE  FROM      YEAR
                                                  NORMAL
..................................................................
TEMPERATURE (F)
 TODAY
  MAXIMUM         84   1216 PM 102    1931  82      2       85
  MINIMUM         61    333 AM  46    2004  58      3       65
  AVERAGE         73                        70      3       75

PRECIPITATION (IN)
  TODAY            0.00          1.50 1997   0.11  -0.11     0.42
  MONTH TO DATE    6.10                      2.70   3.40     1.25
  SINCE JUN 1     10.76                      6.87   3.89     7.43
  SINCE JAN 1     19.43                     15.18   4.25    23.78

SNOWFALL (IN)
  TODAY            0.0           0.0    MM   0.0    0.0      0.0
  MONTH TO DATE    0.0                       0.0    0.0      0.0
  SINCE JUN 1      0.0                       0.0    0.0      0.0
  SINCE JUL 1      0.0                       0.0    0.0      0.0
  SNOW DEPTH       0

DEGREE DAYS
 HEATING
  TODAY            0                         0      0        0
  MONTH TO DATE   12                        13     -1        7
  SINCE JUN 1     40                        91    -51       33
  SINCE JUL 1     12                        13     -1        7

 COOLING
  TODAY            8                         6      2       10
  MONTH TO DATE  137                       149    -12      139
  SINCE JUN 1    209                       244    -35      272
  SINCE JAN 1    214                       269    -55      316
..................................................................


WIND (MPH)
  HIGHEST WIND SPEED    12   HIGHEST WIND DIRECTION    SW (210)
  HIGHEST GUST SPEED    14   HIGHEST GUST DIRECTION     S (190)
  AVERAGE WIND SPEED     3.5


SKY COVER
  POSSIBLE SUNSHINE  MM
  AVERAGE SKY COVER 0.0


WEATHER CONDITIONS
 THE FOLLOWING WEATHER WAS RECORDED TODAY.
  FOG


RELATIVE HUMIDITY (PERCENT)
 HIGHEST   100           100 AM
 LOWEST     55          1100 AM
 AVERAGE    78

..........................................................


THE ST CLOUD MN CLIMATE NORMALS FOR TOMORROW
                         NORMAL    RECORD    YEAR
 MAXIMUM TEMPERATURE (F)   82       103      1931
 MINIMUM TEMPERATURE (F)   58        46      1991


SUNRISE AND SUNSET
JULY 25 2015..........SUNRISE   552 AM CDT   SUNSET   853 PM CDT
JULY 26 2015..........SUNRISE   553 AM CDT   SUNSET   852 PM CDT


-  INDICATES NEGATIVE NUMBERS.
R  INDICATES RECORD WAS SET OR TIED.
MM INDICATES DATA IS MISSING.
T  INDICATES TRACE AMOUNT.




$$
