316
CDUS43 KMPX 232148
CLISTC


CLIMATE REPORT
NATIONAL WEATHER SERVICE CHANHASSEN MN
448 PM CDT FRI SEP 23 2016


...................................

...THE ST CLOUD MN CLIMATE SUMMARY FOR SEPTEMBER 23 2016...
VALID AS OF 0400 PM LOCAL TIME.

CLIMATE NORMAL PERIOD 1981 TO 2010
CLIMATE RECORD PERIOD 1893 TO 2016


WEATHER ITEM   OBSERVED TIME   RECORD YEAR NORMAL DEPARTURE LAST
                VALUE   (LST)  VALUE       VALUE  FROM      YEAR
                                                  NORMAL
..................................................................
TEMPERATURE (F)
 TODAY
  MAXIMUM         65   1151 AM  89    1937  67     -2       68
  MINIMUM         55    720 AM  23    1983  44     11       57
  AVERAGE         60                        55      5       63

PRECIPITATION (IN)
  TODAY            T             1.60 1984   0.11  -0.11     0.15
  MONTH TO DATE    2.57                      2.78  -0.21     2.20
  SINCE SEP 1      2.57                      2.78  -0.21     2.20
  SINCE JAN 1     27.39                     22.36   5.03    25.81

SNOWFALL (IN)
  TODAY            0.0           0.0    MM   0.0    0.0      0.0
  MONTH TO DATE    0.0                       0.0    0.0      0.0
  SINCE SEP 1      0.0                       0.0    0.0      0.0
  SINCE JUL 1      0.0                       0.0    0.0      0.0
  SNOW DEPTH       0

DEGREE DAYS
 HEATING
  TODAY            5                        10     -5        2
  MONTH TO DATE   63                       147    -84       70
  SINCE SEP 1     63                       147    -84       70
  SINCE JUL 1     85                       205   -120      122

 COOLING
  TODAY            0                         0      0        0
  MONTH TO DATE   26                        31     -5       99
  SINCE SEP 1     26                        31     -5       99
  SINCE JAN 1    504                       460     44      485
..................................................................


WIND (MPH)
  HIGHEST WIND SPEED    16   HIGHEST WIND DIRECTION     E (100)
  HIGHEST GUST SPEED    21   HIGHEST GUST DIRECTION     E (90)
  AVERAGE WIND SPEED     8.1


SKY COVER
  POSSIBLE SUNSHINE  MM
  AVERAGE SKY COVER 0.9


WEATHER CONDITIONS
 THE FOLLOWING WEATHER WAS RECORDED TODAY.
  LIGHT RAIN


RELATIVE HUMIDITY (PERCENT)
 HIGHEST   100           800 AM
 LOWEST     78          1100 AM
 AVERAGE    89

..........................................................


THE ST CLOUD MN CLIMATE NORMALS FOR TOMORROW
                         NORMAL    RECORD    YEAR
 MAXIMUM TEMPERATURE (F)   67        90      1935
 MINIMUM TEMPERATURE (F)   43        24      2000


SUNRISE AND SUNSET
SEPTEMBER 23 2016.....SUNRISE   705 AM CDT   SUNSET   711 PM CDT
SEPTEMBER 24 2016.....SUNRISE   706 AM CDT   SUNSET   709 PM CDT


-  INDICATES NEGATIVE NUMBERS.
R  INDICATES RECORD WAS SET OR TIED.
MM INDICATES DATA IS MISSING.
T  INDICATES TRACE AMOUNT.




$$
