000
CDUS43 KMPX 180634
CLISTC


CLIMATE REPORT
NATIONAL WEATHER SERVICE CHANHASSEN MN
126 AM CDT MON MAY 18 2015


...................................

...THE ST CLOUD MN CLIMATE SUMMARY FOR MAY 17 2015...

CLIMATE NORMAL PERIOD 1981 TO 2010
CLIMATE RECORD PERIOD 1893 TO 2015


WEATHER ITEM   OBSERVED TIME   RECORD YEAR NORMAL DEPARTURE LAST
                VALUE   (LST)  VALUE       VALUE  FROM      YEAR
                                                  NORMAL
..................................................................
TEMPERATURE (F)
 YESTERDAY
  MAXIMUM         74    131 PM  90    1998  69      5       70
                                      1972
  MINIMUM         43   1159 PM  28    1973  45     -2       41
  AVERAGE         59                        57      2       56

PRECIPITATION (IN)
  YESTERDAY        1.41R         1.12 1910   0.09   1.32     0.00
  MONTH TO DATE    5.18                      1.59   3.59     3.20
  SINCE MAR 1      7.23                      5.71   1.52    10.30
  SINCE JAN 1      7.82                      6.95   0.87    12.81

SNOWFALL (IN)
  YESTERDAY        0.0           T    1915   0.0    0.0      0.0
  MONTH TO DATE    0.0                       0.0    0.0      0.0
  SINCE MAR 1      4.3                      11.5   -7.2     21.2
  SINCE JUL 1     31.1                      45.7  -14.6     75.5
  SNOW DEPTH       0

DEGREE DAYS
 HEATING
  YESTERDAY        6                         9     -3        9
  MONTH TO DATE  166                       189    -23      235
  SINCE MAR 1   1718                      1910   -192     2258
  SINCE JUL 1   7976                      8356   -380     9467

 COOLING
  YESTERDAY        0                         1     -1        0
  MONTH TO DATE    0                         9     -9        0
  SINCE MAR 1      0                        11    -11        0
  SINCE JAN 1      0                        11    -11        0
..................................................................


WIND (MPH)
  HIGHEST WIND SPEED    31   HIGHEST WIND DIRECTION    SW (240)
  HIGHEST GUST SPEED    45   HIGHEST GUST DIRECTION    SW (240)
  AVERAGE WIND SPEED    17.4


SKY COVER
  POSSIBLE SUNSHINE  MM
  AVERAGE SKY COVER 0.9


WEATHER CONDITIONS
 THE FOLLOWING WEATHER WAS RECORDED YESTERDAY.
  THUNDERSTORM
  HEAVY RAIN
  RAIN
  LIGHT RAIN
  FOG
  HAZE


RELATIVE HUMIDITY (PERCENT)
 HIGHEST    93          1200 AM
 LOWEST     61           100 PM
 AVERAGE    77

..........................................................


THE ST CLOUD MN CLIMATE NORMALS FOR TODAY
                         NORMAL    RECORD    YEAR
 MAXIMUM TEMPERATURE (F)   70        94      2012
                                             1998
 MINIMUM TEMPERATURE (F)   45        30      1976


SUNRISE AND SUNSET
MAY 18 2015...........SUNRISE   542 AM CDT   SUNSET   844 PM CDT
MAY 19 2015...........SUNRISE   541 AM CDT   SUNSET   845 PM CDT


-  INDICATES NEGATIVE NUMBERS.
R  INDICATES RECORD WAS SET OR TIED.
MM INDICATES DATA IS MISSING.
T  INDICATES TRACE AMOUNT.




$$
