000
CDUS43 KMPX 100024
CLISTC


CLIMATE REPORT
NATIONAL WEATHER SERVICE CHANHASSEN MN
723 PM CDT SAT SEP 9 2017


...................................

...THE ST CLOUD MN CLIMATE SUMMARY FOR SEPTEMBER 9 2017...
VALID TODAY AS OF 0700 PM LOCAL TIME.

CLIMATE NORMAL PERIOD 1981 TO 2010
CLIMATE RECORD PERIOD 1893 TO 2017


WEATHER ITEM   OBSERVED TIME   RECORD YEAR NORMAL DEPARTURE LAST
                VALUE   (LST)  VALUE       VALUE  FROM      YEAR
                                                  NORMAL
..................................................................
TEMPERATURE (F)
 TODAY
  MAXIMUM         74    425 PM  98    1931  73      1       75
  MINIMUM         48    626 AM  33    1898  50     -2       56
  AVERAGE         61                        61      0       66

PRECIPITATION (IN)
  TODAY            0.00          1.75 1985   0.13  -0.13      T
  MONTH TO DATE    0.18                      1.18  -1.00     0.85
  SINCE SEP 1      0.18                      1.18  -1.00     0.85
  SINCE JAN 1     21.11                     20.76   0.35    25.67

SNOWFALL (IN)
  TODAY            0.0           0.0    MM   0.0    0.0      0.0
  MONTH TO DATE    0.0                       0.0    0.0      0.0
  SINCE SEP 1      0.0                       0.0    0.0      0.0
  SINCE JUL 1      0.0                       0.0    0.0      0.0
  SNOW DEPTH       0

DEGREE DAYS
 HEATING
  TODAY            4                         5     -1        0
  MONTH TO DATE   46                        37      9        3
  SINCE SEP 1     46                        37      9        3
  SINCE JUL 1     86                        95     -9       25

 COOLING
  TODAY            0                         2     -2        1
  MONTH TO DATE    6                        18    -12       26
  SINCE SEP 1      6                        18    -12       26
  SINCE JAN 1    296                       447   -151      504
..................................................................


WIND (MPH)
  HIGHEST WIND SPEED    18   HIGHEST WIND DIRECTION    SE (150)
  HIGHEST GUST SPEED    23   HIGHEST GUST DIRECTION    SE (140)
  AVERAGE WIND SPEED    10.0


SKY COVER
  POSSIBLE SUNSHINE  MM
  AVERAGE SKY COVER 0.1


WEATHER CONDITIONS
 THE FOLLOWING WEATHER WAS RECORDED TODAY.
  NO SIGNIFICANT WEATHER WAS OBSERVED.


RELATIVE HUMIDITY (PERCENT)
 HIGHEST    93           500 AM
 LOWEST     53           200 PM
 AVERAGE    73

..........................................................


THE ST CLOUD MN CLIMATE NORMALS FOR TOMORROW
                         NORMAL    RECORD    YEAR
 MAXIMUM TEMPERATURE (F)   73       106      1931
 MINIMUM TEMPERATURE (F)   49        30      1917


SUNRISE AND SUNSET
SEPTEMBER  9 2017.....SUNRISE   648 AM CDT   SUNSET   738 PM CDT
SEPTEMBER 10 2017.....SUNRISE   649 AM CDT   SUNSET   736 PM CDT


-  INDICATES NEGATIVE NUMBERS.
R  INDICATES RECORD WAS SET OR TIED.
MM INDICATES DATA IS MISSING.
T  INDICATES TRACE AMOUNT.




$$
