000
CDUS43 KMPX 260641
CLISTC


CLIMATE REPORT
NATIONAL WEATHER SERVICE CHANHASSEN MN
141 AM CDT FRI SEP 26 2014


...................................

...THE ST CLOUD MN CLIMATE SUMMARY FOR SEPTEMBER 25 2014...

CLIMATE NORMAL PERIOD 1981 TO 2010
CLIMATE RECORD PERIOD 1893 TO 2014


WEATHER ITEM   OBSERVED TIME   RECORD YEAR NORMAL DEPARTURE LAST
                VALUE   (LST)  VALUE       VALUE  FROM      YEAR
                                                  NORMAL
..................................................................
TEMPERATURE (F)
 YESTERDAY
  MAXIMUM         81    219 PM  86    1933  66     15       74
  MINIMUM         55    606 AM  24    1947  43     12       48
  AVERAGE         68                        54     14       61

PRECIPITATION (IN)
  YESTERDAY        0.00          0.64 1912   0.10  -0.10     0.00
  MONTH TO DATE    3.94                      2.99   0.95     1.69
  SINCE SEP 1      3.94                      2.99   0.95     1.69
  SINCE JAN 1     33.31                     22.57  10.74    22.02

SNOWFALL (IN)
  YESTERDAY        0.0           T    1984   0.0    0.0      0.0
                                      1965
                                      1942
  MONTH TO DATE    0.0                       0.0    0.0      0.0
  SINCE SEP 1      0.0                       0.0    0.0      0.0
  SINCE JUL 1      0.0                       0.0    0.0      0.0
  SNOW DEPTH       0

DEGREE DAYS
 HEATING
  YESTERDAY        0                        11    -11        4
  MONTH TO DATE  127                       169    -42      114
  SINCE SEP 1    127                       169    -42      114
  SINCE JUL 1    136                       227    -91      163

 COOLING
  YESTERDAY        3                         0      3        0
  MONTH TO DATE   25                        31     -6       62
  SINCE SEP 1     25                        31     -6       62
  SINCE JAN 1    579                       460    119      566
..................................................................


WIND (MPH)
  HIGHEST WIND SPEED    15   HIGHEST WIND DIRECTION     S (160)
  HIGHEST GUST SPEED    18   HIGHEST GUST DIRECTION     S (160)
  AVERAGE WIND SPEED     5.7


SKY COVER
  POSSIBLE SUNSHINE  MM
  AVERAGE SKY COVER 0.4


WEATHER CONDITIONS
 THE FOLLOWING WEATHER WAS RECORDED YESTERDAY.
  FOG
  FOG W/VISIBILITY <= 1/4 MILE


RELATIVE HUMIDITY (PERCENT)
 HIGHEST    93           400 AM
 LOWEST     54           200 PM
 AVERAGE    74

..........................................................


THE ST CLOUD MN CLIMATE NORMALS FOR TODAY
                         NORMAL    RECORD    YEAR
 MAXIMUM TEMPERATURE (F)   66        86      1920
 MINIMUM TEMPERATURE (F)   42        22      1965


SUNRISE AND SUNSET
SEPTEMBER 26 2014.....SUNRISE   708 AM CDT   SUNSET   706 PM CDT
SEPTEMBER 27 2014.....SUNRISE   709 AM CDT   SUNSET   704 PM CDT


-  INDICATES NEGATIVE NUMBERS.
R  INDICATES RECORD WAS SET OR TIED.
MM INDICATES DATA IS MISSING.
T  INDICATES TRACE AMOUNT.




$$
