279
CDUS43 KMPX 010730
CLISTC


CLIMATE REPORT
NATIONAL WEATHER SERVICE CHANHASSEN MN
130 AM CST MON FEB 1 2016


...................................

...THE ST CLOUD MN CLIMATE SUMMARY FOR JANUARY 31 2016...

CLIMATE NORMAL PERIOD 1981 TO 2010
CLIMATE RECORD PERIOD 1893 TO 2016


WEATHER ITEM   OBSERVED TIME   RECORD YEAR NORMAL DEPARTURE LAST
                VALUE   (LST)  VALUE       VALUE  FROM      YEAR
                                                  NORMAL
..................................................................
TEMPERATURE (F)
 YESTERDAY
  MAXIMUM         40    334 PM  46    1993  23     17       29
  MINIMUM         23    843 AM -36    1996   2     21       15
  AVERAGE         32                        13     19       22

PRECIPITATION (IN)
  YESTERDAY        0.00          1.00 1917   0.02  -0.02     0.00
  MONTH TO DATE    0.33                      0.65  -0.32     0.24
  SINCE DEC 1      1.35                      1.47  -0.12     0.99
  SINCE JAN 1      0.33                      0.65  -0.32     0.24

SNOWFALL (IN)
  YESTERDAY        0.0          10.0  1917   0.2   -0.2      0.0
  MONTH TO DATE    4.6                       8.6   -4.0      2.5
  SINCE DEC 1     12.8                      18.0   -5.2      5.0
  SINCE JUL 1     18.5                      27.2   -8.7     22.6
  SNOW DEPTH       2

DEGREE DAYS
 HEATING
  YESTERDAY       33                        52    -19       43
  MONTH TO DATE 1580                      1657    -77     1495
  SINCE DEC 1   2763                      3177   -414     2757
  SINCE JUL 1   4222                      5102   -880     4689

 COOLING
  YESTERDAY        0                         0      0        0
  MONTH TO DATE    0                         0      0        0
  SINCE DEC 1      0                         0      0        0
  SINCE JAN 1      0                         0      0        0
..................................................................


WIND (MPH)
  HIGHEST WIND SPEED    14   HIGHEST WIND DIRECTION     W (280)
  HIGHEST GUST SPEED    16   HIGHEST GUST DIRECTION     W (290)
  AVERAGE WIND SPEED     6.1


SKY COVER
  POSSIBLE SUNSHINE  MM
  AVERAGE SKY COVER 0.1


WEATHER CONDITIONS
 THE FOLLOWING WEATHER WAS RECORDED YESTERDAY.
  FOG


RELATIVE HUMIDITY (PERCENT)
 HIGHEST   100           700 AM
 LOWEST     64           200 PM
 AVERAGE    82

..........................................................


THE ST CLOUD MN CLIMATE NORMALS FOR TODAY
                         NORMAL    RECORD    YEAR
 MAXIMUM TEMPERATURE (F)   23        51      1931
 MINIMUM TEMPERATURE (F)    3       -35      1996
                                             1951


SUNRISE AND SUNSET
FEBRUARY  1 2016......SUNRISE   738 AM CST   SUNSET   522 PM CST
FEBRUARY  2 2016......SUNRISE   737 AM CST   SUNSET   524 PM CST


-  INDICATES NEGATIVE NUMBERS.
R  INDICATES RECORD WAS SET OR TIED.
MM INDICATES DATA IS MISSING.
T  INDICATES TRACE AMOUNT.




$$
