000
CDUS43 KMPX 232151
CLISTC


CLIMATE REPORT
NATIONAL WEATHER SERVICE CHANHASSEN MN
451 PM CDT TUE MAY 23 2017


...................................

...THE ST CLOUD MN CLIMATE SUMMARY FOR MAY 23 2017...
VALID TODAY AS OF 0400 PM LOCAL TIME.

CLIMATE NORMAL PERIOD 1981 TO 2010
CLIMATE RECORD PERIOD 1893 TO 2017


WEATHER ITEM   OBSERVED TIME   RECORD YEAR NORMAL DEPARTURE LAST
                VALUE   (LST)  VALUE       VALUE  FROM      YEAR
                                                  NORMAL
..................................................................
TEMPERATURE (F)
 TODAY
  MAXIMUM         58    145 PM  94    1926  71    -13       78
  MINIMUM         45   1234 AM  28    1963  46     -1       61
  AVERAGE         52                        59     -7       70

PRECIPITATION (IN)
  TODAY            0.01          1.43 2004   0.09  -0.08     0.18
  MONTH TO DATE    4.32                      2.15   2.17     0.93
  SINCE MAR 1      8.26                      6.27   1.99     4.17
  SINCE JAN 1      9.58                      7.51   2.07     5.11

SNOWFALL (IN)
  TODAY            0.0           0.2  1925   0.0    0.0      0.0
  MONTH TO DATE    1.0                       0.0    1.0      0.0
  SINCE MAR 1      3.0                      11.5   -8.5      4.6
  SINCE JUL 1     31.9                      45.7  -13.8     30.3
  SNOW DEPTH       0

DEGREE DAYS
 HEATING
  TODAY           13                         7      6        0
  MONTH TO DATE  252                       237     15      256
  SINCE MAR 1   1875                      1958    -83     1678
  SINCE JUL 1   7231                      8404  -1173     7129

 COOLING
  TODAY            0                         1     -1        5
  MONTH TO DATE    3                        15    -12       13
  SINCE MAR 1      3                        17    -14       18
  SINCE JAN 1      3                        17    -14       18
..................................................................


WIND (MPH)
  HIGHEST WIND SPEED    15   HIGHEST WIND DIRECTION     N (20)
  HIGHEST GUST SPEED    20   HIGHEST GUST DIRECTION    NE (30)
  AVERAGE WIND SPEED     6.0


SKY COVER
  POSSIBLE SUNSHINE  MM
  AVERAGE SKY COVER 1.0


WEATHER CONDITIONS
 THE FOLLOWING WEATHER WAS RECORDED TODAY.
  LIGHT RAIN
  FOG


RELATIVE HUMIDITY (PERCENT)
 HIGHEST   100           300 AM
 LOWEST     67           300 PM
 AVERAGE    84

..........................................................


THE ST CLOUD MN CLIMATE NORMALS FOR TOMORROW
                         NORMAL    RECORD    YEAR
 MAXIMUM TEMPERATURE (F)   71        94      2010
 MINIMUM TEMPERATURE (F)   47        30      1949


SUNRISE AND SUNSET
MAY 23 2017...........SUNRISE   537 AM CDT   SUNSET   850 PM CDT
MAY 24 2017...........SUNRISE   536 AM CDT   SUNSET   851 PM CDT


-  INDICATES NEGATIVE NUMBERS.
R  INDICATES RECORD WAS SET OR TIED.
MM INDICATES DATA IS MISSING.
T  INDICATES TRACE AMOUNT.




$$
