119
CDUS43 KMPX 052159
CLISTC


CLIMATE REPORT
NATIONAL WEATHER SERVICE CHANHASSEN MN
459 PM CDT THU MAY 5 2016


...................................

...THE ST CLOUD MN CLIMATE SUMMARY FOR MAY 5 2016...
VALID AS OF 0400 PM LOCAL TIME.

CLIMATE NORMAL PERIOD 1981 TO 2010
CLIMATE RECORD PERIOD 1893 TO 2016


WEATHER ITEM   OBSERVED TIME   RECORD YEAR NORMAL DEPARTURE LAST
                VALUE   (LST)  VALUE       VALUE  FROM      YEAR
                                                  NORMAL
..................................................................
TEMPERATURE (F)
 TODAY
  MAXIMUM         80    259 PM  91    2000  66     14       74
  MINIMUM         36    232 AM  25    1967  41     -5       47
                                      1944
  AVERAGE         58                        53      5       61

PRECIPITATION (IN)
  TODAY            0.00          1.86 1912   0.09  -0.09      T
  MONTH TO DATE    0.00                      0.48  -0.48     0.06
  SINCE MAR 1      3.24                      4.60  -1.36     2.11
  SINCE JAN 1      4.18                      5.84  -1.66     2.70

SNOWFALL (IN)
  TODAY            0.0           0.3  1991   0.0    0.0      0.0
  MONTH TO DATE    0.0                       0.0    0.0      0.0
  SINCE MAR 1      4.6                      11.5   -6.9      4.3
  SINCE JUL 1     30.3                      45.7  -15.4     31.1
  SNOW DEPTH       0

DEGREE DAYS
 HEATING
  TODAY            7                        12     -5        4
  MONTH TO DATE   60                        65     -5       32
  SINCE MAR 1   1482                      1786   -304     1584
  SINCE JUL 1   6933                      8232  -1299     7842

 COOLING
  TODAY            0                         0      0        0
  MONTH TO DATE    0                         0      0        0
  SINCE MAR 1      5                         2      3        0
  SINCE JAN 1      5                         2      3        0
..................................................................


WIND (MPH)
  HIGHEST WIND SPEED    18   HIGHEST WIND DIRECTION    SW (230)
  HIGHEST GUST SPEED    25   HIGHEST GUST DIRECTION    SW (240)
  AVERAGE WIND SPEED     6.9


SKY COVER
  POSSIBLE SUNSHINE  MM
  AVERAGE SKY COVER 0.0


WEATHER CONDITIONS
 THE FOLLOWING WEATHER WAS RECORDED TODAY.
  HAZE


RELATIVE HUMIDITY (PERCENT)
 HIGHEST    85           400 AM
 LOWEST     20           200 PM
 AVERAGE    53

..........................................................


THE ST CLOUD MN CLIMATE NORMALS FOR TOMORROW
                         NORMAL    RECORD    YEAR
 MAXIMUM TEMPERATURE (F)   66        87      2000
                                             1918
 MINIMUM TEMPERATURE (F)   41        24      1944


SUNRISE AND SUNSET
MAY  5 2016...........SUNRISE   558 AM CDT   SUNSET   829 PM CDT
MAY  6 2016...........SUNRISE   556 AM CDT   SUNSET   830 PM CDT


-  INDICATES NEGATIVE NUMBERS.
R  INDICATES RECORD WAS SET OR TIED.
MM INDICATES DATA IS MISSING.
T  INDICATES TRACE AMOUNT.




$$
