000
CDUS43 KMPX 210739
CLISTC


CLIMATE REPORT
NATIONAL WEATHER SERVICE CHANHASSEN MN
237 AM CDT SAT OCT 21 2017


...................................

...THE ST CLOUD MN CLIMATE SUMMARY FOR OCTOBER 20 2017...

CLIMATE NORMAL PERIOD 1981 TO 2010
CLIMATE RECORD PERIOD 1893 TO 2017


WEATHER ITEM   OBSERVED TIME   RECORD YEAR NORMAL DEPARTURE LAST
                VALUE   (LST)  VALUE       VALUE  FROM      YEAR
                                                  NORMAL
..................................................................
TEMPERATURE (F)
 YESTERDAY
  MAXIMUM         77    157 PM  81    1953  55     22       50
  MINIMUM         48    604 AM  17    1989  34     14       30
  AVERAGE         63                        44     19       40

PRECIPITATION (IN)
  YESTERDAY        0.00          0.82 1904   0.07  -0.07     0.00
  MONTH TO DATE    4.27                      1.79   2.48     1.76
  SINCE SEP 1      7.20                      5.25   1.95     4.84
  SINCE JAN 1     28.13                     24.83   3.30    29.66

SNOWFALL (IN)
  YESTERDAY        0.0           5.8  1936   0.1   -0.1      0.0
  MONTH TO DATE    0.0                       0.3   -0.3      0.0
  SINCE SEP 1      0.0                       0.3   -0.3      0.0
  SINCE JUL 1      0.0                       0.3   -0.3      0.0
  SNOW DEPTH       0

DEGREE DAYS
 HEATING
  YESTERDAY        2                        21    -19       25
  MONTH TO DATE  277                       342    -65      280
  SINCE SEP 1    416                       570   -154      398
  SINCE JUL 1    456                       628   -172      420

 COOLING
  YESTERDAY        0                         0      0        0
  MONTH TO DATE    0                         0      0        0
  SINCE SEP 1     71                        34     37       28
  SINCE JAN 1    361                       463   -102      506
..................................................................


WIND (MPH)
  HIGHEST WIND SPEED    28   HIGHEST WIND DIRECTION     S (170)
  HIGHEST GUST SPEED    36   HIGHEST GUST DIRECTION     S (160)
  AVERAGE WIND SPEED    14.5


SKY COVER
  POSSIBLE SUNSHINE  MM
  AVERAGE SKY COVER 0.0


WEATHER CONDITIONS
 THE FOLLOWING WEATHER WAS RECORDED YESTERDAY.
  NO SIGNIFICANT WEATHER WAS OBSERVED.


RELATIVE HUMIDITY (PERCENT)
 HIGHEST   100           400 AM
 LOWEST     41           500 PM
 AVERAGE    71

..........................................................


THE ST CLOUD MN CLIMATE NORMALS FOR TODAY
                         NORMAL    RECORD    YEAR
 MAXIMUM TEMPERATURE (F)   54        87      1947
 MINIMUM TEMPERATURE (F)   33        11      1913


SUNRISE AND SUNSET
OCTOBER 21 2017.......SUNRISE   741 AM CDT   SUNSET   620 PM CDT
OCTOBER 22 2017.......SUNRISE   742 AM CDT   SUNSET   618 PM CDT


-  INDICATES NEGATIVE NUMBERS.
R  INDICATES RECORD WAS SET OR TIED.
MM INDICATES DATA IS MISSING.
T  INDICATES TRACE AMOUNT.




$$
