203
CDUS43 KMPX 220631
CLISTC


CLIMATE REPORT
NATIONAL WEATHER SERVICE CHANHASSEN MN
130 AM CDT THU SEP 22 2016


...................................

...THE ST CLOUD MN CLIMATE SUMMARY FOR SEPTEMBER 21 2016...

CLIMATE NORMAL PERIOD 1981 TO 2010
CLIMATE RECORD PERIOD 1893 TO 2016


WEATHER ITEM   OBSERVED TIME   RECORD YEAR NORMAL DEPARTURE LAST
                VALUE   (LST)  VALUE       VALUE  FROM      YEAR
                                                  NORMAL
..................................................................
TEMPERATURE (F)
 YESTERDAY
  MAXIMUM         67   1230 PM  89    1908  68     -1       83
  MINIMUM         56   1159 PM  23    1974  44     12       52
  AVERAGE         62                        56      6       68

PRECIPITATION (IN)
  YESTERDAY        0.45          2.28 1909   0.11   0.34     0.00
  MONTH TO DATE    2.08                      2.56  -0.48     2.05
  SINCE SEP 1      2.08                      2.56  -0.48     2.05
  SINCE JAN 1     26.90                     22.14   4.76    25.66

SNOWFALL (IN)
  YESTERDAY        0.0           0.2  1995   0.0    0.0      0.0
  MONTH TO DATE    0.0                       0.0    0.0      0.0
  SINCE SEP 1      0.0                       0.0    0.0      0.0
  SINCE JUL 1      0.0                       0.0    0.0      0.0
  SNOW DEPTH       0

DEGREE DAYS
 HEATING
  YESTERDAY        3                         9     -6        0
  MONTH TO DATE   53                       127    -74       68
  SINCE SEP 1     53                       127    -74       68
  SINCE JUL 1     75                       185   -110      120

 COOLING
  YESTERDAY        0                         1     -1        3
  MONTH TO DATE   26                        31     -5       98
  SINCE SEP 1     26                        31     -5       98
  SINCE JAN 1    504                       460     44      484
..................................................................


WIND (MPH)
  HIGHEST WIND SPEED    17   HIGHEST WIND DIRECTION    NE (40)
  HIGHEST GUST SPEED    25   HIGHEST GUST DIRECTION     E (100)
  AVERAGE WIND SPEED     9.9


SKY COVER
  POSSIBLE SUNSHINE  MM
  AVERAGE SKY COVER 0.7


WEATHER CONDITIONS
 THE FOLLOWING WEATHER WAS RECORDED YESTERDAY.
  THUNDERSTORM
  HEAVY RAIN
  RAIN
  LIGHT RAIN
  FOG


RELATIVE HUMIDITY (PERCENT)
 HIGHEST   100          1000 PM
 LOWEST     67           900 AM
 AVERAGE    84

..........................................................


THE ST CLOUD MN CLIMATE NORMALS FOR TODAY
                         NORMAL    RECORD    YEAR
 MAXIMUM TEMPERATURE (F)   68        92      1936
 MINIMUM TEMPERATURE (F)   44        18      1974


SUNRISE AND SUNSET
SEPTEMBER 22 2016.....SUNRISE   704 AM CDT   SUNSET   713 PM CDT
SEPTEMBER 23 2016.....SUNRISE   705 AM CDT   SUNSET   711 PM CDT


-  INDICATES NEGATIVE NUMBERS.
R  INDICATES RECORD WAS SET OR TIED.
MM INDICATES DATA IS MISSING.
T  INDICATES TRACE AMOUNT.




$$
