877
CDUS43 KMPX 040748
CLISTC


CLIMATE REPORT
NATIONAL WEATHER SERVICE CHANHASSEN MN
148 AM CST THU FEB 4 2016


...................................

...THE ST CLOUD MN CLIMATE SUMMARY FOR FEBRUARY 3 2016...

CLIMATE NORMAL PERIOD 1981 TO 2010
CLIMATE RECORD PERIOD 1893 TO 2016


WEATHER ITEM   OBSERVED TIME   RECORD YEAR NORMAL DEPARTURE LAST
                VALUE   (LST)  VALUE       VALUE  FROM      YEAR
                                                  NORMAL
..................................................................
TEMPERATURE (F)
 YESTERDAY
  MAXIMUM         22    344 PM  48    2005  23     -1       14
  MINIMUM          7   1101 PM -33    1996   3      4        1
  AVERAGE         15                        13      2        8

PRECIPITATION (IN)
  YESTERDAY        T             0.32 1943   0.02  -0.02     0.06
  MONTH TO DATE    0.09                      0.05   0.04     0.06
  SINCE DEC 1      1.42                      1.52  -0.10     1.05
  SINCE JAN 1      0.40                      0.70  -0.30     0.30

SNOWFALL (IN)
  YESTERDAY        0.2           7.0  2003   0.2    0.0      1.7
  MONTH TO DATE    2.2                       0.7    1.5      1.7
  SINCE DEC 1     15.0                      18.7   -3.7      6.7
  SINCE JUL 1     20.7                      27.9   -7.2     24.3
  SNOW DEPTH       3

DEGREE DAYS
 HEATING
  YESTERDAY       50                        52     -2       57
  MONTH TO DATE  131                       156    -25      172
  SINCE DEC 1   2894                      3333   -439     2929
  SINCE JUL 1   4353                      5258   -905     4861

 COOLING
  YESTERDAY        0                         0      0        0
  MONTH TO DATE    0                         0      0        0
  SINCE DEC 1      0                         0      0        0
  SINCE JAN 1      0                         0      0        0
..................................................................


WIND (MPH)
  HIGHEST WIND SPEED    21   HIGHEST WIND DIRECTION    NW (300)
  HIGHEST GUST SPEED    30   HIGHEST GUST DIRECTION     N (360)
  AVERAGE WIND SPEED    12.3


SKY COVER
  POSSIBLE SUNSHINE  MM
  AVERAGE SKY COVER 0.3


WEATHER CONDITIONS
 THE FOLLOWING WEATHER WAS RECORDED YESTERDAY.
  LIGHT SNOW


RELATIVE HUMIDITY (PERCENT)
 HIGHEST    88          1100 PM
 LOWEST     51          1200 PM
 AVERAGE    70

..........................................................


THE ST CLOUD MN CLIMATE NORMALS FOR TODAY
                         NORMAL    RECORD    YEAR
 MAXIMUM TEMPERATURE (F)   24        48      2005
                                             1991
 MINIMUM TEMPERATURE (F)    3       -34      1996


SUNRISE AND SUNSET
FEBRUARY  4 2016......SUNRISE   734 AM CST   SUNSET   527 PM CST
FEBRUARY  5 2016......SUNRISE   733 AM CST   SUNSET   528 PM CST


-  INDICATES NEGATIVE NUMBERS.
R  INDICATES RECORD WAS SET OR TIED.
MM INDICATES DATA IS MISSING.
T  INDICATES TRACE AMOUNT.




$$
