344
CDUS43 KMPX 142233
CLISTC


CLIMATE REPORT
NATIONAL WEATHER SERVICE CHANHASSEN MN
433 PM CST TUE NOV 14 2017


...................................

...THE ST CLOUD MN CLIMATE SUMMARY FOR NOVEMBER 14 2017...
VALID TODAY AS OF 0400 PM LOCAL TIME.

CLIMATE NORMAL PERIOD 1981 TO 2010
CLIMATE RECORD PERIOD 1893 TO 2017


WEATHER ITEM   OBSERVED TIME   RECORD YEAR NORMAL DEPARTURE LAST
                VALUE   (LST)  VALUE       VALUE  FROM      YEAR
                                                  NORMAL
..................................................................
TEMPERATURE (F)
 TODAY
  MAXIMUM         43    359 PM  68    1990  40      3       52
  MINIMUM         39    901 AM  -8    1940  23     16       30
  AVERAGE         41                        31     10       41

PRECIPITATION (IN)
  TODAY            0.00          1.37 1909   0.04  -0.04     0.00
  MONTH TO DATE    0.80                      0.69   0.11     0.00
  SINCE SEP 1      8.81                      6.64   2.17     5.76
  SINCE JAN 1     29.74                     26.22   3.52    30.58

SNOWFALL (IN)
  TODAY            0.0           9.0  1927   0.3   -0.3      0.0
  MONTH TO DATE    5.7                       2.8    2.9      0.0
  SINCE SEP 1      7.1                       3.6    3.5      0.0
  SINCE JUL 1      7.1                       3.6    3.5      0.0
  SNOW DEPTH       0

DEGREE DAYS
 HEATING
  TODAY           24                        34    -10       24
  MONTH TO DATE  516                       419     97      249
  SINCE SEP 1   1198                      1246    -48      859
  SINCE JUL 1   1238                      1304    -66      881

 COOLING
  TODAY            0                         0      0        0
  MONTH TO DATE    0                         0      0        0
  SINCE SEP 1     71                        36     35       28
  SINCE JAN 1    361                       465   -104      506
..................................................................


WIND (MPH)
  HIGHEST WIND SPEED    14   HIGHEST WIND DIRECTION    SE (150)
  HIGHEST GUST SPEED    16   HIGHEST GUST DIRECTION    SE (150)
  AVERAGE WIND SPEED     9.4


SKY COVER
  POSSIBLE SUNSHINE  MM
  AVERAGE SKY COVER 1.0


WEATHER CONDITIONS
 THE FOLLOWING WEATHER WAS RECORDED TODAY.
  FOG
  FOG W/VISIBILITY <= 1/4 MILE


RELATIVE HUMIDITY (PERCENT)
 HIGHEST   100           100 AM
 LOWEST     92          1200 AM
 AVERAGE    96

..........................................................


THE ST CLOUD MN CLIMATE NORMALS FOR TOMORROW
                         NORMAL    RECORD    YEAR
 MAXIMUM TEMPERATURE (F)   39        65      2001
                                             1939
 MINIMUM TEMPERATURE (F)   22        -6      2014
                                             1933


SUNRISE AND SUNSET
NOVEMBER 14 2017......SUNRISE   714 AM CST   SUNSET   447 PM CST
NOVEMBER 15 2017......SUNRISE   716 AM CST   SUNSET   446 PM CST


-  INDICATES NEGATIVE NUMBERS.
R  INDICATES RECORD WAS SET OR TIED.
MM INDICATES DATA IS MISSING.
T  INDICATES TRACE AMOUNT.




$$
