000
CDUS43 KMPX 130642
CLISTC


CLIMATE REPORT
NATIONAL WEATHER SERVICE CHANHASSEN MN
136 AM CDT SAT SEP 13 2014


...................................

...THE ST CLOUD MN CLIMATE SUMMARY FOR SEPTEMBER 12 2014...

CLIMATE NORMAL PERIOD 1981 TO 2010
CLIMATE RECORD PERIOD 1893 TO 2014


WEATHER ITEM   OBSERVED TIME   RECORD YEAR NORMAL DEPARTURE LAST
                VALUE   (LST)  VALUE       VALUE  FROM      YEAR
                                                  NORMAL
..................................................................
TEMPERATURE (F)
 YESTERDAY
  MAXIMUM         54    301 PM  91    1948  72    -18       74
  MINIMUM         38   1159 PM  30    1940  49    -11       47
                                      1923
  AVERAGE         46                        60    -14       61

PRECIPITATION (IN)
  YESTERDAY        T             2.45 2005   0.12  -0.12     0.00
  MONTH TO DATE    3.73                      1.53   2.20     0.10
  SINCE SEP 1      3.73                      1.53   2.20     0.10
  SINCE JAN 1     33.10                     21.11  11.99    20.43

SNOWFALL (IN)
  YESTERDAY        0.0           0.0    MM   0.0    0.0      0.0
  MONTH TO DATE    0.0                       0.0    0.0      0.0
  SINCE SEP 1      0.0                       0.0    0.0      0.0
  SINCE JUL 1      0.0                       0.0    0.0      0.0
  SNOW DEPTH       0

DEGREE DAYS
 HEATING
  YESTERDAY       19                         6     13        4
  MONTH TO DATE   53                        55     -2       21
  SINCE SEP 1     53                        55     -2       21
  SINCE JUL 1     62                       113    -51       70

 COOLING
  YESTERDAY        0                         1     -1        0
  MONTH TO DATE   20                        22     -2       60
  SINCE SEP 1     20                        22     -2       60
  SINCE JAN 1    574                       451    123      564
..................................................................


WIND (MPH)
  HIGHEST WIND SPEED    20   HIGHEST WIND DIRECTION    NW (300)
  HIGHEST GUST SPEED    23   HIGHEST GUST DIRECTION    NW (320)
  AVERAGE WIND SPEED     4.9


SKY COVER
  POSSIBLE SUNSHINE  MM
  AVERAGE SKY COVER 0.4


WEATHER CONDITIONS
 THE FOLLOWING WEATHER WAS RECORDED YESTERDAY.
  NO SIGNIFICANT WEATHER WAS OBSERVED.


RELATIVE HUMIDITY (PERCENT)
 HIGHEST    92          1100 PM
 LOWEST     41           100 PM
 AVERAGE    67

..........................................................


THE ST CLOUD MN CLIMATE NORMALS FOR TODAY
                         NORMAL    RECORD    YEAR
 MAXIMUM TEMPERATURE (F)   72        91      1998
                                             1939
                                             1927
 MINIMUM TEMPERATURE (F)   48        30      1975
                                             1906


SUNRISE AND SUNSET
SEPTEMBER 13 2014.....SUNRISE   652 AM CDT   SUNSET   731 PM CDT
SEPTEMBER 14 2014.....SUNRISE   653 AM CDT   SUNSET   729 PM CDT


-  INDICATES NEGATIVE NUMBERS.
R  INDICATES RECORD WAS SET OR TIED.
MM INDICATES DATA IS MISSING.
T  INDICATES TRACE AMOUNT.




$$
