000
CDUS43 KMPX 220057
CLISTC


CLIMATE REPORT
NATIONAL WEATHER SERVICE CHANHASSEN MN
656 PM CST SAT FEB 21 2015


...................................

...THE ST CLOUD MN CLIMATE SUMMARY FOR FEBRUARY 21 2015...
VALID TODAY AS OF 0600 PM LOCAL TIME.

CLIMATE NORMAL PERIOD 1981 TO 2010
CLIMATE RECORD PERIOD 1893 TO 2015


WEATHER ITEM   OBSERVED TIME   RECORD YEAR NORMAL DEPARTURE LAST
                VALUE   (LST)  VALUE       VALUE  FROM      YEAR
                                                  NORMAL
..................................................................
TEMPERATURE (F)
 TODAY
  MAXIMUM         19   1201 AM  55    1961  29    -10       13
  MINIMUM          8    559 PM -25    1939  10     -2        6
  AVERAGE         14                        19     -5       10

PRECIPITATION (IN)
  TODAY            0.02          0.54 1957   0.02   0.00     0.03
  MONTH TO DATE    0.33                      0.39  -0.06     1.16
  SINCE DEC 1      1.32                      1.86  -0.54     4.27
  SINCE JAN 1      0.57                      1.04  -0.47     2.50

SNOWFALL (IN)
  TODAY            0.3           5.9  1957   0.3    0.0      0.6
  MONTH TO DATE    4.0                       5.0   -1.0     13.4
  SINCE DEC 1      9.0                      23.0  -14.0     50.6
  SINCE JUL 1     26.6                      32.2   -5.6     54.2
  SNOW DEPTH       2

DEGREE DAYS
 HEATING
  TODAY           51                        46      5       55
  MONTH TO DATE 1145                      1034    111     1216
  SINCE DEC 1   3902                      4211   -309     4893
  SINCE JUL 1   5834                      6136   -302     6766

 COOLING
  TODAY            0                         0      0        0
  MONTH TO DATE    0                         0      0        0
  SINCE DEC 1      0                         0      0        0
  SINCE JAN 1      0                         0      0        0
..................................................................


WIND (MPH)
  HIGHEST WIND SPEED    20   HIGHEST WIND DIRECTION    NW (310)
  HIGHEST GUST SPEED    24   HIGHEST GUST DIRECTION    NW (300)
  AVERAGE WIND SPEED    12.4


SKY COVER
  POSSIBLE SUNSHINE  MM
  AVERAGE SKY COVER 0.7


WEATHER CONDITIONS
 THE FOLLOWING WEATHER WAS RECORDED TODAY.
  LIGHT SNOW
  FOG
  HAZE


RELATIVE HUMIDITY (PERCENT)
 HIGHEST    84           300 AM
 LOWEST     53           500 PM
 AVERAGE    69

..........................................................


THE ST CLOUD MN CLIMATE NORMALS FOR TOMORROW
                         NORMAL    RECORD    YEAR
 MAXIMUM TEMPERATURE (F)   29        55      1961
 MINIMUM TEMPERATURE (F)   10       -19      1972


SUNRISE AND SUNSET
FEBRUARY 21 2015......SUNRISE   709 AM CST   SUNSET   552 PM CST
FEBRUARY 22 2015......SUNRISE   707 AM CST   SUNSET   553 PM CST


-  INDICATES NEGATIVE NUMBERS.
R  INDICATES RECORD WAS SET OR TIED.
MM INDICATES DATA IS MISSING.
T  INDICATES TRACE AMOUNT.




$$
