000
CDUS43 KMPX 060704
CLISTC


CLIMATE REPORT
NATIONAL WEATHER SERVICE CHANHASSEN MN
104 AM CST TUE DEC 6 2016


...................................

...THE ST CLOUD MN CLIMATE SUMMARY FOR DECEMBER 5 2016...

CLIMATE NORMAL PERIOD 1981 TO 2010
CLIMATE RECORD PERIOD 1893 TO 2016


WEATHER ITEM   OBSERVED TIME   RECORD YEAR NORMAL DEPARTURE LAST
                VALUE   (LST)  VALUE       VALUE  FROM      YEAR
                                                  NORMAL
..................................................................
TEMPERATURE (F)
 YESTERDAY
  MAXIMUM         39    935 PM  52    1979  28     11       39
  MINIMUM         23    748 AM -16    1940  11     12       34
  AVERAGE         31                        20     11       37

PRECIPITATION (IN)
  YESTERDAY        0.02          0.59 1909   0.02   0.00     0.00
  MONTH TO DATE    0.11                      0.15  -0.04     0.23
  SINCE DEC 1      0.11                      0.15  -0.04     0.23
  SINCE JAN 1     32.38                     27.06   5.32    32.32

SNOWFALL (IN)
  YESTERDAY        T             5.5  1936   0.3   -0.3      0.0
  MONTH TO DATE    0.8                       1.6   -0.8      2.0
  SINCE DEC 1      0.8                       1.6   -0.8      2.0
  SINCE JUL 1      8.1                      10.8   -2.7      7.7
  SNOW DEPTH       0

DEGREE DAYS
 HEATING
  YESTERDAY       34                        45    -11       28
  MONTH TO DATE  171                       223    -52      180
  SINCE DEC 1    171                       223    -52      180
  SINCE JUL 1   1545                      2148   -603     1639

 COOLING
  YESTERDAY        0                         0      0        0
  MONTH TO DATE    0                         0      0        0
  SINCE DEC 1      0                         0      0        0
  SINCE JAN 1    506                       465     41      492
..................................................................


WIND (MPH)
  HIGHEST WIND SPEED    25   HIGHEST WIND DIRECTION     S (200)
  HIGHEST GUST SPEED    33   HIGHEST GUST DIRECTION     S (200)
  AVERAGE WIND SPEED     9.8


SKY COVER
  POSSIBLE SUNSHINE  MM
  AVERAGE SKY COVER 0.5


WEATHER CONDITIONS
 THE FOLLOWING WEATHER WAS RECORDED YESTERDAY.
  LIGHT RAIN
  FOG


RELATIVE HUMIDITY (PERCENT)
 HIGHEST   100          1200 AM
 LOWEST     75          1100 PM
 AVERAGE    88

..........................................................


THE ST CLOUD MN CLIMATE NORMALS FOR TODAY
                         NORMAL    RECORD    YEAR
 MAXIMUM TEMPERATURE (F)   28        63      1939
 MINIMUM TEMPERATURE (F)   11       -27      1972


SUNRISE AND SUNSET
DECEMBER  6 2016......SUNRISE   742 AM CST   SUNSET   433 PM CST
DECEMBER  7 2016......SUNRISE   743 AM CST   SUNSET   433 PM CST


-  INDICATES NEGATIVE NUMBERS.
R  INDICATES RECORD WAS SET OR TIED.
MM INDICATES DATA IS MISSING.
T  INDICATES TRACE AMOUNT.




$$
