000
CDUS43 KMPX 200040
CLISTC


CLIMATE REPORT
NATIONAL WEATHER SERVICE CHANHASSEN MN
740 PM CDT THU MAY 19 2016


...................................

...THE ST CLOUD MN CLIMATE SUMMARY FOR MAY 19 2016...
VALID TODAY AS OF 0700 PM LOCAL TIME.

CLIMATE NORMAL PERIOD 1981 TO 2010
CLIMATE RECORD PERIOD 1893 TO 2016


WEATHER ITEM   OBSERVED TIME   RECORD YEAR NORMAL DEPARTURE LAST
                VALUE   (LST)  VALUE       VALUE  FROM      YEAR
                                                  NORMAL
..................................................................
TEMPERATURE (F)
 TODAY
  MAXIMUM         75    155 PM  91    1921  70      5       57
  MINIMUM         37    423 AM  28    2000  45     -8       30
                                      1981
  AVERAGE         56                        58     -2       44

PRECIPITATION (IN)
  TODAY            0.00          2.41 1911   0.10  -0.10      T
  MONTH TO DATE    0.75                      1.78  -1.03     5.19
  SINCE MAR 1      3.99                      5.90  -1.91     7.24
  SINCE JAN 1      4.93                      7.14  -2.21     7.83

SNOWFALL (IN)
  TODAY            0.0           3.2  1971   0.0    0.0      0.0
  MONTH TO DATE    0.0                       0.0    0.0      0.0
  SINCE MAR 1      4.6                      11.5   -6.9      4.3
  SINCE JUL 1     30.3                      45.7  -15.4     31.1
  SNOW DEPTH       0

DEGREE DAYS
 HEATING
  TODAY            9                         8      1       21
  MONTH TO DATE  244                       206     38      210
  SINCE MAR 1   1666                      1927   -261     1762
  SINCE JUL 1   7117                      8373  -1256     8020

 COOLING
  TODAY            0                         1     -1        0
  MONTH TO DATE    8                        11     -3        0
  SINCE MAR 1     13                        13      0        0
  SINCE JAN 1     13                        13      0        0
..................................................................


WIND (MPH)
  HIGHEST WIND SPEED    20   HIGHEST WIND DIRECTION     S (200)
  HIGHEST GUST SPEED    27   HIGHEST GUST DIRECTION     S (200)
  AVERAGE WIND SPEED     8.4


SKY COVER
  POSSIBLE SUNSHINE  MM
  AVERAGE SKY COVER 0.2


WEATHER CONDITIONS
 THE FOLLOWING WEATHER WAS RECORDED TODAY.
  NO SIGNIFICANT WEATHER WAS OBSERVED.


RELATIVE HUMIDITY (PERCENT)
 HIGHEST    85           300 AM
 LOWEST     27           200 PM
 AVERAGE    56

..........................................................


THE ST CLOUD MN CLIMATE NORMALS FOR TOMORROW
                         NORMAL    RECORD    YEAR
 MAXIMUM TEMPERATURE (F)   70        92      2009
 MINIMUM TEMPERATURE (F)   46        28      1967


SUNRISE AND SUNSET
MAY 19 2016...........SUNRISE   541 AM CDT   SUNSET   846 PM CDT
MAY 20 2016...........SUNRISE   540 AM CDT   SUNSET   847 PM CDT


-  INDICATES NEGATIVE NUMBERS.
R  INDICATES RECORD WAS SET OR TIED.
MM INDICATES DATA IS MISSING.
T  INDICATES TRACE AMOUNT.




$$
