000
CDUS43 KMPX 180052
CLISTC


CLIMATE REPORT
NATIONAL WEATHER SERVICE CHANHASSEN MN
752 PM CDT TUE OCT 17 2017


...................................

...THE ST CLOUD MN CLIMATE SUMMARY FOR OCTOBER 17 2017...
VALID TODAY AS OF 0700 PM LOCAL TIME.

CLIMATE NORMAL PERIOD 1981 TO 2010
CLIMATE RECORD PERIOD 1893 TO 2017


WEATHER ITEM   OBSERVED TIME   RECORD YEAR NORMAL DEPARTURE LAST
                VALUE   (LST)  VALUE       VALUE  FROM      YEAR
                                                  NORMAL
..................................................................
TEMPERATURE (F)
 TODAY
  MAXIMUM         73    326 PM  87    1910  56     17       66
  MINIMUM         34    704 AM  10    1952  35     -1       49
  AVERAGE         54                        46      8       58

PRECIPITATION (IN)
  TODAY            0.00          1.60 1968   0.09  -0.09     0.09
  MONTH TO DATE    4.27                      1.56   2.71     1.69
  SINCE SEP 1      7.20                      5.02   2.18     4.77
  SINCE JAN 1     28.13                     24.60   3.53    29.59

SNOWFALL (IN)
  TODAY            0.0           1.8  2002   0.1   -0.1      0.0
  MONTH TO DATE    0.0                       0.2   -0.2      0.0
  SINCE SEP 1      0.0                       0.2   -0.2      0.0
  SINCE JUL 1      0.0                       0.2   -0.2      0.0
  SNOW DEPTH       0

DEGREE DAYS
 HEATING
  TODAY           11                        20     -9        7
  MONTH TO DATE  255                       281    -26      222
  SINCE SEP 1    394                       509   -115      340
  SINCE JUL 1    434                       567   -133      362

 COOLING
  TODAY            0                         0      0        0
  MONTH TO DATE    0                         0      0        0
  SINCE SEP 1     71                        34     37       28
  SINCE JAN 1    361                       463   -102      506
..................................................................


WIND (MPH)
  HIGHEST WIND SPEED    15   HIGHEST WIND DIRECTION    SW (220)
  HIGHEST GUST SPEED    19   HIGHEST GUST DIRECTION    SW (210)
  AVERAGE WIND SPEED     4.5


SKY COVER
  POSSIBLE SUNSHINE  MM
  AVERAGE SKY COVER 0.0


WEATHER CONDITIONS
 THE FOLLOWING WEATHER WAS RECORDED TODAY.
  NO SIGNIFICANT WEATHER WAS OBSERVED.


RELATIVE HUMIDITY (PERCENT)
 HIGHEST   100           200 AM
 LOWEST     27           300 PM
 AVERAGE    64

..........................................................


THE ST CLOUD MN CLIMATE NORMALS FOR TOMORROW
                         NORMAL    RECORD    YEAR
 MAXIMUM TEMPERATURE (F)   56        80      1945
 MINIMUM TEMPERATURE (F)   34        14      1972


SUNRISE AND SUNSET
OCTOBER 17 2017.......SUNRISE   736 AM CDT   SUNSET   627 PM CDT
OCTOBER 18 2017.......SUNRISE   737 AM CDT   SUNSET   625 PM CDT


-  INDICATES NEGATIVE NUMBERS.
R  INDICATES RECORD WAS SET OR TIED.
MM INDICATES DATA IS MISSING.
T  INDICATES TRACE AMOUNT.




$$
