000
CDUS43 KMPX 172320
CLISTC


CLIMATE REPORT
NATIONAL WEATHER SERVICE CHANHASSEN MN
519 PM CST WED JAN 17 2018


...................................

...THE ST CLOUD MN CLIMATE SUMMARY FOR JANUARY 17 2018...
VALID TODAY AS OF 0500 PM LOCAL TIME.

CLIMATE NORMAL PERIOD 1981 TO 2010
CLIMATE RECORD PERIOD 1893 TO 2018


WEATHER ITEM   OBSERVED TIME   RECORD YEAR NORMAL DEPARTURE LAST
                VALUE   (LST)  VALUE       VALUE  FROM      YEAR
                                                  NORMAL
..................................................................
TEMPERATURE (F)
 TODAY
  MAXIMUM         27    359 PM  43    1923  21      6       30
  MINIMUM         -5    207 AM -35    1982   1     -6       17
  AVERAGE         11                        11      0       24

PRECIPITATION (IN)
  TODAY            0.00          0.69 1996   0.02  -0.02     0.00
  MONTH TO DATE    0.17                      0.39  -0.22     0.37
  SINCE DEC 1      0.61                      1.21  -0.60     1.92
  SINCE JAN 1      0.17                      0.39  -0.22     0.37

SNOWFALL (IN)
  TODAY            0.0          10.0  1996   0.3   -0.3      0.0
  MONTH TO DATE    3.9                       5.0   -1.1      9.0
  SINCE DEC 1      8.6                      14.4   -5.8     17.8
  SINCE JUL 1     15.7                      23.6   -7.9     25.1
  SNOW DEPTH       5

DEGREE DAYS
 HEATING
  TODAY           54                        54      0       41
  MONTH TO DATE 1009                       911     98      978
  SINCE DEC 1   2552                      2433    119     2442
  SINCE JUL 1   4318                      4358    -40     3816

 COOLING
  TODAY            0                         0      0        0
  MONTH TO DATE    0                         0      0        0
  SINCE DEC 1      0                         0      0        0
  SINCE JAN 1      0                         0      0        0
..................................................................


WIND (MPH)
  HIGHEST WIND SPEED    20   HIGHEST WIND DIRECTION    SW (210)
  HIGHEST GUST SPEED    24   HIGHEST GUST DIRECTION     S (200)
  AVERAGE WIND SPEED     9.6


SKY COVER
  POSSIBLE SUNSHINE  MM
  AVERAGE SKY COVER 0.0


WEATHER CONDITIONS
 THE FOLLOWING WEATHER WAS RECORDED TODAY.
  NO SIGNIFICANT WEATHER WAS OBSERVED.


RELATIVE HUMIDITY (PERCENT)
 HIGHEST    87          1200 AM
 LOWEST     57           100 PM
 AVERAGE    72

..........................................................


THE ST CLOUD MN CLIMATE NORMALS FOR TOMORROW
                         NORMAL    RECORD    YEAR
 MAXIMUM TEMPERATURE (F)   21        48      1981
 MINIMUM TEMPERATURE (F)    1       -34      1994


SUNRISE AND SUNSET
JANUARY 17 2018.......SUNRISE   751 AM CST   SUNSET   502 PM CST
JANUARY 18 2018.......SUNRISE   751 AM CST   SUNSET   503 PM CST


-  INDICATES NEGATIVE NUMBERS.
R  INDICATES RECORD WAS SET OR TIED.
MM INDICATES DATA IS MISSING.
T  INDICATES TRACE AMOUNT.




$$
