000
CDUS43 KMPX 222242
CLISTC


CLIMATE REPORT
NATIONAL WEATHER SERVICE CHANHASSEN MN
440 PM CST SUN FEB 22 2015


...................................

...THE ST CLOUD MN CLIMATE SUMMARY FOR FEBRUARY 22 2015...
VALID AS OF 0400 PM LOCAL TIME.

CLIMATE NORMAL PERIOD 1981 TO 2010
CLIMATE RECORD PERIOD 1893 TO 2015


WEATHER ITEM   OBSERVED TIME   RECORD YEAR NORMAL DEPARTURE LAST
                VALUE   (LST)  VALUE       VALUE  FROM      YEAR
                                                  NORMAL
..................................................................
TEMPERATURE (F)
 TODAY
  MAXIMUM         -2    353 PM  55    1961  29    -31       13
  MINIMUM        -14    847 AM -19    1972  10    -24        2
  AVERAGE         -8                        20    -28        8

PRECIPITATION (IN)
  TODAY            0.00          0.67 1979   0.03  -0.03     0.00
  MONTH TO DATE    0.33                      0.42  -0.09     1.16
  SINCE DEC 1      1.32                      1.89  -0.57     4.27
  SINCE JAN 1      0.57                      1.07  -0.50     2.50

SNOWFALL (IN)
  TODAY            0.0           4.2  1913   0.3   -0.3      0.0
  MONTH TO DATE    4.0                       5.3   -1.3     13.4
  SINCE DEC 1      9.0                      23.3  -14.3     50.6
  SINCE JUL 1     26.6                      32.5   -5.9     54.2
  SNOW DEPTH       2

DEGREE DAYS
 HEATING
  TODAY           73                        45     28       57
  MONTH TO DATE 1224                      1079    145     1273
  SINCE DEC 1   3981                      4256   -275     4950
  SINCE JUL 1   5913                      6181   -268     6823

 COOLING
  TODAY            0                         0      0        0
  MONTH TO DATE    0                         0      0        0
  SINCE DEC 1      0                         0      0        0
  SINCE JAN 1      0                         0      0        0
..................................................................


WIND (MPH)
  HIGHEST WIND SPEED    21   HIGHEST WIND DIRECTION    NW (300)
  HIGHEST GUST SPEED    23   HIGHEST GUST DIRECTION    NW (310)
  AVERAGE WIND SPEED    11.9


SKY COVER
  POSSIBLE SUNSHINE  MM
  AVERAGE SKY COVER 0.0


WEATHER CONDITIONS
 THE FOLLOWING WEATHER WAS RECORDED TODAY.
  NO SIGNIFICANT WEATHER WAS OBSERVED.


RELATIVE HUMIDITY (PERCENT)
 HIGHEST    71           200 AM
 LOWEST     51           200 PM
 AVERAGE    61

..........................................................


THE ST CLOUD MN CLIMATE NORMALS FOR TOMORROW
                         NORMAL    RECORD    YEAR
 MAXIMUM TEMPERATURE (F)   30        54      1998
                                             1958
 MINIMUM TEMPERATURE (F)   11       -25      1910


SUNRISE AND SUNSET
FEBRUARY 22 2015......SUNRISE   707 AM CST   SUNSET   553 PM CST
FEBRUARY 23 2015......SUNRISE   705 AM CST   SUNSET   554 PM CST


-  INDICATES NEGATIVE NUMBERS.
R  INDICATES RECORD WAS SET OR TIED.
MM INDICATES DATA IS MISSING.
T  INDICATES TRACE AMOUNT.




$$
