000
CDUS43 KMPX 090716
CLISTC


CLIMATE REPORT
NATIONAL WEATHER SERVICE CHANHASSEN MN
215 AM CDT SAT SEP 9 2017


...................................

...THE ST CLOUD MN CLIMATE SUMMARY FOR SEPTEMBER 8 2017...

CLIMATE NORMAL PERIOD 1981 TO 2010
CLIMATE RECORD PERIOD 1893 TO 2017


WEATHER ITEM   OBSERVED TIME   RECORD YEAR NORMAL DEPARTURE LAST
                VALUE   (LST)  VALUE       VALUE  FROM      YEAR
                                                  NORMAL
..................................................................
TEMPERATURE (F)
 YESTERDAY
  MAXIMUM         67    333 PM 102    1931  74     -7       76
  MINIMUM         46    608 AM  34    1995  50     -4       57
  AVERAGE         57                        62     -5       67

PRECIPITATION (IN)
  YESTERDAY        0.00          3.62 1985   0.12  -0.12     0.04
  MONTH TO DATE    0.18                      1.05  -0.87     0.85
  SINCE SEP 1      0.18                      1.05  -0.87     0.85
  SINCE JAN 1     21.11                     20.63   0.48    25.67

SNOWFALL (IN)
  YESTERDAY        0.0           0.0    MM   0.0    0.0      0.0
  MONTH TO DATE    0.0                       0.0    0.0      0.0
  SINCE SEP 1      0.0                       0.0    0.0      0.0
  SINCE JUL 1      0.0                       0.0    0.0      0.0
  SNOW DEPTH       0

DEGREE DAYS
 HEATING
  YESTERDAY        8                         5      3        0
  MONTH TO DATE   42                        32     10        3
  SINCE SEP 1     42                        32     10        3
  SINCE JUL 1     82                        90     -8       25

 COOLING
  YESTERDAY        0                         2     -2        2
  MONTH TO DATE    6                        16    -10       25
  SINCE SEP 1      6                        16    -10       25
  SINCE JAN 1    296                       445   -149      503
..................................................................


WIND (MPH)
  HIGHEST WIND SPEED    15   HIGHEST WIND DIRECTION     E (90)
  HIGHEST GUST SPEED    22   HIGHEST GUST DIRECTION     E (80)
  AVERAGE WIND SPEED     8.0


SKY COVER
  POSSIBLE SUNSHINE  MM
  AVERAGE SKY COVER 0.0


WEATHER CONDITIONS
 THE FOLLOWING WEATHER WAS RECORDED YESTERDAY.
  NO SIGNIFICANT WEATHER WAS OBSERVED.


RELATIVE HUMIDITY (PERCENT)
 HIGHEST    96           100 AM
 LOWEST     40           200 PM
 AVERAGE    68

..........................................................


THE ST CLOUD MN CLIMATE NORMALS FOR TODAY
                         NORMAL    RECORD    YEAR
 MAXIMUM TEMPERATURE (F)   73        98      1931
 MINIMUM TEMPERATURE (F)   50        33      1898


SUNRISE AND SUNSET
SEPTEMBER  9 2017.....SUNRISE   648 AM CDT   SUNSET   738 PM CDT
SEPTEMBER 10 2017.....SUNRISE   649 AM CDT   SUNSET   736 PM CDT


-  INDICATES NEGATIVE NUMBERS.
R  INDICATES RECORD WAS SET OR TIED.
MM INDICATES DATA IS MISSING.
T  INDICATES TRACE AMOUNT.




$$
