000
CDUS43 KMPX 230034
CLISTC


CLIMATE REPORT
NATIONAL WEATHER SERVICE CHANHASSEN MN
732 PM CDT FRI AUG 22 2014


...................................

...THE ST CLOUD MN CLIMATE SUMMARY FOR AUGUST 22 2014...
VALID TODAY AS OF 0700 PM LOCAL TIME.

CLIMATE NORMAL PERIOD 1981 TO 2010
CLIMATE RECORD PERIOD 1893 TO 2014


WEATHER ITEM   OBSERVED TIME   RECORD YEAR NORMAL DEPARTURE LAST
                VALUE   (LST)  VALUE       VALUE  FROM      YEAR
                                                  NORMAL
..................................................................
TEMPERATURE (F)
 TODAY
  MAXIMUM         80    528 PM  97    1971  79      1       85
  MINIMUM         69    721 AM  42    1950  55     14       56
                                      1945
                                      1908
  AVERAGE         75                        67      8       71

PRECIPITATION (IN)
  TODAY            0.00          2.15 1900   0.12  -0.12     0.00
  MONTH TO DATE    2.73                      2.59   0.14     0.58
  SINCE JUN 1     10.16                     10.07   0.09     7.77
  SINCE JAN 1     26.51                     18.38   8.13    20.06

SNOWFALL (IN)
  TODAY            0.0           0.0    MM   0.0    0.0      0.0
  MONTH TO DATE    0.0                       0.0    0.0      0.0
  SINCE JUN 1      0.0                       0.0    0.0      0.0
  SINCE JUL 1      0.0                       0.0    0.0      0.0
  SNOW DEPTH       0

DEGREE DAYS
 HEATING
  TODAY            0                         1     -1        0
  MONTH TO DATE    0                        22    -22       23
  SINCE JUN 1     33                       117    -84      136
  SINCE JUL 1      7                        39    -32       49

 COOLING
  TODAY           10                         3      7        6
  MONTH TO DATE  160                       100     60       61
  SINCE JUN 1    468                       377     91      377
  SINCE JAN 1    512                       402    110      388
..................................................................


WIND (MPH)
  HIGHEST WIND SPEED     9   HIGHEST WIND DIRECTION    NW (330)
  HIGHEST GUST SPEED    12   HIGHEST GUST DIRECTION     N (10)
  AVERAGE WIND SPEED     4.7


SKY COVER
  POSSIBLE SUNSHINE  MM
  AVERAGE SKY COVER 0.9


WEATHER CONDITIONS
 THE FOLLOWING WEATHER WAS RECORDED TODAY.
  FOG
  FOG W/VISIBILITY <= 1/4 MILE


RELATIVE HUMIDITY (PERCENT)
 HIGHEST    97           400 AM
 LOWEST     71           100 PM
 AVERAGE    84

..........................................................


THE ST CLOUD MN CLIMATE NORMALS FOR TOMORROW
                         NORMAL    RECORD    YEAR
 MAXIMUM TEMPERATURE (F)   79        95      1947
 MINIMUM TEMPERATURE (F)   55        39      1934


SUNRISE AND SUNSET
AUGUST 22 2014........SUNRISE   625 AM CDT   SUNSET   812 PM CDT
AUGUST 23 2014........SUNRISE   627 AM CDT   SUNSET   810 PM CDT


-  INDICATES NEGATIVE NUMBERS.
R  INDICATES RECORD WAS SET OR TIED.
MM INDICATES DATA IS MISSING.
T  INDICATES TRACE AMOUNT.




$$
