000
CDUS43 KMPX 180031
CLISTC


CLIMATE REPORT
NATIONAL WEATHER SERVICE CHANHASSEN MN
730 PM CDT SAT JUN 17 2017


...................................

...THE ST CLOUD MN CLIMATE SUMMARY FOR JUNE 17 2017...
VALID TODAY AS OF 0700 PM LOCAL TIME.

CLIMATE NORMAL PERIOD 1981 TO 2010
CLIMATE RECORD PERIOD 1893 TO 2017


WEATHER ITEM   OBSERVED TIME   RECORD YEAR NORMAL DEPARTURE LAST
                VALUE   (LST)  VALUE       VALUE  FROM      YEAR
                                                  NORMAL
..................................................................
TEMPERATURE (F)
 TODAY
  MAXIMUM         84    118 PM  97    1995  78      6       80
  MINIMUM         52    436 AM  38    2000  54     -2       61
                                      1950
  AVERAGE         68                        66      2       71

PRECIPITATION (IN)
  TODAY            0.08          2.84 1954   0.15  -0.07     0.12
  MONTH TO DATE    1.03                      2.33  -1.30     2.51
  SINCE JUN 1      1.03                      2.33  -1.30     2.51
  SINCE JAN 1     10.73                     10.64   0.09     8.86

SNOWFALL (IN)
  TODAY            0.0           T    2011   0.0    0.0      0.0
  MONTH TO DATE    0.0                       0.0    0.0      0.0
  SINCE JUN 1      0.0                       0.0    0.0      0.0
  SINCE JUL 1     31.9                      45.7  -13.8     30.3
  SNOW DEPTH       0

DEGREE DAYS
 HEATING
  TODAY            0                         2     -2        0
  MONTH TO DATE    6                        60    -54       30
  SINCE JUN 1      6                        60    -54       30
  SINCE JUL 1   7292                      8514  -1222     7167

 COOLING
  TODAY            3                         3      0        6
  MONTH TO DATE   72                        38     34       50
  SINCE JUN 1     72                        38     34       50
  SINCE JAN 1     75                        63     12       81
..................................................................


WIND (MPH)
  HIGHEST WIND SPEED    18   HIGHEST WIND DIRECTION    NW (300)
  HIGHEST GUST SPEED    27   HIGHEST GUST DIRECTION     W (290)
  AVERAGE WIND SPEED     5.3


SKY COVER
  POSSIBLE SUNSHINE  MM
  AVERAGE SKY COVER 0.3


WEATHER CONDITIONS
 THE FOLLOWING WEATHER WAS RECORDED TODAY.
  LIGHT RAIN
  FOG


RELATIVE HUMIDITY (PERCENT)
 HIGHEST   100           300 AM
 LOWEST     36          1100 AM
 AVERAGE    68

..........................................................


THE ST CLOUD MN CLIMATE NORMALS FOR TOMORROW
                         NORMAL    RECORD    YEAR
 MAXIMUM TEMPERATURE (F)   78        98      1933
 MINIMUM TEMPERATURE (F)   55        40      1945


SUNRISE AND SUNSET
JUNE 17 2017..........SUNRISE   527 AM CDT   SUNSET   908 PM CDT
JUNE 18 2017..........SUNRISE   527 AM CDT   SUNSET   908 PM CDT


-  INDICATES NEGATIVE NUMBERS.
R  INDICATES RECORD WAS SET OR TIED.
MM INDICATES DATA IS MISSING.
T  INDICATES TRACE AMOUNT.




$$
