000
CDUS43 KMPX 240620
CLISTC


CLIMATE REPORT
NATIONAL WEATHER SERVICE CHANHASSEN MN
120 AM CDT MON AUG 24 2015


...................................

...THE ST CLOUD MN CLIMATE SUMMARY FOR AUGUST 23 2015...

CLIMATE NORMAL PERIOD 1981 TO 2010
CLIMATE RECORD PERIOD 1893 TO 2015


WEATHER ITEM   OBSERVED TIME   RECORD YEAR NORMAL DEPARTURE LAST
                VALUE   (LST)  VALUE       VALUE  FROM      YEAR
                                                  NORMAL
..................................................................
TEMPERATURE (F)
 YESTERDAY
  MAXIMUM         67        MM  95    1947  79    -12       77
  MINIMUM         54        MM  39    1934  55     -1       65
  AVERAGE         61                        67     -6       71

PRECIPITATION (IN)
  YESTERDAY        0.02          0.72 1994   0.13  -0.11      T
  MONTH TO DATE    3.10                      2.72   0.38     2.73
  SINCE JUN 1     14.94                     10.20   4.74    10.16
  SINCE JAN 1     23.61                     18.51   5.10    26.51

SNOWFALL (IN)
  YESTERDAY        0.0           0.0    MM   0.0    0.0      0.0
  MONTH TO DATE    0.0                       0.0    0.0      0.0
  SINCE JUN 1      0.0                       0.0    0.0      0.0
  SINCE JUL 1      0.0                       0.0    0.0      0.0
  SNOW DEPTH       0

DEGREE DAYS
 HEATING
  YESTERDAY        4                         2      2        0
  MONTH TO DATE   20                        24     -4        0
  SINCE JUN 1     60                       119    -59       33
  SINCE JUL 1     32                        41     -9        7

 COOLING
  YESTERDAY        0                         3     -3        6
  MONTH TO DATE   95                       103     -8      161
  SINCE JUN 1    364                       380    -16      469
  SINCE JAN 1    369                       405    -36      513
..................................................................


WIND (MPH)
  HIGHEST WIND SPEED    24   HIGHEST WIND DIRECTION     W (290)
  HIGHEST GUST SPEED    39   HIGHEST GUST DIRECTION    NW (300)
  AVERAGE WIND SPEED    16.9


SKY COVER
  POSSIBLE SUNSHINE  MM
  AVERAGE SKY COVER 0.8


WEATHER CONDITIONS
 THE FOLLOWING WEATHER WAS RECORDED YESTERDAY.
  LIGHT RAIN
  FOG


RELATIVE HUMIDITY (PERCENT)
 HIGHEST    93           500 AM
 LOWEST     52           300 PM
 AVERAGE    73

..........................................................


THE ST CLOUD MN CLIMATE NORMALS FOR TODAY
                         NORMAL    RECORD    YEAR
 MAXIMUM TEMPERATURE (F)   78        96      2003
 MINIMUM TEMPERATURE (F)   55        37      1987


SUNRISE AND SUNSET
AUGUST 24 2015........SUNRISE   628 AM CDT   SUNSET   809 PM CDT
AUGUST 25 2015........SUNRISE   629 AM CDT   SUNSET   807 PM CDT


-  INDICATES NEGATIVE NUMBERS.
R  INDICATES RECORD WAS SET OR TIED.
MM INDICATES DATA IS MISSING.
T  INDICATES TRACE AMOUNT.




$$
