000
CDUS43 KMPX 172119
CLISTC


CLIMATE REPORT
NATIONAL WEATHER SERVICE CHANHASSEN MN
419 PM CDT MON APR 17 2017


...................................

...THE ST CLOUD MN CLIMATE SUMMARY FOR APRIL 17 2017...
VALID TODAY AS OF 0400 PM LOCAL TIME.

CLIMATE NORMAL PERIOD 1981 TO 2010
CLIMATE RECORD PERIOD 1893 TO 2017


WEATHER ITEM   OBSERVED TIME   RECORD YEAR NORMAL DEPARTURE LAST
                VALUE   (LST)  VALUE       VALUE  FROM      YEAR
                                                  NORMAL
..................................................................
TEMPERATURE (F)
 TODAY
  MAXIMUM         52    259 PM  86    1987  58     -6       78
  MINIMUM         34    557 AM  15    1907  33      1       55
  AVERAGE         43                        45     -2       67

PRECIPITATION (IN)
  TODAY            0.00          0.80 1896   0.09  -0.09     0.00
  MONTH TO DATE    0.57                      1.32  -0.75     0.18
  SINCE MAR 1      1.24                      2.87  -1.63     1.68
  SINCE JAN 1      2.56                      4.11  -1.55     2.62

SNOWFALL (IN)
  TODAY            0.0           5.0  1939   0.1   -0.1      0.0
  MONTH TO DATE    0.0                       2.2   -2.2      1.6
  SINCE MAR 1      2.0                      10.7   -8.7      4.6
  SINCE JUL 1     30.9                      44.9  -14.0     30.3
  SNOW DEPTH       0

DEGREE DAYS
 HEATING
  TODAY           22                        20      2        0
  MONTH TO DATE  297                       404   -107      403
  SINCE MAR 1   1357                      1508   -151     1220
  SINCE JUL 1   6713                      7954  -1241     6671

 COOLING
  TODAY            0                         0      0        2
  MONTH TO DATE    0                         0      0        5
  SINCE MAR 1      0                         0      0        5
  SINCE JAN 1      0                         0      0        5
..................................................................


WIND (MPH)
  HIGHEST WIND SPEED    17   HIGHEST WIND DIRECTION     N (350)
  HIGHEST GUST SPEED    22   HIGHEST GUST DIRECTION     N (340)
  AVERAGE WIND SPEED     7.8


SKY COVER
  POSSIBLE SUNSHINE  MM
  AVERAGE SKY COVER 0.3


WEATHER CONDITIONS
 THE FOLLOWING WEATHER WAS RECORDED TODAY.
  NO SIGNIFICANT WEATHER WAS OBSERVED.


RELATIVE HUMIDITY (PERCENT)
 HIGHEST    82           500 AM
 LOWEST     41           300 PM
 AVERAGE    62

..........................................................


THE ST CLOUD MN CLIMATE NORMALS FOR TOMORROW
                         NORMAL    RECORD    YEAR
 MAXIMUM TEMPERATURE (F)   58        88      1987
 MINIMUM TEMPERATURE (F)   34        17      1928


SUNRISE AND SUNSET
APRIL 17 2017.........SUNRISE   627 AM CDT   SUNSET   806 PM CDT
APRIL 18 2017.........SUNRISE   625 AM CDT   SUNSET   807 PM CDT


-  INDICATES NEGATIVE NUMBERS.
R  INDICATES RECORD WAS SET OR TIED.
MM INDICATES DATA IS MISSING.
T  INDICATES TRACE AMOUNT.




$$
