000
CDUS43 KMPX 201157 CCA
CLISTC

CLIMATE REPORT...CORRECTED SNOW DEPTH
NATIONAL WEATHER SERVICE CHANHASSEN MN
125 AM CDT SUN APR 20 2014


...................................

...THE ST CLOUD MN CLIMATE SUMMARY FOR APRIL 19 2014...

CLIMATE NORMAL PERIOD 1981 TO 2010
CLIMATE RECORD PERIOD 1893 TO 2014


WEATHER ITEM   OBSERVED TIME   RECORD YEAR NORMAL DEPARTURE LAST
                VALUE   (LST)  VALUE       VALUE  FROM      YEAR
                                                  NORMAL
..................................................................
TEMPERATURE (F)
 YESTERDAY
  MAXIMUM         63        MM  87    1987  59      4       37
  MINIMUM         38        MM  15    1897  34      4       20
  AVERAGE         51                        46      5       29

PRECIPITATION (IN)
  YESTERDAY        0.01          1.37 1970   0.08  -0.07     0.04
  MONTH TO DATE    1.56                      1.49   0.07     2.46
  SINCE MAR 1      2.76                      3.04  -0.28     5.09
  SINCE JAN 1      5.27                      4.28   0.99     6.87

SNOWFALL (IN)
  YESTERDAY        0.0           1.2  1914   0.1   -0.1      0.6
  MONTH TO DATE   12.0                       2.3    9.7     22.0
  SINCE MAR 1     21.2                      10.8   10.4     38.6
  SINCE JUL 1     75.5                      45.0   30.5     76.1
  SNOW DEPTH       2

DEGREE DAYS
 HEATING
  YESTERDAY       14                        19     -5       36
  MONTH TO DATE  499                       442     57      629
  SINCE MAR 1   1806                      1546    260     1957
  SINCE JUL 1   9015                      7992   1023     8227

 COOLING
  YESTERDAY        0                         0      0        0
  MONTH TO DATE    0                         0      0        0
  SINCE MAR 1      0                         0      0        0
  SINCE JAN 1      0                         0      0        0
..................................................................


WIND (MPH)
  HIGHEST WIND SPEED    21   HIGHEST WIND DIRECTION    SE (150)
  HIGHEST GUST SPEED    30   HIGHEST GUST DIRECTION     S (160)
  AVERAGE WIND SPEED    10.7


SKY COVER
  POSSIBLE SUNSHINE  MM
  AVERAGE SKY COVER 0.4


WEATHER CONDITIONS
 THE FOLLOWING WEATHER WAS RECORDED YESTERDAY.
  LIGHT RAIN
  FOG


RELATIVE HUMIDITY (PERCENT)
 HIGHEST    93          1100 PM
 LOWEST     53          1200 AM
 AVERAGE    73

..........................................................


THE ST CLOUD MN CLIMATE NORMALS FOR TODAY
                         NORMAL    RECORD    YEAR
 MAXIMUM TEMPERATURE (F)   59        84      1980
 MINIMUM TEMPERATURE (F)   35        16      2013


SUNRISE AND SUNSET
APRIL 20 2014.........SUNRISE   622 AM CDT   SUNSET   809 PM CDT
APRIL 21 2014.........SUNRISE   620 AM CDT   SUNSET   810 PM CDT


-  INDICATES NEGATIVE NUMBERS.
R  INDICATES RECORD WAS SET OR TIED.
MM INDICATES DATA IS MISSING.
T  INDICATES TRACE AMOUNT.




$$
