000
CDUS43 KMPX 220051
CLISTC


CLIMATE REPORT
NATIONAL WEATHER SERVICE CHANHASSEN MN
751 PM CDT WED JUN 21 2017


...................................

...THE ST CLOUD MN CLIMATE SUMMARY FOR JUNE 21 2017...
VALID TODAY AS OF 0700 PM LOCAL TIME.

CLIMATE NORMAL PERIOD 1981 TO 2010
CLIMATE RECORD PERIOD 1893 TO 2017


WEATHER ITEM   OBSERVED TIME   RECORD YEAR NORMAL DEPARTURE LAST
                VALUE   (LST)  VALUE       VALUE  FROM      YEAR
                                                  NORMAL
..................................................................
TEMPERATURE (F)
 TODAY
  MAXIMUM         82    354 PM  95    1910  79      3       81
                                      1900
  MINIMUM         49    241 AM  34    1992  55     -6       53
  AVERAGE         66                        67     -1       67

PRECIPITATION (IN)
  TODAY            0.00          2.83 1956   0.15  -0.15     0.00
  MONTH TO DATE    1.09                      2.93  -1.84     2.92
  SINCE JUN 1      1.09                      2.93  -1.84     2.92
  SINCE JAN 1     10.79                     11.24  -0.45     9.27

SNOWFALL (IN)
  TODAY            0.0           0.0    MM   0.0    0.0      0.0
  MONTH TO DATE    0.0                       0.0    0.0      0.0
  SINCE JUN 1      0.0                       0.0    0.0      0.0
  SINCE JUL 1     31.9                      45.7  -13.8     30.3
  SNOW DEPTH       0

DEGREE DAYS
 HEATING
  TODAY            0                         2     -2        0
  MONTH TO DATE   12                        68    -56       30
  SINCE JUN 1     12                        68    -56       30
  SINCE JUL 1   7298                      8522  -1224     7167

 COOLING
  TODAY            1                         4     -3        2
  MONTH TO DATE   73                        53     20       76
  SINCE JUN 1     73                        53     20       76
  SINCE JAN 1     76                        78     -2      107
..................................................................


WIND (MPH)
  HIGHEST WIND SPEED    20   HIGHEST WIND DIRECTION     S (170)
  HIGHEST GUST SPEED    27   HIGHEST GUST DIRECTION     S (160)
  AVERAGE WIND SPEED     8.2


SKY COVER
  POSSIBLE SUNSHINE  MM
  AVERAGE SKY COVER 0.0


WEATHER CONDITIONS
 THE FOLLOWING WEATHER WAS RECORDED TODAY.
  NO SIGNIFICANT WEATHER WAS OBSERVED.


RELATIVE HUMIDITY (PERCENT)
 HIGHEST   100          1200 AM
 LOWEST     36           100 PM
 AVERAGE    68

..........................................................


THE ST CLOUD MN CLIMATE NORMALS FOR TOMORROW
                         NORMAL    RECORD    YEAR
 MAXIMUM TEMPERATURE (F)   80        98      1911
 MINIMUM TEMPERATURE (F)   56        38      1905


SUNRISE AND SUNSET
JUNE 21 2017..........SUNRISE   527 AM CDT   SUNSET   909 PM CDT
JUNE 22 2017..........SUNRISE   528 AM CDT   SUNSET   909 PM CDT


-  INDICATES NEGATIVE NUMBERS.
R  INDICATES RECORD WAS SET OR TIED.
MM INDICATES DATA IS MISSING.
T  INDICATES TRACE AMOUNT.




$$
