000
CDUS43 KMPX 100939
CLISTC


CLIMATE REPORT
NATIONAL WEATHER SERVICE CHANHASSEN MN
338 AM CST FRI FEB 10 2017


...................................

...THE ST CLOUD MN CLIMATE SUMMARY FOR FEBRUARY 9 2017...

CLIMATE NORMAL PERIOD 1981 TO 2010
CLIMATE RECORD PERIOD 1893 TO 2017


WEATHER ITEM   OBSERVED TIME   RECORD YEAR NORMAL DEPARTURE LAST
                VALUE   (LST)  VALUE       VALUE  FROM      YEAR
                                                  NORMAL
..................................................................
TEMPERATURE (F)
 YESTERDAY
  MAXIMUM         20   1159 PM  48    1976  25     -5       16
                                      1966
  MINIMUM         -2    751 AM -35    1899   5     -7        3
  AVERAGE          9                        15     -6       10

PRECIPITATION (IN)
  YESTERDAY        0.00          0.66 1965   0.02  -0.02     0.00
  MONTH TO DATE    0.03                      0.15  -0.12     0.23
  SINCE DEC 1      2.12                      1.62   0.50     1.56
  SINCE JAN 1      0.57                      0.80  -0.23     0.54

SNOWFALL (IN)
  YESTERDAY        0.0           9.0  1909   0.2   -0.2      0.0
  MONTH TO DATE    0.3                       2.0   -1.7      4.3
  SINCE DEC 1     19.1                      20.0   -0.9     17.1
  SINCE JUL 1     26.4                      29.2   -2.8     22.8
  SNOW DEPTH       1

DEGREE DAYS
 HEATING
  YESTERDAY       56                        50      6       55
  MONTH TO DATE  458                       460     -2      416
  SINCE DEC 1   3400                      3637   -237     3179
  SINCE JUL 1   4774                      5562   -788     4638

 COOLING
  YESTERDAY        0                         0      0        0
  MONTH TO DATE    0                         0      0        0
  SINCE DEC 1      0                         0      0        0
  SINCE JAN 1      0                         0      0        0
..................................................................


WIND (MPH)
  HIGHEST WIND SPEED    20   HIGHEST WIND DIRECTION     S (160)
  HIGHEST GUST SPEED    26   HIGHEST GUST DIRECTION     S (160)
  AVERAGE WIND SPEED     9.9


SKY COVER
  POSSIBLE SUNSHINE  MM
  AVERAGE SKY COVER 0.2


WEATHER CONDITIONS
 THE FOLLOWING WEATHER WAS RECORDED YESTERDAY.
  NO SIGNIFICANT WEATHER WAS OBSERVED.


RELATIVE HUMIDITY (PERCENT)
 HIGHEST    75          1200 AM
 LOWEST     49           300 PM
 AVERAGE    62

..........................................................


THE ST CLOUD MN CLIMATE NORMALS FOR TODAY
                         NORMAL    RECORD    YEAR
 MAXIMUM TEMPERATURE (F)   25        47      1977
 MINIMUM TEMPERATURE (F)    5       -28      1899


SUNRISE AND SUNSET
FEBRUARY 10 2017......SUNRISE   725 AM CST   SUNSET   536 PM CST
FEBRUARY 11 2017......SUNRISE   724 AM CST   SUNSET   538 PM CST


-  INDICATES NEGATIVE NUMBERS.
R  INDICATES RECORD WAS SET OR TIED.
MM INDICATES DATA IS MISSING.
T  INDICATES TRACE AMOUNT.




$$
