000
CDUS43 KMPX 160634
CLISTC


CLIMATE REPORT
NATIONAL WEATHER SERVICE CHANHASSEN MN
1233 AM CST SUN NOV 16 2014


...................................

...THE ST CLOUD MN CLIMATE SUMMARY FOR NOVEMBER 15 2014...

CLIMATE NORMAL PERIOD 1981 TO 2010
CLIMATE RECORD PERIOD 1893 TO 2014


WEATHER ITEM   OBSERVED TIME   RECORD YEAR NORMAL DEPARTURE LAST
                VALUE   (LST)  VALUE       VALUE  FROM      YEAR
                                                  NORMAL
..................................................................
TEMPERATURE (F)
 YESTERDAY
  MAXIMUM         21    329 PM  65    2001  39    -18       53
                                      1939
  MINIMUM         -6R   254 AM  -6    1933  22    -28       21
  AVERAGE          8                        31    -23       37

PRECIPITATION (IN)
  YESTERDAY        0.09          1.18 1950   0.05   0.04     0.00
  MONTH TO DATE    1.61                      0.74   0.87     0.35
  SINCE SEP 1      6.32                      6.69  -0.37     6.56
  SINCE JAN 1     35.69                     26.27   9.42    26.89

SNOWFALL (IN)
  YESTERDAY        0.8           6.7  1956   0.3    0.5      0.0
  MONTH TO DATE   14.3                       3.1   11.2      2.8
  SINCE SEP 1     14.3                       3.9   10.4      3.6
  SINCE JUL 1     14.3                       3.9   10.4      3.6
  SNOW DEPTH       7

DEGREE DAYS
 HEATING
  YESTERDAY       57                        34     23       28
  MONTH TO DATE  527                       453     74      471
  SINCE SEP 1   1194                      1280    -86     1214
  SINCE JUL 1   1203                      1338   -135     1263

 COOLING
  YESTERDAY        0                         0      0        0
  MONTH TO DATE    0                         0      0        0
  SINCE SEP 1     43                        36      7       74
  SINCE JAN 1    597                       465    132      578
..................................................................


WIND (MPH)
  HIGHEST WIND SPEED     7   HIGHEST WIND DIRECTION    SE (140)
  HIGHEST GUST SPEED     8   HIGHEST GUST DIRECTION    SE (140)
  AVERAGE WIND SPEED     1.5


SKY COVER
  POSSIBLE SUNSHINE  MM
  AVERAGE SKY COVER 0.8


WEATHER CONDITIONS
 THE FOLLOWING WEATHER WAS RECORDED YESTERDAY.
  LIGHT SNOW
  FOG
  HAZE


RELATIVE HUMIDITY (PERCENT)
 HIGHEST    84           200 PM
 LOWEST     72          1200 AM
 AVERAGE    78

..........................................................


THE ST CLOUD MN CLIMATE NORMALS FOR TODAY
                         NORMAL    RECORD    YEAR
 MAXIMUM TEMPERATURE (F)   39        68      1953
 MINIMUM TEMPERATURE (F)   22        -4      1933


SUNRISE AND SUNSET
NOVEMBER 16 2014......SUNRISE   717 AM CST   SUNSET   445 PM CST
NOVEMBER 17 2014......SUNRISE   718 AM CST   SUNSET   444 PM CST


-  INDICATES NEGATIVE NUMBERS.
R  INDICATES RECORD WAS SET OR TIED.
MM INDICATES DATA IS MISSING.
T  INDICATES TRACE AMOUNT.




$$
