420
CDUS43 KMPX 240637
CLISTC


CLIMATE REPORT
NATIONAL WEATHER SERVICE CHANHASSEN MN
136 AM CDT MON APR 24 2017


...................................

...THE ST CLOUD MN CLIMATE SUMMARY FOR APRIL 23 2017...

CLIMATE NORMAL PERIOD 1981 TO 2010
CLIMATE RECORD PERIOD 1893 TO 2017


WEATHER ITEM   OBSERVED TIME   RECORD YEAR NORMAL DEPARTURE LAST
                VALUE   (LST)  VALUE       VALUE  FROM      YEAR
                                                  NORMAL
..................................................................
TEMPERATURE (F)
 YESTERDAY
  MAXIMUM         56    227 PM  88    1913  61     -5       68
  MINIMUM         37   1159 PM  17    1909  36      1       37
  AVERAGE         47                        48     -1       53

PRECIPITATION (IN)
  YESTERDAY        0.00          1.19 1915   0.09  -0.09     0.01
  MONTH TO DATE    2.08                      1.85   0.23     0.41
  SINCE MAR 1      2.75                      3.40  -0.65     1.91
  SINCE JAN 1      4.07                      4.64  -0.57     2.85

SNOWFALL (IN)
  YESTERDAY        0.0           2.8  1936   0.1   -0.1      0.0
  MONTH TO DATE    0.0                       2.7   -2.7      1.6
  SINCE MAR 1      2.0                      11.2   -9.2      4.6
  SINCE JUL 1     30.9                      45.4  -14.5     30.3
  SNOW DEPTH       0

DEGREE DAYS
 HEATING
  YESTERDAY       18                        17      1       12
  MONTH TO DATE  405                       512   -107      463
  SINCE MAR 1   1465                      1616   -151     1280
  SINCE JUL 1   6821                      8062  -1241     6731

 COOLING
  YESTERDAY        0                         0      0        0
  MONTH TO DATE    0                         0      0        5
  SINCE MAR 1      0                         0      0        5
  SINCE JAN 1      0                         0      0        5
..................................................................


WIND (MPH)
  HIGHEST WIND SPEED    18   HIGHEST WIND DIRECTION    NE (40)
  HIGHEST GUST SPEED    26   HIGHEST GUST DIRECTION    NE (60)
  AVERAGE WIND SPEED    10.0


SKY COVER
  POSSIBLE SUNSHINE  MM
  AVERAGE SKY COVER 0.3


WEATHER CONDITIONS
 THE FOLLOWING WEATHER WAS RECORDED YESTERDAY.
  NO SIGNIFICANT WEATHER WAS OBSERVED.


RELATIVE HUMIDITY (PERCENT)
 HIGHEST    85           900 PM
 LOWEST     59          1200 PM
 AVERAGE    72

..........................................................


THE ST CLOUD MN CLIMATE NORMALS FOR TODAY
                         NORMAL    RECORD    YEAR
 MAXIMUM TEMPERATURE (F)   61        87      1962
 MINIMUM TEMPERATURE (F)   36        18      1956


SUNRISE AND SUNSET
APRIL 24 2017.........SUNRISE   615 AM CDT   SUNSET   815 PM CDT
APRIL 25 2017.........SUNRISE   613 AM CDT   SUNSET   816 PM CDT


-  INDICATES NEGATIVE NUMBERS.
R  INDICATES RECORD WAS SET OR TIED.
MM INDICATES DATA IS MISSING.
T  INDICATES TRACE AMOUNT.




$$
