000
CDUS43 KMPX 090820
CLISTC


CLIMATE REPORT
NATIONAL WEATHER SERVICE CHANHASSEN MN
220 AM CST THU FEB 9 2017


...................................

...THE ST CLOUD MN CLIMATE SUMMARY FOR FEBRUARY 8 2017...

CLIMATE NORMAL PERIOD 1981 TO 2010
CLIMATE RECORD PERIOD 1893 TO 2017


WEATHER ITEM   OBSERVED TIME   RECORD YEAR NORMAL DEPARTURE LAST
                VALUE   (LST)  VALUE       VALUE  FROM      YEAR
                                                  NORMAL
..................................................................
TEMPERATURE (F)
 YESTERDAY
  MAXIMUM         10    346 PM  55    1991  25    -15       15
  MINIMUM         -5    811 AM -32    1899   5    -10        8
  AVERAGE          3                        15    -12       12

PRECIPITATION (IN)
  YESTERDAY        0.00          0.90 1966   0.01  -0.01     0.01
  MONTH TO DATE    0.03                      0.13  -0.10     0.23
  SINCE DEC 1      2.12                      1.60   0.52     1.56
  SINCE JAN 1      0.57                      0.78  -0.21     0.54

SNOWFALL (IN)
  YESTERDAY        0.0           6.0  1937   0.2   -0.2      0.2
  MONTH TO DATE    0.3                       1.8   -1.5      4.3
  SINCE DEC 1     19.1                      19.8   -0.7     17.1
  SINCE JUL 1     26.4                      29.0   -2.6     22.8
  SNOW DEPTH       1

DEGREE DAYS
 HEATING
  YESTERDAY       62                        50     12       53
  MONTH TO DATE  402                       410     -8      361
  SINCE DEC 1   3344                      3587   -243     3124
  SINCE JUL 1   4718                      5512   -794     4583

 COOLING
  YESTERDAY        0                         0      0        0
  MONTH TO DATE    0                         0      0        0
  SINCE DEC 1      0                         0      0        0
  SINCE JAN 1      0                         0      0        0
..................................................................


WIND (MPH)
  HIGHEST WIND SPEED    20   HIGHEST WIND DIRECTION     W (290)
  HIGHEST GUST SPEED    24   HIGHEST GUST DIRECTION     W (280)
  AVERAGE WIND SPEED    11.8


SKY COVER
  POSSIBLE SUNSHINE  MM
  AVERAGE SKY COVER 0.1


WEATHER CONDITIONS
 THE FOLLOWING WEATHER WAS RECORDED YESTERDAY.
  NO SIGNIFICANT WEATHER WAS OBSERVED.


RELATIVE HUMIDITY (PERCENT)
 HIGHEST    87          1200 AM
 LOWEST     57           100 PM
 AVERAGE    72

..........................................................


THE ST CLOUD MN CLIMATE NORMALS FOR TODAY
                         NORMAL    RECORD    YEAR
 MAXIMUM TEMPERATURE (F)   25        48      1976
                                             1966
 MINIMUM TEMPERATURE (F)    5       -35      1899


SUNRISE AND SUNSET
FEBRUARY  9 2017......SUNRISE   727 AM CST   SUNSET   535 PM CST
FEBRUARY 10 2017......SUNRISE   725 AM CST   SUNSET   536 PM CST


-  INDICATES NEGATIVE NUMBERS.
R  INDICATES RECORD WAS SET OR TIED.
MM INDICATES DATA IS MISSING.
T  INDICATES TRACE AMOUNT.




$$
