000
CDUS43 KMPX 100639
CLISTC


CLIMATE REPORT
NATIONAL WEATHER SERVICE CHANHASSEN MN
1238 AM CST FRI MAR 10 2017


...................................

...THE ST CLOUD MN CLIMATE SUMMARY FOR MARCH 9 2017...

CLIMATE NORMAL PERIOD 1981 TO 2010
CLIMATE RECORD PERIOD 1893 TO 2017


WEATHER ITEM   OBSERVED TIME   RECORD YEAR NORMAL DEPARTURE LAST
                VALUE   (LST)  VALUE       VALUE  FROM      YEAR
                                                  NORMAL
..................................................................
TEMPERATURE (F)
 YESTERDAY
  MAXIMUM         25   1258 PM  61    1911  35    -10       38
  MINIMUM         10   1159 PM -19    1995  17     -7       33
  AVERAGE         18                        26     -8       36

PRECIPITATION (IN)
  YESTERDAY        0.00          0.75 2013   0.04  -0.04     0.00
  MONTH TO DATE    0.35                      0.34   0.01     0.10
  SINCE MAR 1      0.35                      0.34   0.01     0.10
  SINCE JAN 1      1.67                      1.58   0.09     1.04

SNOWFALL (IN)
  YESTERDAY        0.0           8.5  1918   0.4   -0.4      0.0
  MONTH TO DATE    0.2                       3.1   -2.9      1.2
  SINCE MAR 1      0.2                       3.1   -2.9      1.2
  SINCE JUL 1     29.1                      37.3   -8.2     26.9
  SNOW DEPTH       0

DEGREE DAYS
 HEATING
  YESTERDAY       47                        39      8       29
  MONTH TO DATE  314                       366    -52      274
  SINCE MAR 1    314                       366    -52      274
  SINCE JUL 1   5670                      6812  -1142     5725

 COOLING
  YESTERDAY        0                         0      0        0
  MONTH TO DATE    0                         0      0        0
  SINCE MAR 1      0                         0      0        0
  SINCE JAN 1      0                         0      0        0
..................................................................


WIND (MPH)
  HIGHEST WIND SPEED    18   HIGHEST WIND DIRECTION    NW (330)
  HIGHEST GUST SPEED    25   HIGHEST GUST DIRECTION    NW (330)
  AVERAGE WIND SPEED    10.2


SKY COVER
  POSSIBLE SUNSHINE  MM
  AVERAGE SKY COVER 0.4


WEATHER CONDITIONS
 THE FOLLOWING WEATHER WAS RECORDED YESTERDAY.
  NO SIGNIFICANT WEATHER WAS OBSERVED.


RELATIVE HUMIDITY (PERCENT)
 HIGHEST    73           400 AM
 LOWEST     32           100 PM
 AVERAGE    53

..........................................................


THE ST CLOUD MN CLIMATE NORMALS FOR TODAY
                         NORMAL    RECORD    YEAR
 MAXIMUM TEMPERATURE (F)   36        61      2015
 MINIMUM TEMPERATURE (F)   17       -24      1948


SUNRISE AND SUNSET
MARCH 10 2017.........SUNRISE   638 AM CST   SUNSET   616 PM CST
MARCH 11 2017.........SUNRISE   636 AM CST   SUNSET   617 PM CST


-  INDICATES NEGATIVE NUMBERS.
R  INDICATES RECORD WAS SET OR TIED.
MM INDICATES DATA IS MISSING.
T  INDICATES TRACE AMOUNT.




$$
