000
CDUS43 KMPX 200034
CLISTC


CLIMATE REPORT
NATIONAL WEATHER SERVICE CHANHASSEN MN
634 PM CST MON JAN 19 2015


...................................

...THE ST CLOUD MN CLIMATE SUMMARY FOR JANUARY 19 2015...
VALID TODAY AS OF 0600 PM LOCAL TIME.

CLIMATE NORMAL PERIOD 1981 TO 2010
CLIMATE RECORD PERIOD 1893 TO 2015


WEATHER ITEM   OBSERVED TIME   RECORD YEAR NORMAL DEPARTURE LAST
                VALUE   (LST)  VALUE       VALUE  FROM      YEAR
                                                  NORMAL
..................................................................
TEMPERATURE (F)
 TODAY
  MAXIMUM         35    321 PM  50    1900  21     14       37
  MINIMUM         20    126 AM -40    1994   1     19       22
  AVERAGE         28                        11     17       30

PRECIPITATION (IN)
  TODAY            T             0.36 1979   0.02  -0.02     0.00
  MONTH TO DATE    0.21                      0.43  -0.22     0.83
  SINCE DEC 1      0.96                      1.25  -0.29     2.60
  SINCE JAN 1      0.21                      0.43  -0.22     0.83

SNOWFALL (IN)
  TODAY            T             5.8  1979   0.3   -0.3      0.0
  MONTH TO DATE    2.0                       5.6   -3.6      9.5
  SINCE DEC 1      4.5                      15.0  -10.5     29.9
  SINCE JUL 1     22.1                      24.2   -2.1     33.5
  SNOW DEPTH       1

DEGREE DAYS
 HEATING
  TODAY           37                        54    -17       35
  MONTH TO DATE 1049                      1019     30     1093
  SINCE DEC 1   2311                      2541   -230     2908
  SINCE JUL 1   4243                      4466   -223     4781

 COOLING
  TODAY            0                         0      0        0
  MONTH TO DATE    0                         0      0        0
  SINCE DEC 1      0                         0      0        0
  SINCE JAN 1      0                         0      0        0
..................................................................


WIND (MPH)
  HIGHEST WIND SPEED    17   HIGHEST WIND DIRECTION    SE (150)
  HIGHEST GUST SPEED    22   HIGHEST GUST DIRECTION    SE (140)
  AVERAGE WIND SPEED     6.4


SKY COVER
  POSSIBLE SUNSHINE  MM
  AVERAGE SKY COVER 0.8


WEATHER CONDITIONS
 THE FOLLOWING WEATHER WAS RECORDED TODAY.
  LIGHT SNOW
  FOG


RELATIVE HUMIDITY (PERCENT)
 HIGHEST    92          1200 AM
 LOWEST     75           500 AM
 AVERAGE    84

..........................................................


THE ST CLOUD MN CLIMATE NORMALS FOR TOMORROW
                         NORMAL    RECORD    YEAR
 MAXIMUM TEMPERATURE (F)   21        52      1944
 MINIMUM TEMPERATURE (F)    1       -29      1984


SUNRISE AND SUNSET
JANUARY 19 2015.......SUNRISE   750 AM CST   SUNSET   504 PM CST
JANUARY 20 2015.......SUNRISE   749 AM CST   SUNSET   506 PM CST


-  INDICATES NEGATIVE NUMBERS.
R  INDICATES RECORD WAS SET OR TIED.
MM INDICATES DATA IS MISSING.
T  INDICATES TRACE AMOUNT.




$$
