000
CDUS43 KMPX 140143
CLISTC


CLIMATE REPORT
NATIONAL WEATHER SERVICE CHANHASSEN MN
842 PM CDT WED JUL 13 2016


...................................

...THE ST CLOUD MN CLIMATE SUMMARY FOR JULY 13 2016...
VALID TODAY AS OF 0800 PM LOCAL TIME.

CLIMATE NORMAL PERIOD 1981 TO 2010
CLIMATE RECORD PERIOD 1893 TO 2016


WEATHER ITEM   OBSERVED TIME   RECORD YEAR NORMAL DEPARTURE LAST
                VALUE   (LST)  VALUE       VALUE  FROM      YEAR
                                                  NORMAL
..................................................................
TEMPERATURE (F)
 TODAY
  MAXIMUM         80        MM 107    1936  83     -3       87
  MINIMUM         65        MM  44    1990  59      6       61
  AVERAGE         73                        71      2       74

PRECIPITATION (IN)
  TODAY            0.00          1.69 1933   0.11  -0.11     0.30
  MONTH TO DATE    4.15                      1.45   2.70     3.72
  SINCE JUN 1      7.52                      5.62   1.90     8.38
  SINCE JAN 1     13.87                     13.93  -0.06    17.05

SNOWFALL (IN)
  TODAY            0.0           0.0    MM   0.0    0.0      0.0
  MONTH TO DATE    0.0                       0.0    0.0      0.0
  SINCE JUN 1      0.0                       0.0    0.0      0.0
  SINCE JUL 1      0.0                       0.0    0.0      0.0
  SNOW DEPTH       0

DEGREE DAYS
 HEATING
  TODAY            0                         1     -1        0
  MONTH TO DATE    6                        13     -7       12
  SINCE JUN 1     39                        91    -52       40
  SINCE JUL 1      6                        13     -7       12

 COOLING
  TODAY            8                         6      2        9
  MONTH TO DATE   65                        77    -12       54
  SINCE JUN 1    173                       172      1      126
  SINCE JAN 1    204                       197      7      131
..................................................................


WIND (MPH)
  HIGHEST WIND SPEED    22   HIGHEST WIND DIRECTION     W (290)
  HIGHEST GUST SPEED    37   HIGHEST GUST DIRECTION     W (290)
  AVERAGE WIND SPEED    14.2


SKY COVER
  POSSIBLE SUNSHINE  MM
  AVERAGE SKY COVER 0.3


WEATHER CONDITIONS
 THE FOLLOWING WEATHER WAS RECORDED TODAY.
  NO SIGNIFICANT WEATHER WAS OBSERVED.


RELATIVE HUMIDITY (PERCENT)
 HIGHEST    87           600 AM
 LOWEST     42           500 PM
 AVERAGE    65

..........................................................


THE ST CLOUD MN CLIMATE NORMALS FOR TOMORROW
                         NORMAL    RECORD    YEAR
 MAXIMUM TEMPERATURE (F)   83       105      1936
 MINIMUM TEMPERATURE (F)   59        46      1987


SUNRISE AND SUNSET
JULY 13 2016..........SUNRISE   541 AM CDT   SUNSET   903 PM CDT
JULY 14 2016..........SUNRISE   542 AM CDT   SUNSET   902 PM CDT


-  INDICATES NEGATIVE NUMBERS.
R  INDICATES RECORD WAS SET OR TIED.
MM INDICATES DATA IS MISSING.
T  INDICATES TRACE AMOUNT.




$$
