000
CDUS43 KMPX 060126
CLISTC


CLIMATE REPORT
NATIONAL WEATHER SERVICE CHANHASSEN MN
825 PM CDT SUN JUL 5 2015


...................................

...THE ST CLOUD MN CLIMATE SUMMARY FOR JULY 5 2015...
VALID TODAY AS OF 0800 PM LOCAL TIME.

CLIMATE NORMAL PERIOD 1981 TO 2010
CLIMATE RECORD PERIOD 1893 TO 2015


WEATHER ITEM   OBSERVED TIME   RECORD YEAR NORMAL DEPARTURE LAST
                VALUE   (LST)  VALUE       VALUE  FROM      YEAR
                                                  NORMAL
..................................................................
TEMPERATURE (F)
 TODAY
  MAXIMUM         88    322 PM  98    1988  82      6       88
  MINIMUM         61    459 AM  43    1972  58      3       68
                                      1967
  AVERAGE         75                        70      5       78

PRECIPITATION (IN)
  TODAY            0.00          1.95 1949   0.12  -0.12     0.00
  MONTH TO DATE    0.00                      0.59  -0.59     0.05
  SINCE JUN 1      4.66                      4.76  -0.10     6.23
  SINCE JAN 1     13.33                     13.07   0.26    22.58

SNOWFALL (IN)
  TODAY            0.0           0.0    MM   0.0    0.0      0.0
  MONTH TO DATE    0.0                       0.0    0.0      0.0
  SINCE JUN 1      0.0                       0.0    0.0      0.0
  SINCE JUL 1      0.0                       0.0    0.0      0.0
  SNOW DEPTH       0

DEGREE DAYS
 HEATING
  TODAY            0                         1     -1        0
  MONTH TO DATE    2                         5     -3        0
  SINCE JUN 1     30                        83    -53       26
  SINCE JUL 1      2                         5     -3        0

 COOLING
  TODAY           10                         6      4       13
  MONTH TO DATE   17                        29    -12       18
  SINCE JUN 1     89                       124    -35      151
  SINCE JAN 1     94                       149    -55      195
..................................................................


WIND (MPH)
  HIGHEST WIND SPEED    20   HIGHEST WIND DIRECTION     S (180)
  HIGHEST GUST SPEED    25   HIGHEST GUST DIRECTION     S (170)
  AVERAGE WIND SPEED    10.1


SKY COVER
  POSSIBLE SUNSHINE  MM
  AVERAGE SKY COVER 0.1


WEATHER CONDITIONS
 THE FOLLOWING WEATHER WAS RECORDED TODAY.
  FOG
  HAZE


RELATIVE HUMIDITY (PERCENT)
 HIGHEST   100           500 AM
 LOWEST     55           400 PM
 AVERAGE    78

..........................................................


THE ST CLOUD MN CLIMATE NORMALS FOR TOMORROW
                         NORMAL    RECORD    YEAR
 MAXIMUM TEMPERATURE (F)   82       105      1936
 MINIMUM TEMPERATURE (F)   58        41      1942


SUNRISE AND SUNSET
JULY  5 2015..........SUNRISE   534 AM CDT   SUNSET   908 PM CDT
JULY  6 2015..........SUNRISE   534 AM CDT   SUNSET   907 PM CDT


-  INDICATES NEGATIVE NUMBERS.
R  INDICATES RECORD WAS SET OR TIED.
MM INDICATES DATA IS MISSING.
T  INDICATES TRACE AMOUNT.




$$
